000
CXUS54 KHGX 011415
CF6SGR
PRELIMINARY LOCAL CLIMATOLOGICAL DATA (WS FORM: F-6)

                                          STATION:   SUGAR LAND/HULL FLD
                                          MONTH:     JULY
                                          YEAR:      2015
                                          LATITUDE:   29 37 N
                                          LONGITUDE:  95 39 W

  TEMPERATURE IN F:       :PCPN:    SNOW:  WIND      :SUNSHINE: SKY     :PK WND
================================================================================
1   2   3   4   5  6A  6B    7    8   9   10  11  12  13   14  15   16   17  18
                                     12Z  AVG MX 2MIN
DY MAX MIN AVG DEP HDD CDD  WTR  SNW DPTH SPD SPD DIR MIN PSBL S-S WX    SPD DR
================================================================================

 1  87  71  79  -4   0  14 0.43  0.0    0  4.6 31 250   M    M   1 13     42 260
 2  92  70  81  -2   0  16 0.00  0.0    0  8.0 20 180   M    M   2        25 200
 3  92  73  83   0   0  18 0.00  0.0    0  8.0 20 170   M    M   2 13     24 160
 4  94  76  85   2   0  20 0.00  0.0    0  9.4 20 180   M    M   3 3      25 170
 5  93  78  86   3   0  21 0.00  0.0    0 11.0 20 170   M    M   6 1      27 160
 6  92  79  86   3   0  21 0.00  0.0    0 12.2 22 150   M    M   6 1      28 140
 7  93  79  86   3   0  21 0.00  0.0    0 12.3 23 170   M    M   6 13     29 170
 8  93  78  86   2   0  21 0.00  0.0    0 12.9 22 170   M    M   6 18     30 160
 9  94  74  84   0   0  19 0.00  0.0    0  9.9 20 160   M    M   5 1      23 180
10  95  72  84   0   0  19 0.00  0.0    0  6.8 17 170   M    M   2 1      21 150
11  95  73  84   0   0  19 0.00  0.0    0  6.9 17 160   M    M   2 1      21 150
12  95  72  84   0   0  19 0.00  0.0    0  6.2 14 170   M    M   3 18     17 200
13  95  72  84   0   0  19 0.00  0.0    0  7.4 15 190   M    M   2 18     20 190
14  95  74  85   1   0  20 0.00  0.0    0  7.3 18 170   M    M   1        22 200
15  95  73  84   0   0  19 0.00  0.0    0  7.9 17 170   M    M   2        22 190
16  95  74  85   1   0  20 0.00  0.0    0  7.6 18 150   M    M   1 1      22 140
17  94  73  84   0   0  19 0.00  0.0    0  8.1 28 160   M    M   1 1      32 160
18  97  77  87   3   0  22 0.00  0.0    0  8.2 16 180   M    M   1        22 160
19  97  73  85   1   0  20 0.00  0.0    0  6.2 16 170   M    M   2 1      19 170
20  96  73  85   1   0  20 0.00  0.0    0  6.9 18 170   M    M   2 1      21 180
21  97  74  86   2   0  21 0.00  0.0    0  7.7 18 180   M    M   2 1      24 170
22  97  76  87   3   0  22 0.00  0.0    0 10.0 23 160   M    M   2        28 180
23  98  76  87   3   0  22 0.00  0.0    0  8.9 18 170   M    M   1 1      27 160
24  98  73  86   2   0  21 0.00  0.0    0  7.5 17 160   M    M   2 1      21 170
25  98  72  85   1   0  20 0.00  0.0    0  5.1 16 160   M    M   2 1      20 160
26  99  74  87   3   0  22 0.00  0.0    0  5.4 18 150   M    M   2 1      21 150
27  97  75  86   2   0  21 0.00  0.0    0  5.6 17 170   M    M   2 1      20 170
28  98  73  86   2   0  21 0.00  0.0    0  7.3 20 150   M    M   1 18     24 150
29 100  72  86   2   0  21 0.00  0.0    0  4.2 18 150   M    M   2 12     22 150
30 101  77  89   5   0  24 0.00  0.0    0  3.2 17 360   M    M   2 1      21 360
31 100  75  88   4   0  23 0.00  0.0    0  5.8 18  30   M    M   1        24  50
================================================================================
SM 2962 2301         0 625  0.43     0.0 238.5          M       75
================================================================================
AV 95.5 74.2                               7.7 FASTST   M    M   2    MAX(MPH)
                                 MISC ---->  # 31 250               # 42  260
================================================================================
NOTES:
# LAST OF SEVERAL OCCURRENCES

COLUMN 17 PEAK WIND IN M.P.H.

PRELIMINARY LOCAL CLIMATOLOGICAL DATA (WS FORM: F-6) , PAGE 2

                                          STATION:  SUGAR LAND/HULL FLD
                                          MONTH:    JULY
                                          YEAR:     2015
                                          LATITUDE:   29 37 N
                                          LONGITUDE:  95 39 W

[TEMPERATURE DATA]      [PRECIPITATION DATA]       SYMBOLS USED IN COLUMN 16

AVERAGE MONTHLY: 84.9   TOTAL FOR MONTH:   0.43    1 = FOG OR MIST
DPTR FM NORMAL:   1.3   DPTR FM NORMAL:   -3.93    2 = FOG REDUCING VISIBILITY
HIGHEST:   101 ON 30    GRTST 24HR  0.72 ON 30- 1      TO 1/4 MILE OR LESS
LOWEST:     70 ON  2                               3 = THUNDER
                        SNOW, ICE PELLETS, HAIL    4 = ICE PELLETS
                        TOTAL MONTH:   0.0 INCH    5 = HAIL
                        GRTST 24HR     0.0         6 = FREEZING RAIN OR DRIZZLE
                        GRTST DEPTH:   0           7 = DUSTSTORM OR SANDSTORM:
                                                       VSBY 1/2 MILE OR LESS
                                                   8 = SMOKE OR HAZE
[NO. OF DAYS WITH]      [WEATHER - DAYS WITH]      9 = BLOWING SNOW
                                                   X = TORNADO
MAX 32 OR BELOW:   0    0.01 INCH OR MORE:   1
MAX 90 OR ABOVE:  30    0.10 INCH OR MORE:   1
MIN 32 OR BELOW:   0    0.50 INCH OR MORE:   0
MIN  0 OR BELOW:   0    1.00 INCH OR MORE:   0

[HDD (BASE 65) ]
TOTAL THIS MO.     0    CLEAR  (SCALE 0-3)  26
DPTR FM NORMAL     0    PTCLDY (SCALE 4-7)   5
TOTAL FM JUL 1     0    CLOUDY (SCALE 8-10)  0
DPTR FM NORMAL     0

[CDD (BASE 65) ]
TOTAL THIS MO.   625
DPTR FM NORMAL    48    [PRESSURE DATA]
TOTAL FM JAN 1  1839    HIGHEST SLP 30.15 ON 11
DPTR FM NORMAL   170    LOWEST  SLP 29.84 ON 21

[REMARKS]
#FINAL-07-15#
