000
CXUS54 KHGX 301415
CF6SGR
PRELIMINARY LOCAL CLIMATOLOGICAL DATA (WS FORM: F-6)

                                          STATION:   SUGAR LAND/HULL FLD
                                          MONTH:     MAY
                                          YEAR:      2016
                                          LATITUDE:   29 37 N
                                          LONGITUDE:  95 39 W

  TEMPERATURE IN F:       :PCPN:    SNOW:  WIND      :SUNSHINE: SKY     :PK WND
================================================================================
1   2   3   4   5  6A  6B    7    8   9   10  11  12  13   14  15   16   17  18
                                     12Z  AVG MX 2MIN
DY MAX MIN AVG DEP HDD CDD  WTR  SNW DPTH SPD SPD DIR MIN PSBL S-S WX    SPD DR
================================================================================

 1  85  73  79   6   0  14 0.01  0.0    0  8.3 20 100   M    M   9 1      25 120
 2  75  61  68  -5   0   3 0.04  0.0    0 12.2 25 360   M    M   8 1      33 360
 3  76  58  67  -6   0   2 0.00  0.0    0  9.9 18  30   M    M   3        22 360
 4  81  53  67  -7   0   2 0.00  0.0    0  4.9 16 330   M    M   0        23 320
 5  85  57  71  -3   0   6 0.00  0.0    0  5.5 16 330   M    M   0 1      22 320
 6  85  54  70  -4   0   5 0.00  0.0    0  4.8 13 160   M    M   0 1      17 170
 7  82  57  70  -4   0   5 0.00  0.0    0  7.8 20 140   M    M   0        25 150
 8  79  66  73  -2   0   8 0.00  0.0    0 11.4 24 160   M    M   2        29 160
 9  83  71  77   2   0  12 0.07  0.0    0 17.3 37 150   M    M   6        45 170
10  87  72  80   5   0  15 0.00  0.0    0 11.3 21 160   M    M   8 138    23 170
11  86  69  78   3   0  13 0.05  0.0    0  9.3 25 160   M    M   5 13     30 150
12  89  70  80   4   0  15 0.01  0.0    0  5.2 15 160   M    M   6 138    18 160
13  90  69  80   4   0  15 0.03  0.0    0  4.6 21 150   M    M   3 123    28 150
14  88  66  77   1   0  12 1.98  0.0    0  4.1 41 150   M    M   6 123    60 150
15  81  67  74  -2   0   9 1.39  0.0    0  6.2 29 120   M    M   4 13     38 130
16  75  66  71  -5   0   6 0.34  0.0    0  8.2 17 120   M    M   7 1      24 110
17  86  67  77   0   0  12 0.06  0.0    0  4.6 15  10   M    M   6 138    18  10
18  82  69  76  -1   0  11 0.04  0.0    0  9.7 18  10   M    M   3 3      24  20
19  73  65  69  -8   0   4 1.46  0.0    0 10.7 23  30   M    M  10 123    29  70
20  85  65  75  -2   0  10 0.00  0.0    0  5.8 13  10   M    M   3        16 350
21  86  71  79   1   0  14 0.17  0.0    0  5.1 22 140   M    M   8 13     30 130
22  85  73  79   1   0  14 0.00  0.0    0  7.4 17 140   M    M   6 1      23 150
23  85  72  79   1   0  14 0.13  0.0    0  8.0 17 140   M    M   5 1      24 140
24  87  74  81   3   0  16 0.01  0.0    0 11.6 22 150   M    M   5        27 140
25  89  77  83   5   0  18 0.00  0.0    0 12.7 23 170   M    M   7        27 190
26  84  71  78   0   0  13 0.17  0.0    0 12.0 28 150   M    M   9 13     34 150
27  85  66  76  -3   0  11 1.13  0.0    0 12.2 30 170   M    M   9 13     41 180
28  89  66  78  -1   0  13 0.00  0.0    0  8.2 16 140   M    M   1 1      21 170
29  88  70  79   0   0  14 0.00  0.0    0  6.8 15 160   M    M   1        21 170
================================================================================
SM 2431 1935         0 306  7.09     0.0 245.8          M      140
================================================================================
AV 83.8 66.7                               8.5 FASTST   M    M   5    MAX(MPH)
                                 MISC ---->  # 41 150               # 60  150
================================================================================
NOTES:
# LAST OF SEVERAL OCCURRENCES

COLUMN 17 PEAK WIND IN M.P.H.

PRELIMINARY LOCAL CLIMATOLOGICAL DATA (WS FORM: F-6) , PAGE 2

                                          STATION:  SUGAR LAND/HULL FLD
                                          MONTH:    MAY
                                          YEAR:     2016
                                          LATITUDE:   29 37 N
                                          LONGITUDE:  95 39 W

[TEMPERATURE DATA]      [PRECIPITATION DATA]       SYMBOLS USED IN COLUMN 16

AVERAGE MONTHLY: 75.3   TOTAL FOR MONTH:   7.09    1 = FOG OR MIST
DPTR FM NORMAL:  -0.9   DPTR FM NORMAL:    2.72    2 = FOG REDUCING VISIBILITY
HIGHEST:    90 ON 13    GRTST 24HR  2.94 ON 14-15      TO 1/4 MILE OR LESS
LOWEST:     53 ON  4                               3 = THUNDER
                        SNOW, ICE PELLETS, HAIL    4 = ICE PELLETS
                        TOTAL MONTH:   0.0 INCH    5 = HAIL
                        GRTST 24HR     0.0         6 = FREEZING RAIN OR DRIZZLE
                        GRTST DEPTH:   0           7 = DUSTSTORM OR SANDSTORM:
                                                       VSBY 1/2 MILE OR LESS
                                                   8 = SMOKE OR HAZE
[NO. OF DAYS WITH]      [WEATHER - DAYS WITH]      9 = BLOWING SNOW
                                                   X = TORNADO
MAX 32 OR BELOW:   0    0.01 INCH OR MORE:  17
MAX 90 OR ABOVE:   1    0.10 INCH OR MORE:   8
MIN 32 OR BELOW:   0    0.50 INCH OR MORE:   4
MIN  0 OR BELOW:   0    1.00 INCH OR MORE:   4

[HDD (BASE 65) ]
TOTAL THIS MO.     0    CLEAR  (SCALE 0-3)  10
DPTR FM NORMAL     0    PTCLDY (SCALE 4-7)  14
TOTAL FM JUL 1   940    CLOUDY (SCALE 8-10)  5
DPTR FM NORMAL  -479

[CDD (BASE 65) ]
TOTAL THIS MO.   306
DPTR FM NORMAL   -18    [PRESSURE DATA]
TOTAL FM JAN 1   611    HIGHEST SLP M ON M
DPTR FM NORMAL    46    LOWEST  SLP 29.71 ON 27

[REMARKS]
