000
CXUS54 KLZK 261330
CF6SGT
PRELIMINARY LOCAL CLIMATOLOGICAL DATA (WS FORM: F-6)

                                          STATION:   Stuttgart Airport
                                          MONTH:     MARCH
                                          YEAR:      2015
                                          LATITUDE:   34 35 N
                                          LONGITUDE:  91 34 W

  TEMPERATURE IN F:       :PCPN:    SNOW:  WIND      :SUNSHINE: SKY     :PK WND
================================================================================
1   2   3   4   5  6A  6B    7    8   9   10  11  12  13   14  15   16   17  18
                                     12Z  AVG MX 2MIN
DY MAX MIN AVG DEP HDD CDD  WTR  SNW DPTH SPD SPD DIR MIN PSBL S-S WX    SPD DR
================================================================================

 1  39  32  36 -12  29   0 0.26  0.0    0  8.7 13  20   M    M  10         M  M
 2  39  34  37 -11  28   0 0.03    M    0 12.8 21  30   M    M  10        23  20
 3  55  36  46  -3  19   0 0.05    M    0  6.2 13 180   M    M  10         M  M
 4  57  27  42  -7  23   0 1.42    M    0 17.2 29  20   M    M  10        37  10
 5  34  21  28 -21  37   0 0.01    M    0 15.6 31  10   M    M   4        38  10
 6  36  18  27 -23  38   0 0.00  0.0    0  4.8  9 180   M    M   0         M  M
 7  55  27  41  -9  24   0 0.00  0.0    0  8.7 14 180   M    M   0         M  M
 8  46  36  41  -9  24   0 0.37  0.0    0  6.5 12 180   M    M   8         M  M
 9  50  43  47  -4  18   0 0.30    M    0  7.9 13  80   M    M  10         M  M
10  57  48  53   2  12   0 0.21    M    0  6.0 14  80   M    M  10         M  M
11  63  50  57   6   8   0 0.00  0.0    0  6.9 12  20   M    M   7         M  M
12  57  50  54   3  11   0 1.05  0.0    0  9.3 13  30   M    M   9 13      M  M
13  66  57  62  10   3   0 0.74  0.0    0  9.1 17 170   M    M   9        24 170
14  63  55  59   7   6   0 0.03  0.0    0  8.3 13  10   M    M  10         M  M
15  70  52  61   9   4   0 0.00  0.0    0  6.3 14  30   M    M   2         M  M
16  73  50  62   9   3   0 0.00  0.0    0  7.1 15 210   M    M   5        18 250
17  75  54  65  12   0   0 0.00  0.0    0 10.2 22  30   M    M   1        25  30
18  54  45  50  -3  15   0 0.48    M    0 12.9 20  40   M    M  10        22  30
19  54  45  50  -3  15   0 0.00  0.0    0  6.3 10 350   M    M  10         M  M
20  61  48  55   1  10   0 0.83    M    0  7.7 12  10   M    M   6         M  M
21  57  48  53  -1  12   0 0.07    M    0  4.6  8 200   M    M   4         M  M
22  55  48  52  -2  13   0 1.00    M    0 11.0 17  20   M    M   9        21  20
23  72  46  59   4   6   0 0.00  0.0    0  5.5  8 350   M    M   0         M  M
24  73  52  63   8   2   0 0.00  0.0    0 11.9 20 150   M    M   0        25 150
25  77  57  67  12   0   2 0.00  0.0    0 12.4 22 160   M    M   2        29 160
================================================================================
SM 1438 1079       360   2  6.85     0.0 223.9          M      156
================================================================================
AV 57.5 43.2                               9.0 FASTST   M    M   6    MAX(MPH)
                                 MISC ---->    31   M               # 38   10
================================================================================
NOTES:
# LAST OF SEVERAL OCCURRENCES

COLUMN 17 PEAK WIND IN M.P.H.

PRELIMINARY LOCAL CLIMATOLOGICAL DATA (WS FORM: F-6) , PAGE 2

                                          STATION:  Stuttgart Airport
                                          MONTH:    MARCH
                                          YEAR:     2015
                                          LATITUDE:   34 35 N
                                          LONGITUDE:  91 34 W

[TEMPERATURE DATA]      [PRECIPITATION DATA]       SYMBOLS USED IN COLUMN 16

AVERAGE MONTHLY: 50.3   TOTAL FOR MONTH:   6.85    1 = FOG OR MIST
DPTR FM NORMAL:  -1.3   DPTR FM NORMAL:    2.88    2 = FOG REDUCING VISIBILITY
HIGHEST:    77 ON 25    GRTST 24HR  1.42 ON  4- 4      TO 1/4 MILE OR LESS
LOWEST:     18 ON  6                               3 = THUNDER
                        SNOW, ICE PELLETS, HAIL    4 = ICE PELLETS
                        TOTAL MONTH:   0.0 INCH    5 = HAIL
                        GRTST 24HR     0.0         6 = FREEZING RAIN OR DRIZZLE
                        GRTST DEPTH:   0           7 = DUSTSTORM OR SANDSTORM:
                                                       VSBY 1/2 MILE OR LESS
                                                   8 = SMOKE OR HAZE
[NO. OF DAYS WITH]      [WEATHER - DAYS WITH]      9 = BLOWING SNOW
                                                   X = TORNADO
MAX 32 OR BELOW:   0    0.01 INCH OR MORE:  15
MAX 90 OR ABOVE:   0    0.10 INCH OR MORE:  10
MIN 32 OR BELOW:   5    0.50 INCH OR MORE:   5
MIN  0 OR BELOW:   0    1.00 INCH OR MORE:   3

[HDD (BASE 65) ]
TOTAL THIS MO.   360    CLEAR  (SCALE 0-3)   7
DPTR FM NORMAL    20    PTCLDY (SCALE 4-7)   6
TOTAL FM JUL 1  3146    CLOUDY (SCALE 8-10) 12
DPTR FM NORMAL   197

[CDD (BASE 65) ]
TOTAL THIS MO.     2
DPTR FM NORMAL     1    [PRESSURE DATA]
TOTAL FM JAN 1     2    HIGHEST SLP M ON M
DPTR FM NORMAL     1    LOWEST  SLP M ON M

[REMARKS]
