819
CXUS54 KSHV 231300
CF6SHV
PRELIMINARY LOCAL CLIMATOLOGICAL DATA (WS FORM: F-6)

                                          STATION:   SHREVEPORT
                                          MONTH:     FEBRUARY
                                          YEAR:      2018
                                          LATITUDE:   32 28 N
                                          LONGITUDE:  93 49 W

  TEMPERATURE IN F:       :PCPN:    SNOW:  WIND      :SUNSHINE: SKY     :PK WND
================================================================================
1   2   3   4   5  6A  6B    7    8   9   10  11  12  13   14  15   16   17  18
                                     12Z  AVG MX 2MIN
DY MAX MIN AVG DEP HDD CDD  WTR  SNW DPTH SPD SPD DIR MIN PSBL S-S WX    SPD DR
================================================================================

 1  72  46  59  11   6   0 0.00  0.0    0 10.5 28  30   M    M   7 1      33  30
 2  54  36  45  -3  20   0 0.00  0.0    0 11.0 21  60   M    M   6        26  50
 3  50  34  42  -6  23   0 0.10  0.0    0  7.1 17 150   M    M  10 18     22 150
 4  66  46  56   8   9   0    T  0.0    0  5.0 17  10   M    M   5 12     23  30
 5  58  34  46  -3  19   0    T  0.0    0  7.7 15  60   M    M   4        18  50
 6  53  44  49   0  16   0 1.45  0.0    0  7.0 17  20   M    M   9 13     24  20
 7  44  35  40  -9  25   0 1.11  0.0    0  9.8 21 300   M    M   8 13     24 300
 8  61  29  45  -4  20   0 0.00  0.0    0  4.6 14  60   M    M   4        17  70
 9  60  39  50   1  15   0    T  0.0    0  4.1 10 150   M    M  10        12 150
10  66  39  53   3  12   0 0.45  0.0    0  5.9 15 300   M    M  10 12     18 300
11  39  32  36 -14  29   0 0.02  0.0    0 11.1 16 310   M    M  10 1      20 320
12  41  34  38 -12  27   0 0.00  0.0    0  9.4 18  40   M    M   7        23  40
13  45  35  40 -10  25   0 0.07  0.0    0  5.0 13  90   M    M  10 1      16  90
14  73  45  59   9   6   0 0.35  0.0    0  3.5 10 180   M    M   7 12     14 180
15  78  64  71  21   0   6 0.00  0.0    0 12.6 25 220   M    M   8        36 230
16  72  52  62  11   3   0 0.01  0.0    0  9.3 20 360   M    M   9 1      24 350
17  55  50  53   2  12   0 0.08  0.0    0  5.7 15  50   M    M  10 1      18  40
18  66  48  57   6   8   0 0.04    M    0  7.3 17 180   M    M   9 1      22 180
19  82  63  73  21   0   8 0.00  0.0    0 16.3 32 160   M    M   8        39 160
20  81  68  75  23   0  10    T  0.0    0 14.9 30 170   M    M   9        37 170
21  72  51  62  10   3   0 3.73  0.0    0 13.8 25  60   M    M   9 13     34 360
22  56  50  53   1  12   0 0.55  0.0    0  4.8 12  30   M    M  10 123     M  M
================================================================================
SM 1344  974       290  24  7.96     0.0 186.4          M      179
================================================================================
AV 61.1 44.3                               8.5 FASTST   M    M   8    MAX(MPH)
                                 MISC ---->  # 32 160               # 39  160
================================================================================
NOTES:
# LAST OF SEVERAL OCCURRENCES

COLUMN 17 PEAK WIND IN M.P.H.

PRELIMINARY LOCAL CLIMATOLOGICAL DATA (WS FORM: F-6) , PAGE 2

                                          STATION:  SHREVEPORT
                                          MONTH:    FEBRUARY
                                          YEAR:     2018
                                          LATITUDE:   32 28 N
                                          LONGITUDE:  93 49 W

[TEMPERATURE DATA]      [PRECIPITATION DATA]       SYMBOLS USED IN COLUMN 16

AVERAGE MONTHLY: 52.7   TOTAL FOR MONTH:   7.96    1 = FOG OR MIST
DPTR FM NORMAL:   2.8   DPTR FM NORMAL:    4.18    2 = FOG REDUCING VISIBILITY
HIGHEST:    82 ON 19    GRTST 24HR  3.73 ON 21-21      TO 1/4 MILE OR LESS
LOWEST:     29 ON  8                               3 = THUNDER
                        SNOW, ICE PELLETS, HAIL    4 = ICE PELLETS
                        TOTAL MONTH:   0.0 INCH    5 = HAIL
                        GRTST 24HR     0.0         6 = FREEZING RAIN OR DRIZZLE
                        GRTST DEPTH:   0           7 = DUSTSTORM OR SANDSTORM:
                                                       VSBY 1/2 MILE OR LESS
                                                   8 = SMOKE OR HAZE
[NO. OF DAYS WITH]      [WEATHER - DAYS WITH]      9 = BLOWING SNOW
                                                   X = TORNADO
MAX 32 OR BELOW:   0    0.01 INCH OR MORE:  12
MAX 90 OR ABOVE:   0    0.10 INCH OR MORE:   7
MIN 32 OR BELOW:   2    0.50 INCH OR MORE:   4
MIN  0 OR BELOW:   0    1.00 INCH OR MORE:   3

[HDD (BASE 65) ]
TOTAL THIS MO.   290    CLEAR  (SCALE 0-3)   0
DPTR FM NORMAL   -46    PTCLDY (SCALE 4-7)   8
TOTAL FM JUL 1  1737    CLOUDY (SCALE 8-10) 14
DPTR FM NORMAL   -71

[CDD (BASE 65) ]
TOTAL THIS MO.    24
DPTR FM NORMAL    24    [PRESSURE DATA]
TOTAL FM JAN 1    27    HIGHEST SLP M ON M
DPTR FM NORMAL    23    LOWEST  SLP 29.79 ON 10

[REMARKS]
