000
CXUS56 KMFR 231000
CF6SIY
PRELIMINARY LOCAL CLIMATOLOGICAL DATA (WS FORM: F-6)

                                          STATION:   MONTAGUE CA
                                          MONTH:     JANUARY
                                          YEAR:      2018
                                          LATITUDE:   41 46 N
                                          LONGITUDE: 122 28 W

  TEMPERATURE IN F:       :PCPN:    SNOW:  WIND      :SUNSHINE: SKY     :PK WND
================================================================================
1   2   3   4   5  6A  6B    7    8   9   10  11  12  13   14  15   16   17  18
                                     12Z  AVG MX 2MIN
DY MAX MIN AVG DEP HDD CDD  WTR  SNW DPTH SPD SPD DIR MIN PSBL S-S WX    SPD DR
================================================================================

 1  40  35  38   3  27   0 0.00    M    M  4.0  8 160   M    M  10 1      14  30
 2  36  26  31  -4  34   0    T    M    M  2.5  8 130   M    M   8 12      9 130
 3  47  28  38   3  27   0    T    M    M  4.2 18 360   M    M   6 12     20 360
 4  58  33  46  11  19   0    T    M    M  8.1 23 180   M    M   3        27 180
 5  60  38  49  14  16   0    T    M    M  8.8 23 210   M    M   7        32 200
 6  51  26  39   4  26   0 0.00    M    M  4.4 15 350   M    M   5        18 360
 7  43  20  32  -3  33   0 0.00    M    M  2.6 12  40   M    M   3 12     12  40
 8  48  31  40   5  25   0 0.04    M    M  7.8 13  40   M    M   8        14 360
 9  51  36  44   9  21   0 0.02    M    M  6.8 17  30   M    M   9        20  40
10  46  33  40   5  25   0 0.12    M    M  3.6 10  40   M    M   8 1      12  10
11  60  32  46  11  19   0    T    M    M  7.0 30 240   M    M   7 1      37 170
12  54  29  42   7  23   0 0.00    M    M  2.1 10  40   M    M   1        12  40
13  53  23  38   3  27   0 0.00    M    M  0.6  7 190   M    M   1 12      9 190
14  52  23  38   3  27   0    T    M    M  2.4 13  40   M    M   2 12     13  40
15  61  29  45  10  20   0 0.14    M    M 11.2 35 170   M    M   4 1      44 170
16  51  32  42   7  23   0 0.11    M    M  3.1 16 120   M    M   3 12     18 190
17  61  36  49  14  16   0 0.00    M    M 14.3 35 170   M    M   3 1      42 170
18  53  35  44   9  21   0 0.50    M    M  8.4 35 170   M    M  10 1      40 170
19  44  27  36   1  29   0    T    M    M  2.7 12 310   M    M   5 1      15 300
20  45  25  35   0  30   0 0.00    M    M  1.6  8 120   M    M   4         8 120
21  44  26  35   0  30   0 0.07    M    M  9.2 28 170   M    M   9        35 170
22  45  26  36   1  29   0 0.01    M    M  2.2  9  10   M    M   6        10  10
================================================================================
SM 1103  649       547   0  1.01    M    117.6          M      122
================================================================================
AV 50.1 29.5                               5.3 FASTST   M    M   6    MAX(MPH)
                                 MISC ---->  # 35 170               # 44  170
================================================================================
NOTES:
# LAST OF SEVERAL OCCURRENCES

COLUMN 17 PEAK WIND IN M.P.H.

PRELIMINARY LOCAL CLIMATOLOGICAL DATA (WS FORM: F-6) , PAGE 2

                                          STATION:  MONTAGUE CA
                                          MONTH:    JANUARY
                                          YEAR:     2018
                                          LATITUDE:   41 46 N
                                          LONGITUDE: 122 28 W

[TEMPERATURE DATA]      [PRECIPITATION DATA]       SYMBOLS USED IN COLUMN 16

AVERAGE MONTHLY: 39.8   TOTAL FOR MONTH:   1.01    1 = FOG OR MIST
DPTR FM NORMAL:   4.8   DPTR FM NORMAL:   -0.81    2 = FOG REDUCING VISIBILITY
HIGHEST:    61 ON 17,15 GRTST 24HR  0.50 ON 18-18      TO 1/4 MILE OR LESS
LOWEST:     20 ON  7                               3 = THUNDER
                        SNOW, ICE PELLETS, HAIL    4 = ICE PELLETS
                        TOTAL MONTH:    M          5 = HAIL
                        GRTST 24HR    M  ON   M    6 = FREEZING RAIN OR DRIZZLE
                        GRTST DEPTH:  M  ON   M    7 = DUSTSTORM OR SANDSTORM:
                                                       VSBY 1/2 MILE OR LESS
                                                   8 = SMOKE OR HAZE
[NO. OF DAYS WITH]      [WEATHER - DAYS WITH]      9 = BLOWING SNOW
                                                   X = TORNADO
MAX 32 OR BELOW:   0    0.01 INCH OR MORE:   8
MAX 90 OR ABOVE:   0    0.10 INCH OR MORE:   4
MIN 32 OR BELOW:  15    0.50 INCH OR MORE:   1
MIN  0 OR BELOW:   0    1.00 INCH OR MORE:   0

[HDD (BASE 65) ]
TOTAL THIS MO.   547    CLEAR  (SCALE 0-3)   7
DPTR FM NORMAL  -113    PTCLDY (SCALE 4-7)  10
TOTAL FM JUL 1  2784    CLOUDY (SCALE 8-10)  5
DPTR FM NORMAL  -109

[CDD (BASE 65) ]
TOTAL THIS MO.     0
DPTR FM NORMAL     0    [PRESSURE DATA]
TOTAL FM JAN 1     0    HIGHEST SLP M ON M
DPTR FM NORMAL     0    LOWEST  SLP 29.64 ON  9

[REMARKS]
