170
CXUS56 KMTR 271000
CF6SJC
PRELIMINARY LOCAL CLIMATOLOGICAL DATA (WS FORM: F-6)

                                          STATION:   SAN JOSE AIRPORT
                                          MONTH:     JUNE
                                          YEAR:      2017
                                          LATITUDE:   37 21 N
                                          LONGITUDE: 121 55 W

  TEMPERATURE IN F:       :PCPN:    SNOW:  WIND      :SUNSHINE: SKY     :PK WND
================================================================================
1   2   3   4   5  6A  6B    7    8   9   10  11  12  13   14  15   16   17  18
                                     12Z  AVG MX 2MIN
DY MAX MIN AVG DEP HDD CDD  WTR  SNW DPTH SPD SPD DIR MIN PSBL S-S WX    SPD DR
================================================================================

 1  76  57  67   1   0   2 0.00  0.0    0  8.1 21 310   M    M   5        27 300
 2  80  54  67   1   0   2 0.00  0.0    0  7.1 21 310   M    M   3        24 300
 3  76  55  66   0   0   1 0.00  0.0    0  7.1 17 310   M    M   3        25 270
 4  75  54  65  -1   0   0 0.00  0.0    0  7.2 21 310   M    M   1        25 350
 5  81  51  66   0   0   1 0.00  0.0    0  6.3 18 300   M    M   3        22 310
 6  73  54  64  -2   1   0 0.00  0.0    0  7.4 18 300   M    M   2 18     23 280
 7  75  53  64  -2   1   0 0.00  0.0    0  6.5 18 300   M    M   6 8      22 290
 8  72  60  66  -1   0   1    T  0.0    0  7.7 16 120   M    M   8        20 130
 9  71  54  63  -4   2   0 0.02  0.0    0 10.6 22 310   M    M   8 18     28 310
10  71  52  62  -5   3   0 0.00  0.0    0 12.1 22 310   M    M   4        29 310
11  69  53  61  -6   4   0    T  0.0    0 12.3 24 280   M    M   4        29 290
12  72  53  63  -4   2   0 0.00  0.0    0  7.9 20 320   M    M   5        31 320
13  79  52  66  -1   0   1 0.00  0.0    0  7.7 21 320   M    M   0        25 310
14  83  54  69   2   0   4 0.00  0.0    0  8.4 22 310   M    M   1        28 300
15  81  55  68   0   0   3 0.00  0.0    0  9.0 21 300   M    M   2        28 320
16  87  62  75   7   0  10 0.00  0.0    0  7.7 20 310   M    M   1        23 310
17  89  62  76   8   0  11 0.00  0.0    0  6.8 17 290   M    M   2        22 300
18 103  70  87  19   0  22 0.00  0.0    0  5.2 18 300   M    M   1        22 310
19  94  67  81  13   0  16 0.00  0.0    0  7.3 17 290   M    M   1        21 290
20  88  61  75   7   0  10 0.00  0.0    0  8.0 17 300   M    M   1        23 310
21  91  59  75   7   0  10 0.00  0.0    0  5.7 18 300   M    M   1        22 300
22  96  67  82  14   0  17 0.00  0.0    0  5.9 17 290   M    M   0        19 290
23  83  62  73   5   0   8 0.00  0.0    0  8.1 16 300   M    M   1        20 280
24  78  61  70   1   0   5 0.00  0.0    0  6.7 16 300   M    M   8        19 310
25  74  61  68  -1   0   3 0.00  0.0    0  8.1 18 300   M    M   5        22 330
26  76  60  68  -1   0   3 0.00  0.0    0  9.6 18 320   M    M   4        24 310
================================================================================
SM 2093 1503        13 130  0.02     0.0 204.5          M       80
================================================================================
AV 80.5 57.8                               7.9 FASTST   M    M   3    MAX(MPH)
                                 MISC ---->  # 24 280               # 31  320
================================================================================
NOTES:
# LAST OF SEVERAL OCCURRENCES

COLUMN 17 PEAK WIND IN M.P.H.

PRELIMINARY LOCAL CLIMATOLOGICAL DATA (WS FORM: F-6) , PAGE 2

                                          STATION:  SAN JOSE AIRPORT
                                          MONTH:    JUNE
                                          YEAR:     2017
                                          LATITUDE:   37 21 N
                                          LONGITUDE: 121 55 W

[TEMPERATURE DATA]      [PRECIPITATION DATA]       SYMBOLS USED IN COLUMN 16

AVERAGE MONTHLY: 69.2   TOTAL FOR MONTH:   0.02    1 = FOG OR MIST
DPTR FM NORMAL:   1.8   DPTR FM NORMAL:   -0.07    2 = FOG REDUCING VISIBILITY
HIGHEST:   103 ON 18    GRTST 24HR  0.02 ON  9- 9      TO 1/4 MILE OR LESS
LOWEST:     51 ON  5                               3 = THUNDER
                        SNOW, ICE PELLETS, HAIL    4 = ICE PELLETS
                        TOTAL MONTH:   0.0 INCH    5 = HAIL
                        GRTST 24HR     0.0         6 = FREEZING RAIN OR DRIZZLE
                        GRTST DEPTH:   0           7 = DUSTSTORM OR SANDSTORM:
                                                       VSBY 1/2 MILE OR LESS
                                                   8 = SMOKE OR HAZE
[NO. OF DAYS WITH]      [WEATHER - DAYS WITH]      9 = BLOWING SNOW
                                                   X = TORNADO
MAX 32 OR BELOW:   0    0.01 INCH OR MORE:   1
MAX 90 OR ABOVE:   4    0.10 INCH OR MORE:   0
MIN 32 OR BELOW:   0    0.50 INCH OR MORE:   0
MIN  0 OR BELOW:   0    1.00 INCH OR MORE:   0

[HDD (BASE 65) ]
TOTAL THIS MO.    13    CLEAR  (SCALE 0-3)  15
DPTR FM NORMAL   -12    PTCLDY (SCALE 4-7)  10
TOTAL FM JUL 1  1865    CLOUDY (SCALE 8-10)  1
DPTR FM NORMAL  -394

[CDD (BASE 65) ]
TOTAL THIS MO.   130
DPTR FM NORMAL    48    [PRESSURE DATA]
TOTAL FM JAN 1   203    HIGHEST SLP M ON M
DPTR FM NORMAL    58    LOWEST  SLP 29.66 ON 22

[REMARKS]
