000
CXUS54 KSJT 171210
CF6SJT
PRELIMINARY LOCAL CLIMATOLOGICAL DATA (WS FORM: F-6)

                                          STATION:   SAN ANGELO
                                          MONTH:     NOVEMBER
                                          YEAR:      2017
                                          LATITUDE:   31 21 N
                                          LONGITUDE: 100 30 W

  TEMPERATURE IN F:       :PCPN:    SNOW:  WIND      :SUNSHINE: SKY     :PK WND
================================================================================
1   2   3   4   5  6A  6B    7    8   9   10  11  12  13   14  15   16   17  18
                                     12Z  AVG MX 2MIN
DY MAX MIN AVG DEP HDD CDD  WTR  SNW DPTH SPD SPD DIR MIN PSBL S-S WX    SPD DR
================================================================================

 1  88  36  62   1   3   0 0.00  0.0    0 11.6 28 260   M    M   0        33 240
 2  92  54  73  12   0   8 0.00  0.0    0 10.3 26 260   M    M   0        31 260
 3  88  46  67   7   0   2 0.00  0.0    0  5.5 15 180   M    M   0        21 170
 4  91  65  78  18   0  13 0.00  0.0    0  9.2 20 200   M    M   3 18     24 200
 5  90  63  77  17   0  12 0.00  0.0    0  9.4 18 220   M    M   1 18     24 220
 6  91  62  77  18   0  12 0.00  0.0    0  4.6 12  50   M    M   3 128    14  60
 7  65  51  58  -1   7   0 0.00  0.0    0 11.1 21  40   M    M   5        25  30
 8  51  38  45 -13  20   0 0.98    M    0 11.4 21  10   M    M  10 13     25  40
 9  58  33  46 -12  19   0 0.00  0.0    0  2.6  8 110   M    M   3 1      11  40
10  61  40  51  -7  14   0 0.00  0.0    0  7.0 13 180   M    M   8 1      16 190
11  71  57  64   7   1   0 0.00  0.0    0 13.6 24 200   M    M  10        32 190
12  70  57  64   7   1   0 0.00  0.0    0  8.1 22 200   M    M  10        30 200
13  63  55  59   3   6   0    T  0.0    0  4.8 12  30   M    M  10 12     14  30
14  79  56  68  12   0   3 0.00  0.0    0 12.3 23 210   M    M   5 1      30 210
15  74  59  67  11   0   2 0.00  0.0    0 12.2 22 350   M    M   7 18     27 210
16  78  59  69  14   0   4 0.00  0.0    0  5.1 15 180   M    M   5        20 160
================================================================================
SM 1210  831        71  56  0.98     0.0 138.8          M       80
================================================================================
AV 75.6 51.9                               8.7 FASTST   M    M   5    MAX(MPH)
                                 MISC ---->  # 28 260               # 33  240
================================================================================
NOTES:
# LAST OF SEVERAL OCCURRENCES

COLUMN 17 PEAK WIND IN M.P.H.

PRELIMINARY LOCAL CLIMATOLOGICAL DATA (WS FORM: F-6) , PAGE 2

                                          STATION:  SAN ANGELO
                                          MONTH:    NOVEMBER
                                          YEAR:     2017
                                          LATITUDE:   31 21 N
                                          LONGITUDE: 100 30 W

[TEMPERATURE DATA]      [PRECIPITATION DATA]       SYMBOLS USED IN COLUMN 16

AVERAGE MONTHLY: 63.8   TOTAL FOR MONTH:   0.98    1 = FOG OR MIST
DPTR FM NORMAL:   5.6   DPTR FM NORMAL:    0.24    2 = FOG REDUCING VISIBILITY
HIGHEST:    92 ON  2    GRTST 24HR  0.98 ON  7- 8      TO 1/4 MILE OR LESS
LOWEST:     33 ON  9                               3 = THUNDER
                        SNOW, ICE PELLETS, HAIL    4 = ICE PELLETS
                        TOTAL MONTH:   0.0 INCH    5 = HAIL
                        GRTST 24HR     0.0         6 = FREEZING RAIN OR DRIZZLE
                        GRTST DEPTH:   0           7 = DUSTSTORM OR SANDSTORM:
                                                       VSBY 1/2 MILE OR LESS
                                                   8 = SMOKE OR HAZE
[NO. OF DAYS WITH]      [WEATHER - DAYS WITH]      9 = BLOWING SNOW
                                                   X = TORNADO
MAX 32 OR BELOW:   0    0.01 INCH OR MORE:   1
MAX 90 OR ABOVE:   4    0.10 INCH OR MORE:   1
MIN 32 OR BELOW:   0    0.50 INCH OR MORE:   1
MIN  0 OR BELOW:   0    1.00 INCH OR MORE:   0

[HDD (BASE 65) ]
TOTAL THIS MO.    71    CLEAR  (SCALE 0-3)   7
DPTR FM NORMAL   -55    PTCLDY (SCALE 4-7)   4
TOTAL FM JUL 1   174    CLOUDY (SCALE 8-10)  5
DPTR FM NORMAL   -43

[CDD (BASE 65) ]
TOTAL THIS MO.    56
DPTR FM NORMAL    41    [PRESSURE DATA]
TOTAL FM JAN 1  2862    HIGHEST SLP M ON M
DPTR FM NORMAL   363    LOWEST  SLP 29.64 ON  1

[REMARKS]
