000
CXUS56 KPQR 291200
CF6SLE
PRELIMINARY LOCAL CLIMATOLOGICAL DATA (WS FORM: F-6)

                                          STATION:   SALEM OR
                                          MONTH:     APRIL
                                          YEAR:      2016
                                          LATITUDE:   44 55 N
                                          LONGITUDE: 123  0 W

  TEMPERATURE IN F:       :PCPN:    SNOW:  WIND      :SUNSHINE: SKY     :PK WND
================================================================================
1   2   3   4   5  6A  6B    7    8   9   10  11  12  13   14  15   16   17  18
                                     12Z  AVG MX 2MIN
DY MAX MIN AVG DEP HDD CDD  WTR  SNW DPTH SPD SPD DIR MIN PSBL S-S WX    SPD DR
================================================================================

 1  77  42  60  11   5   0 0.00  0.0    0  2.0 10 280   M    M   0        14 280
 2  71  42  57   8   8   0 0.00  0.0    0  1.8  8 310   M    M   0        10  30
 3  72  43  58   9   7   0    M    M    M  5.2 15 180   M    M   M         M  M
 4  59   M   M   M   M   M    M    M    0  9.7 16 240   M    M   3        25 240
 5  62  41  52   3  13   0 0.00  0.0    0  4.3 12 360   M    M   3        14  60
 6  73  38  56   7   9   0 0.00  0.0    0  5.9 15 360   M    M   0 1      19 360
 7  87  45  66  17   0   1 0.00  0.0    0  2.5 12 310   M    M   0        14 300
 8  81  49  65  16   0   0 0.00    M    0  4.3 13 290   M    M   0        16 290
 9  67  47  57   8   8   0 0.00  0.0    0  5.3 12 270   M    M   5        13 210
10  62  47  55   5  10   0 0.00  0.0    0  2.8 12 290   M    M   7        16 280
11  62  50  56   6   9   0 0.00  0.0    0  4.5 14 210   M    M   8        18 210
12  60  47  54   4  11   0 0.11    M    0 10.7 25 260   M    M   9        35 250
13  61  46  54   4  11   0 0.17    M    0 10.9 22 190   M    M   6 1      29 200
14  56  43  50   0  15   0 0.72    M    0 15.2 29 180   M    M   8 1      40 220
15  63  39  51   1  14   0    T    M    0  3.1 10 140   M    M   4 1      15 130
16  69  41  55   5  10   0 0.00  0.0    0  3.0 10  10   M    M   1        12  10
17  84  44  64  14   1   0 0.00  0.0    0  5.3 15 360   M    M   0        19 340
18  88  48  68  18   0   3 0.00  0.0    0  3.6 10 330   M    M   0        12 330
19  85  51  68  17   0   3 0.00  0.0    0  3.0 12 300   M    M   0 8      15 300
20  78  48  63  12   2   0 0.00  0.0    0  5.5 16 250   M    M   0        19 250
21  76  46  61  10   4   0 0.30    M    0  5.4 18 260   M    M   2 13     25 260
22  66  49  58   7   7   0 0.36    M    0  7.4 20 260   M    M   7 1      32 210
23  61  47  54   3  11   0 0.14    M    0  9.3 21 180   M    M   7 1      25 190
24  56  42  49  -3  16   0 0.15    M    0  5.8 22 300   M    M   9        28 310
25  61  38  50  -2  15   0    T    M    0  5.2 22 310   M    M   6 12     24 300
26  60  35  48  -4  17   0 0.01    M    0  2.8 12 180   M    M   4        13 190
27  61  47  54   2  11   0 0.05    M    0  3.4 10 300   M    M   8        13 300
28  64  45  55   3  10   0 0.00  0.0    0  4.0 13 280   M    M   8        16 280
================================================================================
SM 1922 1200       224   7  2.01     0.0 151.9          M      105
================================================================================
AV 68.6 44.4                               5.4 FASTST   M    M   4    MAX(MPH)
                                 MISC ---->  # 29 180               # 40  220
================================================================================
NOTES:
# LAST OF SEVERAL OCCURRENCES

COLUMN 17 PEAK WIND IN M.P.H.

PRELIMINARY LOCAL CLIMATOLOGICAL DATA (WS FORM: F-6) , PAGE 2

                                          STATION:  SALEM OR
                                          MONTH:    APRIL
                                          YEAR:     2016
                                          LATITUDE:   44 55 N
                                          LONGITUDE: 123  0 W

[TEMPERATURE DATA]      [PRECIPITATION DATA]       SYMBOLS USED IN COLUMN 16

AVERAGE MONTHLY: 56.5   TOTAL FOR MONTH:   2.01    1 = FOG OR MIST
DPTR FM NORMAL:   6.3   DPTR FM NORMAL:   -0.66    2 = FOG REDUCING VISIBILITY
HIGHEST:    88 ON 18    GRTST 24HR  0.84 ON 13-14      TO 1/4 MILE OR LESS
LOWEST:     35 ON 26                               3 = THUNDER
                        SNOW, ICE PELLETS, HAIL    4 = ICE PELLETS
                        TOTAL MONTH:   0.0 INCH    5 = HAIL
                        GRTST 24HR     0.0         6 = FREEZING RAIN OR DRIZZLE
                        GRTST DEPTH:   0           7 = DUSTSTORM OR SANDSTORM:
                                                       VSBY 1/2 MILE OR LESS
                                                   8 = SMOKE OR HAZE
[NO. OF DAYS WITH]      [WEATHER - DAYS WITH]      9 = BLOWING SNOW
                                                   X = TORNADO
MAX 32 OR BELOW:   0    0.01 INCH OR MORE:   9
MAX 90 OR ABOVE:   0    0.10 INCH OR MORE:   7
MIN 32 OR BELOW:   0    0.50 INCH OR MORE:   1
MIN  0 OR BELOW:   0    1.00 INCH OR MORE:   0

[HDD (BASE 65) ]
TOTAL THIS MO.   224    CLEAR  (SCALE 0-3)  13
DPTR FM NORMAL  -191    PTCLDY (SCALE 4-7)  10
TOTAL FM JUL 1  3358    CLOUDY (SCALE 8-10)  4
DPTR FM NORMAL  -860

[CDD (BASE 65) ]
TOTAL THIS MO.     7
DPTR FM NORMAL     7    [PRESSURE DATA]
TOTAL FM JAN 1     7    HIGHEST SLP M ON M
DPTR FM NORMAL     7    LOWEST  SLP 29.58 ON 22

[REMARKS]
