000
CXUS53 KICT 230800
CF6SLN
PRELIMINARY LOCAL CLIMATOLOGICAL DATA (WS FORM: F-6)

                                          STATION:   SALINA KS
                                          MONTH:     AUGUST
                                          YEAR:      2016
                                          LATITUDE:   38 47 N
                                          LONGITUDE:  97 39 W

  TEMPERATURE IN F:       :PCPN:    SNOW:  WIND      :SUNSHINE: SKY     :PK WND
================================================================================
1   2   3   4   5  6A  6B    7    8   9   10  11  12  13   14  15   16   17  18
                                     12Z  AVG MX 2MIN
DY MAX MIN AVG DEP HDD CDD  WTR  SNW DPTH SPD SPD DIR MIN PSBL S-S WX    SPD DR
================================================================================

 1 103  78  91  10   0  26 0.00    M    M 14.9 22 170   M    M   0        28 160
 2  90  76  83   2   0  18 0.10    M    M  8.9 22 140   M    M   1 3      26 190
 3 104  77  91  10   0  26 0.00    M    M  9.7 22 210   M    M   0        28 200
 4 100  77  89   8   0  24 0.19    M    M 10.2 24 210   M    M   3 13     29 200
 5  78  69  74  -7   0   9 0.06    M    M  8.3 16  70   M    M   9 13     25  50
 6  78  71  75  -6   0  10 0.01    M    M  7.2 18  80   M    M   8 1      24  80
 7  79  70  75  -6   0  10 0.33    M    M  7.0 25 220   M    M   8 13     32 160
 8  86  70  78  -3   0  13 0.00    M    M  5.7 10  90   M    M   7        13  70
 9  97  73  85   4   0  20 0.00    M    M  9.3 17 190   M    M   1        23 200
10  98  75  87   6   0  22 0.00    M    M 13.3 24 160   M    M   0        32 190
11 103  76  90  10   0  25 0.31  0.0    M 12.7 26 330   M    M   1 13     33 340
12  88  70  79  -1   0  14 0.01  0.0    M 10.1 23 340   M    M   3 1      27 330
13  92  66  79  -1   0  14 0.00  0.0    M  6.5 13  30   M    M   0        18  20
14  91  68  80   0   0  15 0.00    M    M  6.4 14  70   M    M   0        19  70
15  90  70  80   0   0  15 0.00    M    M  6.7 15 160   M    M   1        20 160
16  98  65  82   2   0  17 0.00    M    M 10.7 24 200   M    M   0        30 200
17  99  69  84   4   0  19 0.00    M    M 11.0 22 190   M    M   0        27 200
18  96  68  82   2   0  17 0.00    M    M 10.4 20 200   M    M   0        27 160
19  95  69  82   2   0  17 0.62    M    M  9.2 43 330   M    M   2 13     53 340
20  79  58  69 -10   0   4 0.00    M    M 11.5 23 350   M    M   3        29 340
21  86  53  70  -9   0   5 0.00    M    M  6.7 18 160   M    M   0 18     22 150
22  88  61  75  -4   0  10 0.00    M    M 13.1 25 200   M    M   0        32 170
================================================================================
SM 2018 1529         0 350  1.63     0.0 209.5          M       47
================================================================================
AV 91.7 69.5                               9.5 FASTST   M    M   2    MAX(MPH)
                                 MISC ---->  # 43 330               # 53  340
================================================================================
NOTES:
# LAST OF SEVERAL OCCURRENCES

COLUMN 17 PEAK WIND IN M.P.H.

PRELIMINARY LOCAL CLIMATOLOGICAL DATA (WS FORM: F-6) , PAGE 2

                                          STATION:  SALINA KS
                                          MONTH:    AUGUST
                                          YEAR:     2016
                                          LATITUDE:   38 47 N
                                          LONGITUDE:  97 39 W

[TEMPERATURE DATA]      [PRECIPITATION DATA]       SYMBOLS USED IN COLUMN 16

AVERAGE MONTHLY: 80.6   TOTAL FOR MONTH:   1.63    1 = FOG OR MIST
DPTR FM NORMAL:   0.3   DPTR FM NORMAL:   -1.23    2 = FOG REDUCING VISIBILITY
HIGHEST:   104 ON  3    GRTST 24HR  0.62 ON 19-19      TO 1/4 MILE OR LESS
LOWEST:     53 ON 21                               3 = THUNDER
                        SNOW, ICE PELLETS, HAIL    4 = ICE PELLETS
                        TOTAL MONTH:   0.0 INCH    5 = HAIL
                        GRTST 24HR     0.0         6 = FREEZING RAIN OR DRIZZLE
                        GRTST DEPTH:  M  ON   M    7 = DUSTSTORM OR SANDSTORM:
                                                       VSBY 1/2 MILE OR LESS
                                                   8 = SMOKE OR HAZE
[NO. OF DAYS WITH]      [WEATHER - DAYS WITH]      9 = BLOWING SNOW
                                                   X = TORNADO
MAX 32 OR BELOW:   0    0.01 INCH OR MORE:   8
MAX 90 OR ABOVE:  14    0.10 INCH OR MORE:   5
MIN 32 OR BELOW:   0    0.50 INCH OR MORE:   1
MIN  0 OR BELOW:   0    1.00 INCH OR MORE:   0

[HDD (BASE 65) ]
TOTAL THIS MO.     0    CLEAR  (SCALE 0-3)  17
DPTR FM NORMAL     0    PTCLDY (SCALE 4-7)   4
TOTAL FM JUL 1     0    CLOUDY (SCALE 8-10)  1
DPTR FM NORMAL     0

[CDD (BASE 65) ]
TOTAL THIS MO.   350
DPTR FM NORMAL    12    [PRESSURE DATA]
TOTAL FM JAN 1  1555    HIGHEST SLP M ON M
DPTR FM NORMAL   263    LOWEST  SLP 29.67 ON 19

[REMARKS]
