000
CXUS55 KLOX 291655
CF6SMO
PRELIMINARY LOCAL CLIMATOLOGICAL DATA (WS FORM: F-6)

                                          STATION:   SANTA MONICA AIRPORT CA
                                          MONTH:     JULY
                                          YEAR:      2015
                                          LATITUDE:   34  0 N
                                          LONGITUDE: 118 27 W

  TEMPERATURE IN F:       :PCPN:    SNOW:  WIND      :SUNSHINE: SKY     :PK WND
================================================================================
1   2   3   4   5  6A  6B    7    8   9   10  11  12  13   14  15   16   17  18
                                     12Z  AVG MX 2MIN
DY MAX MIN AVG DEP HDD CDD  WTR  SNW DPTH SPD SPD DIR MIN PSBL S-S WX    SPD DR
================================================================================

 1  78  65  72   5   0   7 0.00  0.0    0  4.5 13 240   M    M   1        15 210
 2  75  63  69   1   0   4    T  0.0    0  6.2 14 230   M    M   2        19 250
 3  68  56  62  -6   3   0 0.00  0.0    0  5.4 15 230   M    M   8 1      19 230
 4  69  57  63  -5   2   0 0.00  0.0    0  5.8 13 240   M    M   8        17 200
 5  69  59  64  -4   1   0 0.00  0.0    0  5.7 14 240   M    M   9        19 240
 6  70  60  65  -3   0   0 0.00  0.0    0  4.5 13 230   M    M  10        17 240
 7  69  60  65  -3   0   0 0.00  0.0    0  5.8 14 240   M    M   7 1      19 240
 8  70  61  66  -2   0   1 0.00  0.0    0  4.6 13 240   M    M   7        18 250
 9  72  61  67  -1   0   2 0.00  0.0    0  5.5 16 240   M    M   4        21 260
10  72  60  66  -2   0   1 0.00  0.0    0  5.8 15 230   M    M   0        21 200
11  72  62  67  -2   0   2 0.00  0.0    0  4.9 15 220   M    M   1        21 230
12  73  62  68  -1   0   3 0.00  0.0    0  6.1 15 230   M    M   0        21 250
13  75  63  69   0   0   4 0.00  0.0    0  5.7 16 230   M    M   0        21 230
14  74  62  68  -1   0   3 0.00  0.0    0  4.3 13 220   M    M   1        18 230
15  74  65  70   1   0   5 0.00  0.0    0  5.8 14 210   M    M   4        19 230
16  74  64  69   0   0   4 0.00  0.0    0  6.2 16 230   M    M   5        21 240
17  71  63  67  -2   0   2 0.00  0.0    0  5.7 13 230   M    M   4        18 230
18  83  60  72   3   0   7 0.37  0.0    0  3.4 16 200   M    M   7 13     22 110
19  83  65  74   5   0   9 0.04  0.0    0  5.8 17 200   M    M   4 1      22 200
20  80  64  72   3   0   7    T  0.0    0  5.4 14 210   M    M   8 18     17 240
21  79  62  71   2   0   6    T  0.0    0  6.2 14 230   M    M   8 18     20 220
22  79  68  74   5   0   9 0.00  0.0    0  6.1 15 240   M    M   6 1      21 260
23  78  69  74   5   0   9 0.00  0.0    0  5.4 14 240   M    M   5        19 250
24  79  67  73   4   0   8 0.00  0.0    0  4.5 14 230   M    M   3        18 230
25  79  66  73   4   0   8 0.00  0.0    0  4.3 14 230   M    M   0        17 240
26  77  66  72   2   0   7 0.00  0.0    0  5.1 14 210   M    M   3        18 210
27  77  66  72   2   0   7 0.00  0.0    0  6.4 15 200   M    M   4        21 200
28  78  66  72   2   0   7 0.00  0.0    0  5.8 14 230   M    M   5        19 230
================================================================================
SM 2097 1762         6 122  0.41     0.0 150.8          M      124
================================================================================
AV 74.9 62.9                               5.4 FASTST   M    M   4    MAX(MPH)
                                 MISC ---->  # 17 200               # 22  110
================================================================================
NOTES:
# LAST OF SEVERAL OCCURRENCES

COLUMN 17 PEAK WIND IN M.P.H.

PRELIMINARY LOCAL CLIMATOLOGICAL DATA (WS FORM: F-6) , PAGE 2

                                          STATION:  SANTA MONICA AIRPORT CA
                                          MONTH:    JULY
                                          YEAR:     2015
                                          LATITUDE:   34  0 N
                                          LONGITUDE: 118 27 W

[TEMPERATURE DATA]      [PRECIPITATION DATA]       SYMBOLS USED IN COLUMN 16

AVERAGE MONTHLY: 68.9   TOTAL FOR MONTH:   0.41    1 = FOG OR MIST
DPTR FM NORMAL:   0.2   DPTR FM NORMAL:    0.12    2 = FOG REDUCING VISIBILITY
HIGHEST:    83 ON 19,18 GRTST 24HR  0.37 ON 18-18      TO 1/4 MILE OR LESS
LOWEST:     56 ON  3                               3 = THUNDER
                        SNOW, ICE PELLETS, HAIL    4 = ICE PELLETS
                        TOTAL MONTH:   0.0 INCH    5 = HAIL
                        GRTST 24HR     0.0         6 = FREEZING RAIN OR DRIZZLE
                        GRTST DEPTH:   0           7 = DUSTSTORM OR SANDSTORM:
                                                       VSBY 1/2 MILE OR LESS
                                                   8 = SMOKE OR HAZE
[NO. OF DAYS WITH]      [WEATHER - DAYS WITH]      9 = BLOWING SNOW
                                                   X = TORNADO
MAX 32 OR BELOW:   0    0.01 INCH OR MORE:   2
MAX 90 OR ABOVE:   0    0.10 INCH OR MORE:   1
MIN 32 OR BELOW:   0    0.50 INCH OR MORE:   0
MIN  0 OR BELOW:   0    1.00 INCH OR MORE:   0

[HDD (BASE 65) ]
TOTAL THIS MO.     6    CLEAR  (SCALE 0-3)  10
DPTR FM NORMAL     6    PTCLDY (SCALE 4-7)  14
TOTAL FM JUL 1     6    CLOUDY (SCALE 8-10)  4
DPTR FM NORMAL     6

[CDD (BASE 65) ]
TOTAL THIS MO.   122
DPTR FM NORMAL    13    [PRESSURE DATA]
TOTAL FM JAN 1   361    HIGHEST SLP M ON M
DPTR FM NORMAL   187    LOWEST  SLP 29.74 ON 17

[REMARKS]
