833
CXUS56 KSGX 261545
CF6SNA
PRELIMINARY LOCAL CLIMATOLOGICAL DATA (WS FORM: F-6)

                                          STATION:   JOHN WAYNE AIRPORT CA
                                          MONTH:     MAY
                                          YEAR:      2016
                                          LATITUDE:   33 40 N
                                          LONGITUDE: 117 53 W

  TEMPERATURE IN F:       :PCPN:    SNOW:  WIND      :SUNSHINE: SKY     :PK WND
================================================================================
1   2   3   4   5  6A  6B    7    8   9   10  11  12  13   14  15   16   17  18
                                     12Z  AVG MX 2MIN
DY MAX MIN AVG DEP HDD CDD  WTR  SNW DPTH SPD SPD DIR MIN PSBL S-S WX    SPD DR
================================================================================

 1  69  56  63   0   2   0 0.00  0.0    0  7.4 16 220   M    M   5        22 200
 2  72  56  64   0   1   0 0.00  0.0    0  4.0 13 220   M    M   2 1      17 240
 3  73  57  65   1   0   0 0.00  0.0    0  4.7 15 210   M    M   5 18     18 210
 4  68  58  63  -1   2   0 0.00  0.0    0  5.8 15 210   M    M   7        20 210
 5  68  60  64   0   1   0    T  0.0    0  6.8 17 200   M    M   9        21 220
 6  67  58  63  -1   2   0 0.06  0.0    0  5.8 15 210   M    M   8 1      24 180
 7  69  57  63  -1   2   0 0.03  0.0    0  6.1 17 200   M    M   6 1      22 210
 8  68  56  62  -2   3   0 0.00  0.0    0  4.3 13 220   M    M   5        18 230
 9  69  57  63  -1   2   0 0.00  0.0    0  3.3 13 220   M    M   4 8      17 220
10  70  59  65   0   0   0 0.00  0.0    0  4.2 12 210   M    M   7        16 230
11  71  60  66   1   0   1 0.00  0.0    0  4.2 13 220   M    M   6        17 240
12  69  58  64  -1   1   0 0.00  0.0    0  4.6 13 200   M    M   5 18     20 200
13  73  60  67   2   0   2 0.00  0.0    0  6.4 15 220   M    M   9 1      22 210
14  69  61  65   0   0   0 0.00  0.0    0  8.1 15 210   M    M   9        21 210
15  71  61  66   1   0   1 0.00  0.0    0  7.9 15 200   M    M   8        21 190
16  67  60  64  -1   1   0 0.00  0.0    0  6.9 13 200   M    M   9        17 210
17  71  62  67   2   0   2 0.00  0.0    0  5.0 15 200   M    M   8        20 190
18  72  60  66   1   0   1 0.00  0.0    0  5.2 12 220   M    M   8        20 230
19  71  60  66   1   0   1 0.00  0.0    0  5.8 14 220   M    M   9        18 200
20  68  58  63  -3   2   0 0.00  0.0    0  7.9 18 190   M    M   7        26 180
21  67  57  62  -4   3   0 0.00  0.0    0  6.1 20 200   M    M   4        26 200
22  71  56  64  -2   1   0 0.00  0.0    0  5.0 14 220   M    M   3        23 220
23  68  57  63  -3   2   0 0.00  0.0    0  8.8 20 190   M    M   5        24 210
24  70  59  65  -1   0   0    T  0.0    0  7.0 15 210   M    M   7        20 200
25  70  56  63  -3   2   0 0.00  0.0    0  5.9 15 220   M    M   3        21 240
================================================================================
SM 1741 1459        27   8  0.09     0.0 147.2          M      158
================================================================================
AV 69.6 58.4                               5.9 FASTST   M    M   6    MAX(MPH)
                                 MISC ---->  # 20 200               # 26  180
================================================================================
NOTES:
# LAST OF SEVERAL OCCURRENCES

COLUMN 17 PEAK WIND IN M.P.H.

PRELIMINARY LOCAL CLIMATOLOGICAL DATA (WS FORM: F-6) , PAGE 2

                                          STATION:  JOHN WAYNE AIRPORT CA
                                          MONTH:    MAY
                                          YEAR:     2016
                                          LATITUDE:   33 40 N
                                          LONGITUDE: 117 53 W

[TEMPERATURE DATA]      [PRECIPITATION DATA]       SYMBOLS USED IN COLUMN 16

AVERAGE MONTHLY: 64.0   TOTAL FOR MONTH:   0.09    1 = FOG OR MIST
DPTR FM NORMAL:  -0.8   DPTR FM NORMAL:   -0.14    2 = FOG REDUCING VISIBILITY
HIGHEST:    73 ON 13, 3 GRTST 24HR  0.09 ON  6- 7      TO 1/4 MILE OR LESS
LOWEST:     56 ON 25,22                            3 = THUNDER
                        SNOW, ICE PELLETS, HAIL    4 = ICE PELLETS
                        TOTAL MONTH:   0.0 INCH    5 = HAIL
                        GRTST 24HR     0.0         6 = FREEZING RAIN OR DRIZZLE
                        GRTST DEPTH:   0           7 = DUSTSTORM OR SANDSTORM:
                                                       VSBY 1/2 MILE OR LESS
                                                   8 = SMOKE OR HAZE
[NO. OF DAYS WITH]      [WEATHER - DAYS WITH]      9 = BLOWING SNOW
                                                   X = TORNADO
MAX 32 OR BELOW:   0    0.01 INCH OR MORE:   2
MAX 90 OR ABOVE:   0    0.10 INCH OR MORE:   0
MIN 32 OR BELOW:   0    0.50 INCH OR MORE:   0
MIN  0 OR BELOW:   0    1.00 INCH OR MORE:   0

[HDD (BASE 65) ]
TOTAL THIS MO.    27    CLEAR  (SCALE 0-3)   2
DPTR FM NORMAL    -9    PTCLDY (SCALE 4-7)  18
TOTAL FM JUL 1   969    CLOUDY (SCALE 8-10)  5
DPTR FM NORMAL  -274

[CDD (BASE 65) ]
TOTAL THIS MO.     8
DPTR FM NORMAL   -17    [PRESSURE DATA]
TOTAL FM JAN 1    93    HIGHEST SLP M ON M
DPTR FM NORMAL    39    LOWEST  SLP 29.81 ON 20

[REMARKS]
