000
CXUS53 KILX 280900
CF6SPI
PRELIMINARY LOCAL CLIMATOLOGICAL DATA (WS FORM: F-6)

                                          STATION:   SPRINGFIELD IL
                                          MONTH:     MARCH
                                          YEAR:      2015
                                          LATITUDE:   39 50 N
                                          LONGITUDE:  89 41 W

  TEMPERATURE IN F:       :PCPN:    SNOW:  WIND      :SUNSHINE: SKY     :PK WND
================================================================================
1   2   3   4   5  6A  6B    7    8   9   10  11  12  13   14  15   16   17  18
                                     12Z  AVG MX 2MIN
DY MAX MIN AVG DEP HDD CDD  WTR  SNW DPTH SPD SPD DIR MIN PSBL S-S WX    SPD DR
================================================================================

 1  30  15  23 -13  42   0 0.28  3.7   11  4.4 13 310   M    M   8 18     14 310
 2  35  10  23 -14  42   0    T    T   10  5.8 15 130   M    M   2 128    17 130
 3  40  28  34  -3  31   0 0.05  0.0    7 11.4 21 170   M    M  10 168    27 160
 4  34  16  25 -13  40   0    T    T    6 12.3 24 320   M    M   4        31 320
 5  19   0  10 -28  55   0 0.00  0.0    5  7.3 20 300   M    M   0        24 290
 6  34   0  17 -21  48   0 0.00  0.0    5 13.9 26 190   M    M   0        32 190
 7  45  30  38  -1  27   0 0.00  0.0    5  9.4 20 230   M    M   0        25 220
 8  50  25  38  -1  27   0 0.00  0.0    1  6.5 17 140   M    M   0 1      21 140
 9  51  29  40   0  25   0 0.00  0.0    0  8.4 16 140   M    M   2 18     20 140
10  60  38  49   9  16   0 0.06  0.0    0  4.2  9 160   M    M   6 1      12 160
11  68  31  50  10  15   0 0.00  0.0    0  7.0 18  30   M    M   3 12     26  50
12  63  33  48   7  17   0 0.00  0.0    0  8.3 16 130   M    M   0 18     20 130
13  58  44  51  10  14   0    T  0.0    0  4.8 10  70   M    M   9 12     12  60
14  64  38  51  10  14   0 0.00  0.0    0  9.6 20 340   M    M   2 12     27 360
15  70  32  51   9  14   0 0.00  0.0    0  8.1 18 200   M    M   0        23 230
16  78  46  62  20   3   0 0.00  0.0    0 10.6 23 250   M    M   0        28 220
17  60  31  46   3  19   0 0.00  0.0    0 13.5 28  20   M    M   3        35  10
18  48  28  38  -5  27   0 0.00  0.0    0  6.9 16 120   M    M   3        20 160
19  49  40  45   2  20   0 0.23  0.0    0  6.8 16 110   M    M  10        21 110
20  45  36  41  -3  24   0 0.00  0.0    0  6.1 15 260   M    M   9 1      17 260
21  64  36  50   6  15   0 0.00  0.0    0  8.6 17 360   M    M   0 1      21 350
22  58  37  48   4  17   0 0.00  0.0    0 12.9 20  80   M    M   0        26  90
23  42  32  37  -8  28   0 0.02  0.0    0 13.3 22  70   M    M   7        26  50
24  46  31  39  -6  26   0 0.55  0.0    0 14.7 32 110   M    M  10 136    40 110
25  51  42  47   1  18   0 0.30  0.0    0  9.2 26 350   M    M   8 1      32 360
26  51  34  43  -3  22   0 0.06  0.0    0 12.1 22 330   M    M   3 1      28 310
27  41  25  33 -13  32   0 0.00  0.0    0  9.4 22 320   M    M   3        27 320
================================================================================
SM 1354  787       678   0  1.55     3.7 245.5          M      102
================================================================================
AV 50.1 29.1                               9.1 FASTST   M    M   4    MAX(MPH)
                                 MISC ---->  # 32 110               # 40  110
================================================================================
NOTES:
# LAST OF SEVERAL OCCURRENCES

COLUMN 17 PEAK WIND IN M.P.H.

PRELIMINARY LOCAL CLIMATOLOGICAL DATA (WS FORM: F-6) , PAGE 2

                                          STATION:  SPRINGFIELD IL
                                          MONTH:    MARCH
                                          YEAR:     2015
                                          LATITUDE:   39 50 N
                                          LONGITUDE:  89 41 W

[TEMPERATURE DATA]      [PRECIPITATION DATA]       SYMBOLS USED IN COLUMN 16

AVERAGE MONTHLY: 39.6   TOTAL FOR MONTH:   1.55    1 = FOG OR MIST
DPTR FM NORMAL:  -1.8   DPTR FM NORMAL:   -0.70    2 = FOG REDUCING VISIBILITY
HIGHEST:    78 ON 16    GRTST 24HR  0.55 ON 24-24      TO 1/4 MILE OR LESS
LOWEST:      0 ON  6, 5                            3 = THUNDER
                        SNOW, ICE PELLETS, HAIL    4 = ICE PELLETS
                        TOTAL MONTH:   3.7 INCHES  5 = HAIL
                        GRTST 24HR   3.7 ON   M    6 = FREEZING RAIN OR DRIZZLE
                        GRTST DEPTH:  11 ON  1     7 = DUSTSTORM OR SANDSTORM:
                                                       VSBY 1/2 MILE OR LESS
                                                   8 = SMOKE OR HAZE
[NO. OF DAYS WITH]      [WEATHER - DAYS WITH]      9 = BLOWING SNOW
                                                   X = TORNADO
MAX 32 OR BELOW:   2    0.01 INCH OR MORE:   8
MAX 90 OR ABOVE:   0    0.10 INCH OR MORE:   4
MIN 32 OR BELOW:  16    0.50 INCH OR MORE:   1
MIN  0 OR BELOW:   2    1.00 INCH OR MORE:   0

[HDD (BASE 65) ]
TOTAL THIS MO.   678    CLEAR  (SCALE 0-3)  15
DPTR FM NORMAL    39    PTCLDY (SCALE 4-7)   5
TOTAL FM JUL 1  5247    CLOUDY (SCALE 8-10)  7
DPTR FM NORMAL   337

[CDD (BASE 65) ]
TOTAL THIS MO.     0
DPTR FM NORMAL     0    [PRESSURE DATA]
TOTAL FM JAN 1     0    HIGHEST SLP M ON M
DPTR FM NORMAL     0    LOWEST  SLP 29.73 ON  3

[REMARKS]
