000
CXUS53 KILX 202300
CF6SPI
PRELIMINARY LOCAL CLIMATOLOGICAL DATA (WS FORM: F-6)

                                          STATION:   SPRINGFIELD IL
                                          MONTH:     DECEMBER
                                          YEAR:      2014
                                          LATITUDE:   39 50 N
                                          LONGITUDE:  89 41 W

  TEMPERATURE IN F:       :PCPN:    SNOW:  WIND      :SUNSHINE: SKY     :PK WND
================================================================================
1   2   3   4   5  6A  6B    7    8   9   10  11  12  13   14  15   16   17  18
                                     12Z  AVG MX 2MIN
DY MAX MIN AVG DEP HDD CDD  WTR  SNW DPTH SPD SPD DIR MIN PSBL S-S WX    SPD DR
================================================================================

 1  31  20  26 -10  39   0 0.00  0.0    0 11.4 18  20   M    M   2        24 350
 2  33  17  25 -10  40   0 0.00  0.0    0  5.5 13 200   M    M   8 18     16 200
 3  43  27  35   0  30   0 0.00  0.0    0  6.5 13 360   M    M   0        15 340
 4  37  28  33  -1  32   0 0.01    T    0  8.1 15 130   M    M   8 18     17 140
 5  42  35  39   5  26   0 0.62  0.0    0  7.7 15  20   M    M  10 12     20  30
 6  39  28  34   1  31   0 0.02  0.0    0  8.5 18  20   M    M   6 18     24  40
 7  36  25  31  -2  34   0 0.00  0.0    0  7.2 14 120   M    M   0 1      17 110
 8  44  34  39   7  26   0 0.03  0.0    0  9.7 21 320   M    M  10 1      27 320
 9  37  32  35   3  30   0 0.00  0.0    0  9.4 21 320   M    M  10        26 320
10  35  31  33   1  32   0 0.00  0.0    0  4.7 10  30   M    M  10        14  30
11  33  22  28  -3  37   0 0.00  0.0    0  3.2 10 250   M    M   6 1      12 240
12  42  22  32   1  33   0 0.00  0.0    0  3.8  9 180   M    M   9 18     11 170
13  54  36  45  14  20   0 0.00  0.0    0  6.7 14 200   M    M   9 1      16 200
14  51  46  49  19  16   0 0.00  0.0    0 10.5 20 160   M    M  10 12     27 160
15  51  45  48  18  17   0 0.37  0.0    0 15.9 25 140   M    M  10 1      36 130
16  45  28  37   7  28   0    T  0.0    0 17.2 29 270   M    M  10 1      36 290
17  28  21  25  -5  40   0 0.00  0.0    0  7.1 17 290   M    M   6        20 290
18  32  20  26  -3  39   0 0.06  0.5    0  2.1  7  20   M    M   8 18     10 310
19  37  23  30   1  35   0 0.00  0.0    0  3.2  7  80   M    M   8         9  70
================================================================================
SM  750  540       585   0  1.11     0.5 148.4          M      140
================================================================================
AV 39.5 28.4                               7.8 FASTST   M    M   7    MAX(MPH)
                                 MISC ---->  # 29 270               # 36  130
================================================================================
NOTES:
# LAST OF SEVERAL OCCURRENCES

COLUMN 17 PEAK WIND IN M.P.H.

PRELIMINARY LOCAL CLIMATOLOGICAL DATA (WS FORM: F-6) , PAGE 2

                                          STATION:  SPRINGFIELD IL
                                          MONTH:    DECEMBER
                                          YEAR:     2014
                                          LATITUDE:   39 50 N
                                          LONGITUDE:  89 41 W

[TEMPERATURE DATA]      [PRECIPITATION DATA]       SYMBOLS USED IN COLUMN 16

AVERAGE MONTHLY: 33.9   TOTAL FOR MONTH:   1.11    1 = FOG OR MIST
DPTR FM NORMAL:   2.0   DPTR FM NORMAL:   -0.54    2 = FOG REDUCING VISIBILITY
HIGHEST:    54 ON 13    GRTST 24HR  0.64 ON  5- 6      TO 1/4 MILE OR LESS
LOWEST:     17 ON  2                               3 = THUNDER
                        SNOW, ICE PELLETS, HAIL    4 = ICE PELLETS
                        TOTAL MONTH:   0.5 INCH    5 = HAIL
                        GRTST 24HR   0.5 ON 18-18  6 = FREEZING RAIN OR DRIZZLE
                        GRTST DEPTH:   0           7 = DUSTSTORM OR SANDSTORM:
                                                       VSBY 1/2 MILE OR LESS
                                                   8 = SMOKE OR HAZE
[NO. OF DAYS WITH]      [WEATHER - DAYS WITH]      9 = BLOWING SNOW
                                                   X = TORNADO
MAX 32 OR BELOW:   3    0.01 INCH OR MORE:   6
MAX 90 OR ABOVE:   0    0.10 INCH OR MORE:   2
MIN 32 OR BELOW:  14    0.50 INCH OR MORE:   1
MIN  0 OR BELOW:   0    1.00 INCH OR MORE:   0

[HDD (BASE 65) ]
TOTAL THIS MO.   585    CLEAR  (SCALE 0-3)   3
DPTR FM NORMAL   -44    PTCLDY (SCALE 4-7)   6
TOTAL FM JUL 1  1821    CLOUDY (SCALE 8-10) 10
DPTR FM NORMAL   124

[CDD (BASE 65) ]
TOTAL THIS MO.     0
DPTR FM NORMAL     0    [PRESSURE DATA]
TOTAL FM JAN 1  1162    HIGHEST SLP M ON M
DPTR FM NORMAL    40    LOWEST  SLP 29.64 ON 15

[REMARKS]
