000
CXUS54 KOUN 220700
CF6SPS
PRELIMINARY LOCAL CLIMATOLOGICAL DATA (WS FORM: F-6)

                                          STATION:   WICHITA FALLS
                                          MONTH:     FEBRUARY
                                          YEAR:      2017
                                          LATITUDE:   33 58 N
                                          LONGITUDE:  98 29 W

  TEMPERATURE IN F:       :PCPN:    SNOW:  WIND      :SUNSHINE: SKY     :PK WND
================================================================================
1   2   3   4   5  6A  6B    7    8   9   10  11  12  13   14  15   16   17  18
                                     12Z  AVG MX 2MIN
DY MAX MIN AVG DEP HDD CDD  WTR  SNW DPTH SPD SPD DIR MIN PSBL S-S WX    SPD DR
================================================================================

 1  60  34  47   4  18   0 0.00  0.0    0 13.0 22 360   M    M   2 8      31  20
 2  41  29  35  -8  30   0 0.00  0.0    0 15.5 26  20   M    M   6        33  10
 3  49  27  38  -6  27   0 0.00  0.0    0  9.4 16  50   M    M   6        20  40
 4  58  39  49   5  16   0 0.00  0.0    0 11.5 26 190   M    M   8 12     32 190
 5  72  40  56  12   9   0 0.00  0.0    0  7.9 18 200   M    M   3 128    23 200
 6  81  47  64  20   1   0 0.00  0.0    0 13.7 28 220   M    M   3 12     36 230
 7  74  51  63  19   2   0 0.00  0.0    0 10.8 18 260   M    M   2        30 250
 8  59  33  46   2  19   0 0.00  0.0    0 15.9 28 360   M    M   4        32 360
 9  58  26  42  -2  23   0 0.00  0.0    0  9.1 17 170   M    M   1        22 160
10  82  39  61  16   4   0 0.00  0.0    0 15.5 28 190   M    M   1        36 200
11  94  55  75  30   0  10 0.00  0.0    0 15.0 21 220   M    M   0        25 210
12  69  49  59  14   6   0 0.00  0.0    0 22.2 33  20   M    M   1        42  20
13  52  42  47   2  18   0 1.05  0.0    0 12.2 20 360   M    M  10 13     22  20
14  43  39  41  -5  24   0 0.35  0.0    0 14.6 26 350   M    M  10 1      33 350
15  56  34  45  -1  20   0 0.00  0.0    0 10.2 20  30   M    M   1        23  30
16  68  32  50   4  15   0 0.00  0.0    0 11.4 20 220   M    M   1        26 210
17  73  41  57  11   8   0 0.00  0.0    0 12.0 20 180   M    M   2        27 180
18  72  46  59  13   6   0 0.00  0.0    0  7.6 15  80   M    M   4 12     20  80
19  75  51  63  16   2   0 0.57  0.0    0 11.0 32 250   M    M   6 138    43 240
20  71  54  63  16   2   0 0.13  0.0    0  9.7 16 130   M    M   2 1      20 130
21  75  47  61  14   4   0 0.00  0.0    0 10.4 18 330   M    M   0        28  10
================================================================================
SM 1382  855       254  10  2.10     0.0 258.6          M       73
================================================================================
AV 65.8 40.7                              12.3 FASTST   M    M   3    MAX(MPH)
                                 MISC ---->  # 33  20               # 43  240
================================================================================
NOTES:
# LAST OF SEVERAL OCCURRENCES

COLUMN 17 PEAK WIND IN M.P.H.

PRELIMINARY LOCAL CLIMATOLOGICAL DATA (WS FORM: F-6) , PAGE 2

                                          STATION:  WICHITA FALLS
                                          MONTH:    FEBRUARY
                                          YEAR:     2017
                                          LATITUDE:   33 58 N
                                          LONGITUDE:  98 29 W

[TEMPERATURE DATA]      [PRECIPITATION DATA]       SYMBOLS USED IN COLUMN 16

AVERAGE MONTHLY: 53.3   TOTAL FOR MONTH:   2.10    1 = FOG OR MIST
DPTR FM NORMAL:   8.3   DPTR FM NORMAL:    0.87    2 = FOG REDUCING VISIBILITY
HIGHEST:    94 ON 11    GRTST 24HR  1.37 ON 13-14      TO 1/4 MILE OR LESS
LOWEST:     26 ON  9                               3 = THUNDER
                        SNOW, ICE PELLETS, HAIL    4 = ICE PELLETS
                        TOTAL MONTH:   0.0 INCH    5 = HAIL
                        GRTST 24HR     0.0         6 = FREEZING RAIN OR DRIZZLE
                        GRTST DEPTH:   0           7 = DUSTSTORM OR SANDSTORM:
                                                       VSBY 1/2 MILE OR LESS
                                                   8 = SMOKE OR HAZE
[NO. OF DAYS WITH]      [WEATHER - DAYS WITH]      9 = BLOWING SNOW
                                                   X = TORNADO
MAX 32 OR BELOW:   0    0.01 INCH OR MORE:   4
MAX 90 OR ABOVE:   1    0.10 INCH OR MORE:   4
MIN 32 OR BELOW:   4    0.50 INCH OR MORE:   2
MIN  0 OR BELOW:   0    1.00 INCH OR MORE:   1

[HDD (BASE 65) ]
TOTAL THIS MO.   254    CLEAR  (SCALE 0-3)  11
DPTR FM NORMAL  -166    PTCLDY (SCALE 4-7)   8
TOTAL FM JUL 1  1782    CLOUDY (SCALE 8-10)  2
DPTR FM NORMAL  -548

[CDD (BASE 65) ]
TOTAL THIS MO.    10
DPTR FM NORMAL    10    [PRESSURE DATA]
TOTAL FM JAN 1    10    HIGHEST SLP M ON M
DPTR FM NORMAL     9    LOWEST  SLP 29.51 ON  7

[REMARKS]
