000
CXUS54 KEWX 170910
CF6SSF
PRELIMINARY LOCAL CLIMATOLOGICAL DATA (WS FORM: F-6)

                                          STATION:   SAN ANTONIO STINSON FIELD
                                          MONTH:     JANUARY
                                          YEAR:      2017
                                          LATITUDE:   29 19 N
                                          LONGITUDE:  98 29 W

  TEMPERATURE IN F:       :PCPN:    SNOW:  WIND      :SUNSHINE: SKY     :PK WND
================================================================================
1   2   3   4   5  6A  6B    7    8   9   10  11  12  13   14  15   16   17  18
                                     12Z  AVG MX 2MIN
DY MAX MIN AVG DEP HDD CDD  WTR  SNW DPTH SPD SPD DIR MIN PSBL S-S WX    SPD DR
================================================================================

 1  78  52  65  13   0   0 0.00    M    M  5.8 15 340   M    M   3 12     21 340
 2  79  48  64  12   1   0    T    M    M  6.3 20 300   M    M   3 123    27 300
 3  81  44  63  11   2   0 0.00    M    M  6.7 20  20   M    M   0 8      26  20
 4  55  43  49  -3  16   0 0.00    M    M  7.7 20  20   M    M   5        25  20
 5  72  41  57   5   8   0 0.00    M    M  7.4 25  20   M    M  10        33  20
 6  41  29  35 -17  30   0    T    M    M 13.8 24  20   M    M   8        31  30
 7  48  23  36 -16  29   0 0.00    M    M  5.8 18 360   M    M   0        23 360
 8  56  21  39 -13  26   0 0.00    M    M  3.5 13 210   M    M   2        18 150
 9  75  46  61   9   4   0 0.00    M    M  5.4 20 170   M    M   5        25 180
10  83  50  67  15   0   2 0.00    M    M  5.8 15 180   M    M   1 12     21 160
11  83  57  70  18   0   5 0.00    M    M  9.9 23 170   M    M   3 1      31 200
12  82  63  73  21   0   8 0.00    M    M 10.4 22 160   M    M   8        32 160
13  82  69  76  24   0  11    T    M    M 10.5 21 130   M    M  10 1      27 130
14  74  58  66  14   0   1 0.06    M    M  9.1 14 120   M    M   8 18     18 120
15  80  59  70  18   0   5 0.06    M    M 10.8 29 140   M    M   9 138    37 130
16  72  62  67  15   0   2 0.54    M    M  5.4 17 320   M    M   8 13     23 320
================================================================================
SM 1141  765       116  34  0.66    M    124.3          M       83
================================================================================
AV 71.3 47.8                               7.8 FASTST   M    M   5    MAX(MPH)
                                 MISC ---->  # 29 140               # 37  130
================================================================================
NOTES:
# LAST OF SEVERAL OCCURRENCES

COLUMN 17 PEAK WIND IN M.P.H.

PRELIMINARY LOCAL CLIMATOLOGICAL DATA (WS FORM: F-6) , PAGE 2

                                          STATION:  SAN ANTONIO STINSON FIELD
                                          MONTH:    JANUARY
                                          YEAR:     2017
                                          LATITUDE:   29 19 N
                                          LONGITUDE:  98 29 W

[TEMPERATURE DATA]      [PRECIPITATION DATA]       SYMBOLS USED IN COLUMN 16

AVERAGE MONTHLY: 59.6   TOTAL FOR MONTH:   0.66    1 = FOG OR MIST
DPTR FM NORMAL:   7.6   DPTR FM NORMAL:   -0.23    2 = FOG REDUCING VISIBILITY
HIGHEST:    83 ON 11,10 GRTST 24HR  0.59 ON 15-16      TO 1/4 MILE OR LESS
LOWEST:     21 ON  8                               3 = THUNDER
                        SNOW, ICE PELLETS, HAIL    4 = ICE PELLETS
                        TOTAL MONTH:    M          5 = HAIL
                        GRTST 24HR    M  ON   M    6 = FREEZING RAIN OR DRIZZLE
                        GRTST DEPTH:  M  ON   M    7 = DUSTSTORM OR SANDSTORM:
                                                       VSBY 1/2 MILE OR LESS
                                                   8 = SMOKE OR HAZE
[NO. OF DAYS WITH]      [WEATHER - DAYS WITH]      9 = BLOWING SNOW
                                                   X = TORNADO
MAX 32 OR BELOW:   0    0.01 INCH OR MORE:   3
MAX 90 OR ABOVE:   0    0.10 INCH OR MORE:   1
MIN 32 OR BELOW:   3    0.50 INCH OR MORE:   1
MIN  0 OR BELOW:   0    1.00 INCH OR MORE:   0

[HDD (BASE 65) ]
TOTAL THIS MO.   116    CLEAR  (SCALE 0-3)   7
DPTR FM NORMAL  -101    PTCLDY (SCALE 4-7)   4
TOTAL FM JUL 1   427    CLOUDY (SCALE 8-10)  5
DPTR FM NORMAL  -370

[CDD (BASE 65) ]
TOTAL THIS MO.    34
DPTR FM NORMAL    34    [PRESSURE DATA]
TOTAL FM JAN 1    34    HIGHEST SLP M ON M
DPTR FM NORMAL    34    LOWEST  SLP 29.70 ON  2

[REMARKS]
