000
CXUS53 KGRB 240730
CF6STE
PRELIMINARY LOCAL CLIMATOLOGICAL DATA (WS FORM: F-6)

                                          STATION:   STEVENS POINT WI
                                          MONTH:     JULY
                                          YEAR:      2017
                                          LATITUDE:   44 32 N
                                          LONGITUDE:  89 32 W

  TEMPERATURE IN F:       :PCPN:    SNOW:  WIND      :SUNSHINE: SKY     :PK WND
================================================================================
1   2   3   4   5  6A  6B    7    8   9   10  11  12  13   14  15   16   17  18
                                     12Z  AVG MX 2MIN
DY MAX MIN AVG DEP HDD CDD  WTR  SNW DPTH SPD SPD DIR MIN PSBL S-S WX    SPD DR
================================================================================

 1  74  56  65   M   0   0 0.05  0.0    0  4.9 14 280   M    M   4 1      20 280
 2  76  53  65   M   0   0 0.02  0.0    0  4.9  9 320   M    M   4         M  M
 3  77  49  63   M   2   0 0.00  0.0    0  4.7  9  90   M    M   2         M  M
 4  79  49  64   M   1   0 0.00  0.0    0  4.7 12 100   M    M   0         M  M
 5  79  58  69   M   0   4 0.28  0.0    0  5.8 13 110   M    M   3 3      16 350
 6  86  62  74   M   0   9 0.03  0.0    0  6.0 10 250   M    M   2        17 280
 7  80  56  68   M   0   3 0.05  0.0    0  6.1 16 360   M    M   3 3      30 360
 8  76  46  61   M   4   0 0.00  0.0    0  3.5 10 260   M    M   2 1      18 280
 9  78  53  66   M   0   1 0.00  0.0    0  4.3  9 250   M    M   2         M  M
10  82  60  71   M   0   6 0.00  0.0    0  3.3  8  40   M    M   3         M  M
11  84  59  72   M   0   7 0.00  0.0    0  4.2 12 190   M    M   2 1      17 200
12  84  65  75   M   0  10 0.00  0.0    0  5.5 15 190   M    M   6 13     25 190
13  72  55  64   M   1   0 0.00  0.0    0  5.3 10 280   M    M   9 1      16 310
14  74  54  64   M   1   0 0.00  0.0    0  4.7  7 300   M    M   7         M  M
15  83  52  68   M   0   3 0.00  0.0    0  6.0 14 240   M    M   2 3      22 240
16  76  54  65   M   0   0 0.00  0.0    0  4.6  9  30   M    M   3 1       M  M
17  78  48  63   M   2   0 0.00  0.0    0  4.8 12 180   M    M   2         M  M
18  86  64  75   M   0  10 0.00  0.0    0  7.1 14 170   M    M   6        17 240
19  81  59  70   M   0   5 0.00  0.0    0  6.4 22 170   M    M   1        37 170
20  84  61  73   M   0   8 0.00  0.0    0  6.5 12 230   M    M   5 1      18 240
21  79  56  68   M   0   3 0.00  0.0    0  4.0  9 160   M    M   4 1       M  M
22  85  64  75   M   0  10 0.00  0.0    0  3.5  8 270   M    M   7 1       M  M
23  79  56  68   M   0   3 0.00  0.0    0  6.8 15 360   M    M   5 1      23 360
================================================================================
SM 1832 1289        11  82  0.43     0.0 117.6          M       84
================================================================================
AV 79.7 56.0                               5.1 FASTST   M    M   4    MAX(MPH)
                                 MISC ---->  # 22 170               # 37  170
================================================================================
NOTES:
# LAST OF SEVERAL OCCURRENCES

COLUMN 17 PEAK WIND IN M.P.H.

PRELIMINARY LOCAL CLIMATOLOGICAL DATA (WS FORM: F-6) , PAGE 2

                                          STATION:  STEVENS POINT WI
                                          MONTH:    JULY
                                          YEAR:     2017
                                          LATITUDE:   44 32 N
                                          LONGITUDE:  89 32 W

[TEMPERATURE DATA]      [PRECIPITATION DATA]       SYMBOLS USED IN COLUMN 16

AVERAGE MONTHLY: 67.9   TOTAL FOR MONTH:   0.43    1 = FOG OR MIST
DPTR FM NORMAL:     M   DPTR FM NORMAL:       M    2 = FOG REDUCING VISIBILITY
HIGHEST:    86 ON 18, 6 GRTST 24HR  0.28 ON  5- 5      TO 1/4 MILE OR LESS
LOWEST:     46 ON  8                               3 = THUNDER
                        SNOW, ICE PELLETS, HAIL    4 = ICE PELLETS
                        TOTAL MONTH:   0.0 INCH    5 = HAIL
                        GRTST 24HR     0.0         6 = FREEZING RAIN OR DRIZZLE
                        GRTST DEPTH:   0           7 = DUSTSTORM OR SANDSTORM:
                                                       VSBY 1/2 MILE OR LESS
                                                   8 = SMOKE OR HAZE
[NO. OF DAYS WITH]      [WEATHER - DAYS WITH]      9 = BLOWING SNOW
                                                   X = TORNADO
MAX 32 OR BELOW:   0    0.01 INCH OR MORE:   5
MAX 90 OR ABOVE:   0    0.10 INCH OR MORE:   1
MIN 32 OR BELOW:   0    0.50 INCH OR MORE:   0
MIN  0 OR BELOW:   0    1.00 INCH OR MORE:   0

[HDD (BASE 65) ]
TOTAL THIS MO.    11    CLEAR  (SCALE 0-3)  13
DPTR FM NORMAL     M    PTCLDY (SCALE 4-7)   9
TOTAL FM JUL 1    11    CLOUDY (SCALE 8-10)  1
DPTR FM NORMAL     M

[CDD (BASE 65) ]
TOTAL THIS MO.    82
DPTR FM NORMAL     M    [PRESSURE DATA]
TOTAL FM JAN 1   148    HIGHEST SLP M ON M
DPTR FM NORMAL   148    LOWEST  SLP M ON M

[REMARKS]
