000
CXUS56 KMTR 251000
CF6STS
PRELIMINARY LOCAL CLIMATOLOGICAL DATA (WS FORM: F-6)

                                          STATION:   SANTA ROSA AIRPORT
                                          MONTH:     MARCH
                                          YEAR:      2017
                                          LATITUDE:   38 30 N
                                          LONGITUDE: 122 49 W

  TEMPERATURE IN F:       :PCPN:    SNOW:  WIND      :SUNSHINE: SKY     :PK WND
================================================================================
1   2   3   4   5  6A  6B    7    8   9   10  11  12  13   14  15   16   17  18
                                     12Z  AVG MX 2MIN
DY MAX MIN AVG DEP HDD CDD  WTR  SNW DPTH SPD SPD DIR MIN PSBL S-S WX    SPD DR
================================================================================

 1  65  32  49  -3  16   0 0.00  0.0    0  4.3 12 250   M    M   0        14 250
 2  70  35  53   1  12   0 0.00  0.0    0  3.8 10 180   M    M   0 1      12 170
 3  64  35  50  -2  15   0 0.00  0.0    0  3.2 12 140   M    M   3 12     14 140
 4  56  39  48  -4  17   0 0.17  0.0    0  5.4 17 250   M    M   8 128    25 180
 5  50  37  44  -8  21   0 0.25    M    0  5.6 28 260   M    M   7 18     35 280
 6  55  37  46  -6  19   0 0.21    M    0  3.6 15 240   M    M   8 1      22 250
 7  59  43  51  -1  14   0 0.01    M    0  2.0  8 260   M    M   7 1      11 250
 8  71  41  56   4   9   0 0.00  0.0    0  2.7  9 140   M    M   3 1      12 270
 9  74  43  59   7   6   0 0.00  0.0    0  2.5 10 150   M    M   4 12     13 150
10  75  49  62  10   3   0 0.00  0.0    0  2.6  8 140   M    M   3 1      11 180
11  75  42  59   6   6   0 0.00  0.0    0  3.7 13 150   M    M   3 12     16 150
12  80  41  61   8   4   0 0.00  0.0    0  3.3 12 350   M    M   1 12     15 330
13  80  39  60   7   5   0 0.00  0.0    0  2.3  7 240   M    M   0 1      11 170
14  80  45  63  10   2   0 0.00  0.0    0  3.9 10 230   M    M   1        13 220
15  62  47  55   2  10   0    T    M    0  4.3 12 170   M    M   8 12     14 180
16  69  47  58   5   7   0 0.00  0.0    0  2.8 13 250   M    M   6        15 240
17  77  41  59   6   6   0 0.00  0.0    0  3.1 12 180   M    M   1 12     15 210
18  63  47  55   2  10   0    T    M    0  2.4  8 250   M    M   7 18     11 180
19  69  53  61   8   4   0    T  0.0    0  4.4 13 170   M    M   8 18     14 160
20  59  50  55   2  10   0 0.60  0.0    0  6.8 16 170   M    M   9 1      20 150
21  63  52  58   5   7   0 0.47  0.0    0  8.5 18 230   M    M   8 1      25 230
22  59  44  52  -1  13   0 0.17    M    0  6.1 18 340   M    M   4 1      25 300
23  62  37  50  -3  15   0 0.01  0.0    0  4.2 16 180   M    M   5 12     21 180
24  59  47  53   0  12   0 1.29  0.0    0  7.4 21 150   M    M  10 1      29 150
================================================================================
SM 1596 1023       243   0  3.18     0.0  98.9          M      114
================================================================================
AV 66.5 42.6                               4.1 FASTST   M    M   5    MAX(MPH)
                                 MISC ---->  # 28 260               # 35  280
================================================================================
NOTES:
# LAST OF SEVERAL OCCURRENCES

COLUMN 17 PEAK WIND IN M.P.H.

PRELIMINARY LOCAL CLIMATOLOGICAL DATA (WS FORM: F-6) , PAGE 2

                                          STATION:  SANTA ROSA AIRPORT
                                          MONTH:    MARCH
                                          YEAR:     2017
                                          LATITUDE:   38 30 N
                                          LONGITUDE: 122 49 W

[TEMPERATURE DATA]      [PRECIPITATION DATA]       SYMBOLS USED IN COLUMN 16

AVERAGE MONTHLY: 54.6   TOTAL FOR MONTH:   3.18    1 = FOG OR MIST
DPTR FM NORMAL:   2.0   DPTR FM NORMAL:   -0.86    2 = FOG REDUCING VISIBILITY
HIGHEST:    80 ON 14,13 GRTST 24HR  1.29 ON 24-24      TO 1/4 MILE OR LESS
LOWEST:     32 ON  1                               3 = THUNDER
                        SNOW, ICE PELLETS, HAIL    4 = ICE PELLETS
                        TOTAL MONTH:   0.0 INCH    5 = HAIL
                        GRTST 24HR     0.0         6 = FREEZING RAIN OR DRIZZLE
                        GRTST DEPTH:   0           7 = DUSTSTORM OR SANDSTORM:
                                                       VSBY 1/2 MILE OR LESS
                                                   8 = SMOKE OR HAZE
[NO. OF DAYS WITH]      [WEATHER - DAYS WITH]      9 = BLOWING SNOW
                                                   X = TORNADO
MAX 32 OR BELOW:   0    0.01 INCH OR MORE:   9
MAX 90 OR ABOVE:   0    0.10 INCH OR MORE:   7
MIN 32 OR BELOW:   1    0.50 INCH OR MORE:   2
MIN  0 OR BELOW:   0    1.00 INCH OR MORE:   1

[HDD (BASE 65) ]
TOTAL THIS MO.   243    CLEAR  (SCALE 0-3)   9
DPTR FM NORMAL   -56    PTCLDY (SCALE 4-7)  11
TOTAL FM JUL 1  2266    CLOUDY (SCALE 8-10)  4
DPTR FM NORMAL  -213

[CDD (BASE 65) ]
TOTAL THIS MO.     0
DPTR FM NORMAL     0    [PRESSURE DATA]
TOTAL FM JAN 1     0    HIGHEST SLP M ON M
DPTR FM NORMAL     0    LOWEST  SLP 29.82 ON  5

[REMARKS]
