607
CXUS53 KGRB 280740
CF6SUE
PRELIMINARY LOCAL CLIMATOLOGICAL DATA (WS FORM: F-6)

                                          STATION:   STURGEON BAY WI
                                          MONTH:     APRIL
                                          YEAR:      2017
                                          LATITUDE:   44 55 N
                                          LONGITUDE:  87 25 W

  TEMPERATURE IN F:       :PCPN:    SNOW:  WIND      :SUNSHINE: SKY     :PK WND
================================================================================
1   2   3   4   5  6A  6B    7    8   9   10  11  12  13   14  15   16   17  18
                                     12Z  AVG MX 2MIN
DY MAX MIN AVG DEP HDD CDD  WTR  SNW DPTH SPD SPD DIR MIN PSBL S-S WX    SPD DR
================================================================================

 1  61  29  45   M  20   0 0.00  0.0    0  5.9 12 240   M    M   3         M  M
 2  58  36  47   M  18   0    T    M    0  6.5 15 180   M    M   5         M  M
 3  46  38  42   M  23   0 0.12    M    0  8.1 13  40   M    M  10         M  M
 4  58  36  47   M  18   0 0.22    M    0 10.6 15 340   M    M   5         M  M
 5  47  35  41   M  24   0 0.00  0.0    0  6.5 20  10   M    M   3        28  10
 6  44  34  39   M  26   0 0.00  0.0    0 20.0 27 360   M    M   1        37 360
 7  54  33  44   M  21   0 0.00  0.0    0  9.5 16 350   M    M   0         M  M
 8  58  33  46   M  19   0    T    M    0 13.9 24 180   M    M   0        35 170
 9  62  43  53   M  12   0 0.00  0.0    0 11.2 20 170   M    M   4        27 170
10  58  34  46   M  19   0 0.70    M    0 14.4 22 360   M    M   7 13     37  10
11  40  33  37   M  28   0 0.02    M    0  7.5 15  40   M    M  10 1      21  40
12  50  31  41   M  24   0 0.00  0.0    0  5.8 10 170   M    M   4         M  M
13  54  39  47   M  18   0    T    M    0  5.6 10 130   M    M   7         M  M
14  57  38  48   M  17   0    T    M    0  7.7 12 130   M    M   3        20 120
15  72  47  60   M   5   0 0.56    M    0  9.3 17 170   M    M   8 13     27 170
16  68  42  55   M  10   0 0.15    M    0  8.7 20 280   M    M   6 1      31 280
17  43  35  39   M  26   0    T    M    0  7.1 10  90   M    M   6         M  M
18  61  35  48   M  17   0    T    M    0 13.7 21 170   M    M   2        31 180
19  61  41  51   M  14   0 0.05    M    0 11.3 15 340   M    M   4        23  90
20  43  39  41   M  24   0 0.68    M    0  8.6 17  40   M    M  10 1      27  40
21  56  37  47   M  18   0 0.00  0.0    0 12.3 20 340   M    M   4        24 330
22  62  34  48   M  17   0 0.00  0.0    0  6.4 13 170   M    M   0         M  M
23  53  36  45   M  20   0 0.00  0.0    0 11.5 18 360   M    M   2        18  60
24  54  34  44   M  21   0 0.00  0.0    0  8.6 13 130   M    M   0         M  M
25  63  47  55   M  10   0    T    M    0 14.7 23 170   M    M   2        33 170
26   M   M   M   M   M   M 0.12    M    0 11.6 21 160   M    M   7 1      31 150
27  54  37  46   M  19   0 0.61    M    0 12.7 17 250   M    M  10 1      20 250
================================================================================
SM 1437  956       488   0  3.23     0.0 269.7          M      123
================================================================================
AV 55.3 36.8                              10.0 FASTST   M    M   5    MAX(MPH)
                                 MISC ---->  # 27 360               # 37  360
================================================================================
NOTES:
# LAST OF SEVERAL OCCURRENCES

COLUMN 17 PEAK WIND IN M.P.H.

PRELIMINARY LOCAL CLIMATOLOGICAL DATA (WS FORM: F-6) , PAGE 2

                                          STATION:  STURGEON BAY WI
                                          MONTH:    APRIL
                                          YEAR:     2017
                                          LATITUDE:   44 55 N
                                          LONGITUDE:  87 25 W

[TEMPERATURE DATA]      [PRECIPITATION DATA]       SYMBOLS USED IN COLUMN 16

AVERAGE MONTHLY: 46.0   TOTAL FOR MONTH:   3.23    1 = FOG OR MIST
DPTR FM NORMAL:     M   DPTR FM NORMAL:       M    2 = FOG REDUCING VISIBILITY
HIGHEST:    72 ON 15    GRTST 24HR  0.70 ON 10-10      TO 1/4 MILE OR LESS
LOWEST:     29 ON  1                               3 = THUNDER
                        SNOW, ICE PELLETS, HAIL    4 = ICE PELLETS
                        TOTAL MONTH:   0.0 INCH    5 = HAIL
                        GRTST 24HR     0.0         6 = FREEZING RAIN OR DRIZZLE
                        GRTST DEPTH:   0           7 = DUSTSTORM OR SANDSTORM:
                                                       VSBY 1/2 MILE OR LESS
                                                   8 = SMOKE OR HAZE
[NO. OF DAYS WITH]      [WEATHER - DAYS WITH]      9 = BLOWING SNOW
                                                   X = TORNADO
MAX 32 OR BELOW:   0    0.01 INCH OR MORE:  10
MAX 90 OR ABOVE:   0    0.10 INCH OR MORE:   8
MIN 32 OR BELOW:   2    0.50 INCH OR MORE:   4
MIN  0 OR BELOW:   0    1.00 INCH OR MORE:   0

[HDD (BASE 65) ]
TOTAL THIS MO.   488    CLEAR  (SCALE 0-3)  11
DPTR FM NORMAL     M    PTCLDY (SCALE 4-7)  11
TOTAL FM JUL 1  6203    CLOUDY (SCALE 8-10)  5
DPTR FM NORMAL  5965

[CDD (BASE 65) ]
TOTAL THIS MO.     0
DPTR FM NORMAL     M    [PRESSURE DATA]
TOTAL FM JAN 1     0    HIGHEST SLP M ON M
DPTR FM NORMAL     0    LOWEST  SLP M ON M

[REMARKS]
