000
CXUS53 KGRB 160708
CF6SUE
PRELIMINARY LOCAL CLIMATOLOGICAL DATA (WS FORM: F-6)

                                          STATION:   STURGEON BAY WI
                                          MONTH:     OCTOBER
                                          YEAR:      2017
                                          LATITUDE:   44 55 N
                                          LONGITUDE:  87 25 W

  TEMPERATURE IN F:       :PCPN:    SNOW:  WIND      :SUNSHINE: SKY     :PK WND
================================================================================
1   2   3   4   5  6A  6B    7    8   9   10  11  12  13   14  15   16   17  18
                                     12Z  AVG MX 2MIN
DY MAX MIN AVG DEP HDD CDD  WTR  SNW DPTH SPD SPD DIR MIN PSBL S-S WX    SPD DR
================================================================================

 1  67  49  58   M   7   0 0.00  0.0    0  9.7 20 180   M    M   1        25 180
 2  71  60  66   M   0   1    T  0.0    0 14.2 22 170   M    M   1        32 160
 3  77  64  71   M   0   6 0.15  0.0    0 13.4 17 170   M    M   4 38     24 170
 4  69  54  62   M   3   0 0.05  0.0    0 11.7 20 270   M    M   2        27 270
 5  60  47  54   M  11   0 0.01    M    0  6.1  9 290   M    M   6         M  M
 6  64  54  59   M   6   0 1.16  0.0    0  5.1 12 140   M    M  10 1       M  M
 7  67  59  63   M   2   0 0.25  0.0    0 15.8 23 180   M    M   7 1      33 180
 8  73  54  64   M   1   0 0.00  0.0    0 10.8 16 170   M    M   0        23 170
 9  64  51  58   M   7   0 0.00  0.0    0  8.6 20 360   M    M   3 18     23 360
10  55  48  52   M  13   0 0.00  0.0    0 11.9 17 350   M    M   2        21  10
11  60  47  54   M  11   0 0.00  0.0    0  8.0 15  50   M    M   6        23  90
12  61  53  57   M   8   0    T  0.0    0  7.0 12 130   M    M   9 1       M  M
13  61  51  56   M   9   0    T  0.0    0  7.6 12 230   M    M   8 12      M  M
14  59  50  55   M  10   0 0.65  0.0    0  9.8 16  80   M    M   7 13     23  80
15  58  41  50   M  15   0 0.07    M    0 13.2 22 340   M    M   9 1      36 330
================================================================================
SM  966  782       103   7  2.34     0.0 152.9          M       75
================================================================================
AV 64.4 52.1                              10.2 FASTST   M    M   5    MAX(MPH)
                                 MISC ---->  # 23 180               # 36  330
================================================================================
NOTES:
# LAST OF SEVERAL OCCURRENCES

COLUMN 17 PEAK WIND IN M.P.H.

PRELIMINARY LOCAL CLIMATOLOGICAL DATA (WS FORM: F-6) , PAGE 2

                                          STATION:  STURGEON BAY WI
                                          MONTH:    OCTOBER
                                          YEAR:     2017
                                          LATITUDE:   44 55 N
                                          LONGITUDE:  87 25 W

[TEMPERATURE DATA]      [PRECIPITATION DATA]       SYMBOLS USED IN COLUMN 16

AVERAGE MONTHLY: 58.3   TOTAL FOR MONTH:   2.34    1 = FOG OR MIST
DPTR FM NORMAL:     M   DPTR FM NORMAL:       M    2 = FOG REDUCING VISIBILITY
HIGHEST:    77 ON  3    GRTST 24HR  1.16 ON  6- 6      TO 1/4 MILE OR LESS
LOWEST:     41 ON 15                               3 = THUNDER
                        SNOW, ICE PELLETS, HAIL    4 = ICE PELLETS
                        TOTAL MONTH:   0.0 INCH    5 = HAIL
                        GRTST 24HR     0.0         6 = FREEZING RAIN OR DRIZZLE
                        GRTST DEPTH:   0           7 = DUSTSTORM OR SANDSTORM:
                                                       VSBY 1/2 MILE OR LESS
                                                   8 = SMOKE OR HAZE
[NO. OF DAYS WITH]      [WEATHER - DAYS WITH]      9 = BLOWING SNOW
                                                   X = TORNADO
MAX 32 OR BELOW:   0    0.01 INCH OR MORE:   7
MAX 90 OR ABOVE:   0    0.10 INCH OR MORE:   4
MIN 32 OR BELOW:   0    0.50 INCH OR MORE:   2
MIN  0 OR BELOW:   0    1.00 INCH OR MORE:   1

[HDD (BASE 65) ]
TOTAL THIS MO.   103    CLEAR  (SCALE 0-3)   6
DPTR FM NORMAL     M    PTCLDY (SCALE 4-7)   5
TOTAL FM JUL 1   285    CLOUDY (SCALE 8-10)  4
DPTR FM NORMAL     M

[CDD (BASE 65) ]
TOTAL THIS MO.     7
DPTR FM NORMAL     M    [PRESSURE DATA]
TOTAL FM JAN 1   335    HIGHEST SLP M ON M
DPTR FM NORMAL   335    LOWEST  SLP M ON M

[REMARKS]
