000
CXUS53 KLSX 271600
CF6SUS
PRELIMINARY LOCAL CLIMATOLOGICAL DATA (WS FORM: F-6)

                                          STATION:   SPIRIT OF ST LOUIS MO
                                          MONTH:     FEBRUARY
                                          YEAR:      2017
                                          LATITUDE:   38 39 N
                                          LONGITUDE:  90 38 W

  TEMPERATURE IN F:       :PCPN:    SNOW:  WIND      :SUNSHINE: SKY     :PK WND
================================================================================
1   2   3   4   5  6A  6B    7    8   9   10  11  12  13   14  15   16   17  18
                                     12Z  AVG MX 2MIN
DY MAX MIN AVG DEP HDD CDD  WTR  SNW DPTH SPD SPD DIR MIN PSBL S-S WX    SPD DR
================================================================================

 1  48  31  40   8  25   0 0.00  0.0    0  4.3 13  30   M    M   5        17  20
 2  37  26  32   0  33   0 0.00  0.0    0  6.9 17 340   M    M   3        25  10
 3  36  16  26  -7  39   0 0.00  0.0    0  4.6 16 330   M    M   2        20 320
 4  41  13  27  -6  38   0 0.00  0.0    0  6.2 17 160   M    M   5        24 210
 5  55  31  43  10  22   0 0.00  0.0    0  5.4 14 240   M    M   1        20 240
 6  65  27  46  13  19   0    T  0.0    0  4.5 13 160   M    M   6 18     18 200
 7  67  41  54  20  11   0 0.02  0.0    0 12.4 29 210   M    M   5 38     39 210
 8  41  20  31  -3  34   0    T    M    0 11.4 24 330   M    M   9 1      29 320
 9  29  16  23 -11  42   0 0.00  0.0    M  5.5 14 320   M    M   3        18 310
10  70  26  48  14  17   0 0.00  0.0    0  9.2 21 210   M    M   2        28 230
11  73  47  60  26   5   0 0.00  0.0    0  4.6 12 220   M    M   4 1      17 220
12  58  25  42   7  23   0 0.00  0.0    0  9.9 26 310   M    M   2 18     33 310
13  47  20  34  -1  31   0 0.00  0.0    0  1.2  8 200   M    M   4        11 210
14  58  34  46  11  19   0 0.00  0.0    0  5.7 14 330   M    M   6        20 330
15  49  24  37   1  28   0 0.00  0.0    0  7.5 18 340   M    M   2        28  10
16  71  22  47  11  18   0 0.00  0.0    0  8.7 21 250   M    M   2        28 230
17  75  49  62  26   3   0 0.00  0.0    0 10.9 21 230   M    M   1        29 230
18  63  47  55  19  10   0 0.02  0.0    0  6.1 16 230   M    M   5        20 200
19  74  37  56  19   9   0 0.00  0.0    0  5.2 14 120   M    M   2 128    19 150
20  79  44  62  25   3   0    T  0.0    0  7.1 24 200   M    M   4 128    36 220
21  67  52  60  23   5   0 0.21  0.0    0  3.1  9 160   M    M   9 12     13 240
22  73  49  61  23   4   0    T    M    0  4.6 13 190   M    M   7 12     19 190
23  74  43  59  21   6   0 0.00  0.0    0  4.0 18  90   M    M   3 12     25  80
24  66  34  50  12  15   0 0.00  0.0    0 13.6 28 290   M    M   6        37 280
25  42  22  32  -7  33   0    T    M    0 12.5 30 290   M    M   4        37 280
26  49  19  34  -5  31   0    T  0.0    0  5.9 17 230   M    M   6        22 240
================================================================================
SM 1507  815       523   0  0.25     0.0 181.0          M      108
================================================================================
AV 58.0 31.4                               7.0 FASTST   M    M   4    MAX(MPH)
                                 MISC ---->  # 30 290               # 39  210
================================================================================
NOTES:
# LAST OF SEVERAL OCCURRENCES

COLUMN 17 PEAK WIND IN M.P.H.

PRELIMINARY LOCAL CLIMATOLOGICAL DATA (WS FORM: F-6) , PAGE 2

                                          STATION:  SPIRIT OF ST LOUIS MO
                                          MONTH:    FEBRUARY
                                          YEAR:     2017
                                          LATITUDE:   38 39 N
                                          LONGITUDE:  90 38 W

[TEMPERATURE DATA]      [PRECIPITATION DATA]       SYMBOLS USED IN COLUMN 16

AVERAGE MONTHLY: 44.7   TOTAL FOR MONTH:   0.25    1 = FOG OR MIST
DPTR FM NORMAL:   9.3   DPTR FM NORMAL:   -1.60    2 = FOG REDUCING VISIBILITY
HIGHEST:    79 ON 20    GRTST 24HR  0.21 ON 21-21      TO 1/4 MILE OR LESS
LOWEST:     13 ON  4                               3 = THUNDER
                        SNOW, ICE PELLETS, HAIL    4 = ICE PELLETS
                        TOTAL MONTH:   0.0 INCH    5 = HAIL
                        GRTST 24HR     0.0         6 = FREEZING RAIN OR DRIZZLE
                        GRTST DEPTH:   0           7 = DUSTSTORM OR SANDSTORM:
                                                       VSBY 1/2 MILE OR LESS
                                                   8 = SMOKE OR HAZE
[NO. OF DAYS WITH]      [WEATHER - DAYS WITH]      9 = BLOWING SNOW
                                                   X = TORNADO
MAX 32 OR BELOW:   1    0.01 INCH OR MORE:   3
MAX 90 OR ABOVE:   0    0.10 INCH OR MORE:   1
MIN 32 OR BELOW:  15    0.50 INCH OR MORE:   0
MIN  0 OR BELOW:   0    1.00 INCH OR MORE:   0

[HDD (BASE 65) ]
TOTAL THIS MO.   523    CLEAR  (SCALE 0-3)  10
DPTR FM NORMAL  -248    PTCLDY (SCALE 4-7)  14
TOTAL FM JUL 1  3015    CLOUDY (SCALE 8-10)  2
DPTR FM NORMAL  -687

[CDD (BASE 65) ]
TOTAL THIS MO.     0
DPTR FM NORMAL     0    [PRESSURE DATA]
TOTAL FM JAN 1     0    HIGHEST SLP M ON M
DPTR FM NORMAL     0    LOWEST  SLP 29.40 ON  7

[REMARKS]
