000
CXUS55 KFSD 190905
CF6SUX
PRELIMINARY LOCAL CLIMATOLOGICAL DATA (WS FORM: F-6)

                                          STATION:   SIOUX CITY IA
                                          MONTH:     OCTOBER
                                          YEAR:      2017
                                          LATITUDE:   42 24 N
                                          LONGITUDE:  96 23 W

  TEMPERATURE IN F:       :PCPN:    SNOW:  WIND      :SUNSHINE: SKY     :PK WND
================================================================================
1   2   3   4   5  6A  6B    7    8   9   10  11  12  13   14  15   16   17  18
                                     12Z  AVG MX 2MIN
DY MAX MIN AVG DEP HDD CDD  WTR  SNW DPTH SPD SPD DIR MIN PSBL S-S WX    SPD DR
================================================================================

 1  74  55  65   8   0   0 0.43  0.0    0 13.0 25 160   M    M  10 13     32 170
 2  68  57  63   7   2   0 1.50  0.0    0  4.6 15 350   M    M   8 13     20 350
 3  69  48  59   3   6   0 0.30  0.0    0  8.8 21 350   M    M   5 13     26 330
 4  67  47  57   1   8   0 0.00  0.0    0  3.9 10 330   M    M   5 8      13 320
 5  63  56  60   5   5   0 0.37  0.0    0  4.8 12 170   M    M  10 13     14 180
 6  60  54  57   2   8   0 2.85  0.0    0  9.7 22 360   M    M  10 13     28 350
 7  73  49  61   7   4   0 0.73    M    0  9.8 18 340   M    M   5 1      26 250
 8  72  49  61   7   4   0 0.00  0.0    0 10.5 20  20   M    M   0        30  20
 9  55  41  48  -6  17   0 0.29  0.0    0 12.7 24 350   M    M  10 13     31 350
10  50  33  42 -11  23   0 0.05  0.0    0  6.9 16 360   M    M   7        22 360
11  61  28  45  -8  20   0 0.00  0.0    0  5.7 13 160   M    M   1 12     19 140
12  68  40  54   2  11   0 0.00  0.0    0  9.6 21 180   M    M   2        26 190
13  63  45  54   2  11   0 0.01  0.0    0  7.9 17  10   M    M   2        22  20
14  57  44  51  -1  14   0    T  0.0    0 11.3 29 330   M    M  10 1      39 330
15  62  37  50  -1  15   0 0.00  0.0    0  9.4 24 330   M    M   3        30 320
16  75  32  54   3  11   0 0.00  0.0    0  7.7 21 200   M    M   0        29 210
17  76  38  57   7   8   0 0.00  0.0    0  6.4 12 220   M    M   0        16 210
18  73  43  58   8   7   0 0.00  0.0    0  7.5 15  20   M    M   0 8      18  20
================================================================================
SM 1186  796       174   0  6.53     0.0 150.2          M       88
================================================================================
AV 65.9 44.2                               8.3 FASTST   M    M   5    MAX(MPH)
                                 MISC ---->  # 29 330               # 39  330
================================================================================
NOTES:
# LAST OF SEVERAL OCCURRENCES

COLUMN 17 PEAK WIND IN M.P.H.

PRELIMINARY LOCAL CLIMATOLOGICAL DATA (WS FORM: F-6) , PAGE 2

                                          STATION:  SIOUX CITY IA
                                          MONTH:    OCTOBER
                                          YEAR:     2017
                                          LATITUDE:   42 24 N
                                          LONGITUDE:  96 23 W

[TEMPERATURE DATA]      [PRECIPITATION DATA]       SYMBOLS USED IN COLUMN 16

AVERAGE MONTHLY: 55.1   TOTAL FOR MONTH:   6.53    1 = FOG OR MIST
DPTR FM NORMAL:   1.7   DPTR FM NORMAL:    5.09    2 = FOG REDUCING VISIBILITY
HIGHEST:    76 ON 17    GRTST 24HR  2.85 ON  6- 6      TO 1/4 MILE OR LESS
LOWEST:     28 ON 11                               3 = THUNDER
                        SNOW, ICE PELLETS, HAIL    4 = ICE PELLETS
                        TOTAL MONTH:   0.0 INCH    5 = HAIL
                        GRTST 24HR     0.0         6 = FREEZING RAIN OR DRIZZLE
                        GRTST DEPTH:   0           7 = DUSTSTORM OR SANDSTORM:
                                                       VSBY 1/2 MILE OR LESS
                                                   8 = SMOKE OR HAZE
[NO. OF DAYS WITH]      [WEATHER - DAYS WITH]      9 = BLOWING SNOW
                                                   X = TORNADO
MAX 32 OR BELOW:   0    0.01 INCH OR MORE:   9
MAX 90 OR ABOVE:   0    0.10 INCH OR MORE:   7
MIN 32 OR BELOW:   2    0.50 INCH OR MORE:   3
MIN  0 OR BELOW:   0    1.00 INCH OR MORE:   2

[HDD (BASE 65) ]
TOTAL THIS MO.   174    CLEAR  (SCALE 0-3)   8
DPTR FM NORMAL   -44    PTCLDY (SCALE 4-7)   4
TOTAL FM JUL 1   248    CLOUDY (SCALE 8-10)  6
DPTR FM NORMAL  -117

[CDD (BASE 65) ]
TOTAL THIS MO.     0
DPTR FM NORMAL    -8    [PRESSURE DATA]
TOTAL FM JAN 1   951    HIGHEST SLP M ON M
DPTR FM NORMAL    82    LOWEST  SLP 29.44 ON  8

[REMARKS]
