000
CXUS54 KOUN 180700
CF6SWO
PRELIMINARY LOCAL CLIMATOLOGICAL DATA (WS FORM: F-6)

                                          STATION:   STILLWATER
                                          MONTH:     OCTOBER
                                          YEAR:      2017
                                          LATITUDE:   36 10 N
                                          LONGITUDE:  97  5 W

  TEMPERATURE IN F:       :PCPN:    SNOW:  WIND      :SUNSHINE: SKY     :PK WND
================================================================================
1   2   3   4   5  6A  6B    7    8   9   10  11  12  13   14  15   16   17  18
                                     12Z  AVG MX 2MIN
DY MAX MIN AVG DEP HDD CDD  WTR  SNW DPTH SPD SPD DIR MIN PSBL S-S WX    SPD DR
================================================================================

 1  84  59  72   6   0   7 0.00  0.0    0 10.7 21 180   M    M   0        26 170
 2  88  66  77  11   0  12 0.00  0.0    0 15.5 25 160   M    M   1 8      36 150
 3  86  71  79  13   0  14 0.00  0.0    0 11.1 20 170   M    M   5        26 170
 4  75  71  73   8   0   8 3.10  0.0    0  8.2 16 180   M    M  10 13     22 220
 5  78  70  74   9   0   9    T  0.0    0  7.7 14 190   M    M   6 1      20 200
 6  86  70  78  14   0  13 0.00  0.0    0 13.2 24 170   M    M   3        33 180
 7  81  53  67   3   0   2 0.29  0.0    0  5.1 24 310   M    M   2 13     32 270
 8  84  49  67   3   0   2 0.00  0.0    0  7.9 17 150   M    M   0        23 150
 9  88  54  71   8   0   6 0.00  0.0    0 10.7 21 330   M    M   3        30 310
10  61  42  52 -11  13   0 0.00  0.0    0 12.3 25 330   M    M   6        38 330
11  70  39  55  -8  10   0 0.00  0.0    0  4.0 10 150   M    M   0        12 140
12  84  51  68   6   0   3 0.00  0.0    0 11.3 23 190   M    M   0        30 200
13  88  64  76  14   0  11 0.00  0.0    0  9.9 20 180   M    M   0        25 170
14  91  61  76  14   0  11 0.64  0.0    0 14.6 33 350   M    M   0 13     47 350
15  68  43  56  -5   9   0 0.01  0.0    0  9.3 22 340   M    M   1        29 340
16  71  39  55  -6  10   0 0.00  0.0    0  3.3 12 170   M    M   0 1      15 170
17  75  44  60  -1   5   0 0.00  0.0    0  9.6 20 170   M    M   0        23 160
================================================================================
SM 1358  946        47  98  4.04     0.0 164.4          M       37
================================================================================
AV 79.9 55.7                               9.7 FASTST   M    M   2    MAX(MPH)
                                 MISC ---->  # 33 350               # 47  350
================================================================================
NOTES:
# LAST OF SEVERAL OCCURRENCES

COLUMN 17 PEAK WIND IN M.P.H.

PRELIMINARY LOCAL CLIMATOLOGICAL DATA (WS FORM: F-6) , PAGE 2

                                          STATION:  STILLWATER
                                          MONTH:    OCTOBER
                                          YEAR:     2017
                                          LATITUDE:   36 10 N
                                          LONGITUDE:  97  5 W

[TEMPERATURE DATA]      [PRECIPITATION DATA]       SYMBOLS USED IN COLUMN 16

AVERAGE MONTHLY: 67.8   TOTAL FOR MONTH:   4.04    1 = FOG OR MIST
DPTR FM NORMAL:   4.4   DPTR FM NORMAL:    2.30    2 = FOG REDUCING VISIBILITY
HIGHEST:    91 ON 14    GRTST 24HR  3.10 ON  4- 4      TO 1/4 MILE OR LESS
LOWEST:     39 ON 16,11                            3 = THUNDER
                        SNOW, ICE PELLETS, HAIL    4 = ICE PELLETS
                        TOTAL MONTH:   0.0 INCH    5 = HAIL
                        GRTST 24HR     0.0         6 = FREEZING RAIN OR DRIZZLE
                        GRTST DEPTH:   0           7 = DUSTSTORM OR SANDSTORM:
                                                       VSBY 1/2 MILE OR LESS
                                                   8 = SMOKE OR HAZE
[NO. OF DAYS WITH]      [WEATHER - DAYS WITH]      9 = BLOWING SNOW
                                                   X = TORNADO
MAX 32 OR BELOW:   0    0.01 INCH OR MORE:   4
MAX 90 OR ABOVE:   1    0.10 INCH OR MORE:   3
MIN 32 OR BELOW:   0    0.50 INCH OR MORE:   2
MIN  0 OR BELOW:   0    1.00 INCH OR MORE:   1

[HDD (BASE 65) ]
TOTAL THIS MO.    47    CLEAR  (SCALE 0-3)  12
DPTR FM NORMAL   -25    PTCLDY (SCALE 4-7)   4
TOTAL FM JUL 1    50    CLOUDY (SCALE 8-10)  1
DPTR FM NORMAL   -46

[CDD (BASE 65) ]
TOTAL THIS MO.    98
DPTR FM NORMAL    54    [PRESSURE DATA]
TOTAL FM JAN 1  2033    HIGHEST SLP M ON M
DPTR FM NORMAL   143    LOWEST  SLP 29.56 ON  8

[REMARKS]
