000
CXUS51 KBGM 230800
CF6SYR
PRELIMINARY LOCAL CLIMATOLOGICAL DATA (WS FORM: F-6)

                                          STATION:   SYRACUSE NY
                                          MONTH:     MAY
                                          YEAR:      2017
                                          LATITUDE:   43  7 N
                                          LONGITUDE:  76  7 W

  TEMPERATURE IN F:       :PCPN:    SNOW:  WIND      :SUNSHINE: SKY     :PK WND
================================================================================
1   2   3   4   5  6A  6B    7    8   9   10  11  12  13   14  15   16   17  18
                                     12Z  AVG MX 2MIN
DY MAX MIN AVG DEP HDD CDD  WTR  SNW DPTH SPD SPD DIR MIN PSBL S-S WX    SPD DR
================================================================================

 1  77  50  64  11   1   0 0.78  0.0    0  8.1 31 270   M    M   9 13     40 250
 2  62  48  55   2  10   0 0.10  0.0    0 12.1 33 260   M    M   9 1      39 260
 3  53  39  46  -8  19   0    T  0.0    0 13.8 26 280   M    M   8 1      33 250
 4  59  33  46  -8  19   0 0.08  0.0    0  6.4 21 160   M    M   7        27 160
 5  53  44  49  -5  16   0 1.20  0.0    0 12.8 22  70   M    M  10 1      28  40
 6  56  44  50  -4  15   0 0.64  0.0    0 10.8 21 190   M    M  10 1      36 180
 7  44  38  41 -14  24   0 0.14  0.0    0 12.1 18 300   M    M  10 1      24 300
 8  47  33  40 -15  25   0    T  0.0    0 10.4 23 290   M    M  10        30 280
 9  51  34  43 -13  22   0 0.00  0.0    0  6.0 13 320   M    M   9        16 320
10  54  30  42 -14  23   0 0.00  0.0    0  2.8 10 350   M    M   6        13  20
11  64  35  50  -6  15   0 0.00  0.0    0  5.2 15 310   M    M   7        18 100
12  67  40  54  -2  11   0    T  0.0    0  2.9 10 310   M    M   8        13 300
13  55  47  51  -6  14   0 0.17  0.0    0  5.8 14 120   M    M  10 1      16  90
14  63  41  52  -5  13   0 0.05  0.0    0  9.0 23 280   M    M   8 123    29 270
15  63  47  55  -2  10   0    T  0.0    0 13.1 21 300   M    M   7        28 320
16  70  45  58   0   7   0 0.00  0.0    0  5.4 15 250   M    M   7        21 280
17  88  55  72  14   0   7 0.00  0.0    0  8.8 23 240   M    M   6        31 240
18  88  63  76  18   0  11 0.12  0.0    0 10.8 24 240   M    M   6 13     33 240
19  68  49  59   1   6   0    T  0.0    0  9.4 23 300   M    M   7 1      30 290
20  70  43  57  -2   8   0 0.00  0.0    0  4.6 13  50   M    M   6        17  60
21  70  49  60   1   5   0 0.39  0.0    0  9.7 21 180   M    M   9 1      27 130
22  69  49  59   0   6   0 0.23    M    0  6.9 17 340   M    M   8 1      23 320
================================================================================
SM 1391  956       269  18  3.90     0.0 186.9          M      177
================================================================================
AV 63.2 43.5                               8.5 FASTST   M    M   8    MAX(MPH)
                                 MISC ---->  # 33 260               # 40  250
================================================================================
NOTES:
# LAST OF SEVERAL OCCURRENCES

COLUMN 17 PEAK WIND IN M.P.H.

PRELIMINARY LOCAL CLIMATOLOGICAL DATA (WS FORM: F-6) , PAGE 2

                                          STATION:  SYRACUSE NY
                                          MONTH:    MAY
                                          YEAR:     2017
                                          LATITUDE:   43  7 N
                                          LONGITUDE:  76  7 W

[TEMPERATURE DATA]      [PRECIPITATION DATA]       SYMBOLS USED IN COLUMN 16

AVERAGE MONTHLY: 53.3   TOTAL FOR MONTH:   3.90    1 = FOG OR MIST
DPTR FM NORMAL:  -2.8   DPTR FM NORMAL:    1.65    2 = FOG REDUCING VISIBILITY
HIGHEST:    88 ON 18,17 GRTST 24HR  1.20 ON  5- 5      TO 1/4 MILE OR LESS
LOWEST:     30 ON 10                               3 = THUNDER
                        SNOW, ICE PELLETS, HAIL    4 = ICE PELLETS
                        TOTAL MONTH:   0.0 INCH    5 = HAIL
                        GRTST 24HR     0.0         6 = FREEZING RAIN OR DRIZZLE
                        GRTST DEPTH:   0           7 = DUSTSTORM OR SANDSTORM:
                                                       VSBY 1/2 MILE OR LESS
                                                   8 = SMOKE OR HAZE
[NO. OF DAYS WITH]      [WEATHER - DAYS WITH]      9 = BLOWING SNOW
                                                   X = TORNADO
MAX 32 OR BELOW:   0    0.01 INCH OR MORE:  11
MAX 90 OR ABOVE:   0    0.10 INCH OR MORE:   9
MIN 32 OR BELOW:   1    0.50 INCH OR MORE:   3
MIN  0 OR BELOW:   0    1.00 INCH OR MORE:   1

[HDD (BASE 65) ]
TOTAL THIS MO.   269    CLEAR  (SCALE 0-3)   0
DPTR FM NORMAL    63    PTCLDY (SCALE 4-7)  13
TOTAL FM JUL 1  6036    CLOUDY (SCALE 8-10)  9
DPTR FM NORMAL  -505

[CDD (BASE 65) ]
TOTAL THIS MO.    18
DPTR FM NORMAL     6    [PRESSURE DATA]
TOTAL FM JAN 1    30    HIGHEST SLP M ON M
DPTR FM NORMAL    14    LOWEST  SLP 29.25 ON  6

[REMARKS]
