000
CXUS55 KPUB 231159
CF6TAD
PRELIMINARY LOCAL CLIMATOLOGICAL DATA (WS FORM: F-6)

                                          STATION:   TRINIDAD CO
                                          MONTH:     JANUARY
                                          YEAR:      2018
                                          LATITUDE:   37 16 N
                                          LONGITUDE: 104 20 W

  TEMPERATURE IN F:       :PCPN:    SNOW:  WIND      :SUNSHINE: SKY     :PK WND
================================================================================
1   2   3   4   5  6A  6B    7    8   9   10  11  12  13   14  15   16   17  18
                                     12Z  AVG MX 2MIN
DY MAX MIN AVG DEP HDD CDD  WTR  SNW DPTH SPD SPD DIR MIN PSBL S-S WX    SPD DR
================================================================================

 1  33   3  18 -14  47   0 0.00  0.0    0  4.0 14 360   M    M   0        15 360
 2  40   6  23  -9  42   0 0.00  0.0    0  6.5 14 260   M    M   0        16  10
 3  52  16  34   2  31   0 0.00  0.0    0 10.0 18 250   M    M   0 8      23 240
 4  52  14  33   1  32   0 0.00  0.0    0  8.1 16 260   M    M   0        18 250
 5  61  16  39   7  26   0 0.00  0.0    0  8.1 16 260   M    M   0        18 230
 6  55  26  41   9  24   0 0.00  0.0    0  8.2 25 270   M    M   0        33 280
 7  49  21  35   3  30   0    T  0.0    0  7.9 18 360   M    M   3        26 360
 8  63  23  43  11  22   0 0.00  0.0    0  9.2 18 280   M    M   0        21 280
 9  72  39  56  24   9   0 0.00  0.0    0 10.4 26 220   M    M   0        35 240
10  65  32  49  17  16   0 0.10    M    0 13.8 31 220   M    M   1 1      39  20
11  37  20  29  -3  36   0 0.00  0.0    0  6.9 20  20   M    M   4        26  20
12  54  20  37   5  28   0 0.00  0.0    0 12.9 37  20   M    M   2        53  10
13  51  19  35   3  30   0 0.00  0.0    0  7.0 13 290   M    M   0        15 300
14  58  20  39   7  26   0 0.00  0.0    0  8.5 16 360   M    M   1 1      21 250
15  29   6  18 -14  47   0    T    M    0  7.8 21  70   M    M   8 168    26  70
16  33  -3  15 -17  50   0 0.00  0.0    0  6.9 18 250   M    M   0        24 250
17  55  16  36   4  29   0 0.00  0.0    0  9.5 21 240   M    M   0        24 250
18  62  19  41   9  24   0 0.00  0.0    0  9.6 17 250   M    M   0        22 240
19  74  29  52  20  13   0 0.00  0.0    0 11.8 20 240   M    M   0        23 250
20  71  31  51  19  14   0 0.00  0.0    0 11.5 22 230   M    M   0        29 250
21  31  19  25  -7  40   0 0.03    M    0 10.1 24 350   M    M   9 168    30  10
22  46  12  29  -3  36   0 0.00  0.0    M 11.0 24 300   M    M   1        32 340
================================================================================
SM 1143  404       652   0  0.13     0.0 199.7          M       29
================================================================================
AV 52.0 18.4                               9.1 FASTST   M    M   1    MAX(MPH)
                                 MISC ---->  # 37  20               # 53   10
================================================================================
NOTES:
# LAST OF SEVERAL OCCURRENCES

COLUMN 17 PEAK WIND IN M.P.H.

PRELIMINARY LOCAL CLIMATOLOGICAL DATA (WS FORM: F-6) , PAGE 2

                                          STATION:  TRINIDAD CO
                                          MONTH:    JANUARY
                                          YEAR:     2018
                                          LATITUDE:   37 16 N
                                          LONGITUDE: 104 20 W

[TEMPERATURE DATA]      [PRECIPITATION DATA]       SYMBOLS USED IN COLUMN 16

AVERAGE MONTHLY: 35.2   TOTAL FOR MONTH:   0.13    1 = FOG OR MIST
DPTR FM NORMAL:   3.2   DPTR FM NORMAL:   -0.15    2 = FOG REDUCING VISIBILITY
HIGHEST:    74 ON 19    GRTST 24HR  0.10 ON 10-10      TO 1/4 MILE OR LESS
LOWEST:     -3 ON 16                               3 = THUNDER
                        SNOW, ICE PELLETS, HAIL    4 = ICE PELLETS
                        TOTAL MONTH:   0.0 INCH    5 = HAIL
                        GRTST 24HR     0.0         6 = FREEZING RAIN OR DRIZZLE
                        GRTST DEPTH:   0           7 = DUSTSTORM OR SANDSTORM:
                                                       VSBY 1/2 MILE OR LESS
                                                   8 = SMOKE OR HAZE
[NO. OF DAYS WITH]      [WEATHER - DAYS WITH]      9 = BLOWING SNOW
                                                   X = TORNADO
MAX 32 OR BELOW:   2    0.01 INCH OR MORE:   2
MAX 90 OR ABOVE:   0    0.10 INCH OR MORE:   1
MIN 32 OR BELOW:  21    0.50 INCH OR MORE:   0
MIN  0 OR BELOW:   1    1.00 INCH OR MORE:   0

[HDD (BASE 65) ]
TOTAL THIS MO.   652    CLEAR  (SCALE 0-3)  18
DPTR FM NORMAL   -72    PTCLDY (SCALE 4-7)   3
TOTAL FM JUL 1  2499    CLOUDY (SCALE 8-10)  1
DPTR FM NORMAL  -493

[CDD (BASE 65) ]
TOTAL THIS MO.     0
DPTR FM NORMAL     0    [PRESSURE DATA]
TOTAL FM JAN 1     0    HIGHEST SLP M ON M
DPTR FM NORMAL     0    LOWEST  SLP 29.41 ON 10

[REMARKS]
