429
CXUS54 KBMX 201216
CF6TCL
PRELIMINARY LOCAL CLIMATOLOGICAL DATA (WS FORM: F-6)

                                          STATION:   TUSCALOOSA
                                          MONTH:     JANUARY
                                          YEAR:      2018
                                          LATITUDE:   33 13 N
                                          LONGITUDE:  87 37 W

  TEMPERATURE IN F:       :PCPN:    SNOW:  WIND      :SUNSHINE: SKY     :PK WND
================================================================================
1   2   3   4   5  6A  6B    7    8   9   10  11  12  13   14  15   16   17  18
                                     12Z  AVG MX 2MIN
DY MAX MIN AVG DEP HDD CDD  WTR  SNW DPTH SPD SPD DIR MIN PSBL S-S WX    SPD DR
================================================================================

 1  30  17  24 -21  41   0 0.00  0.0    0 13.3 21  10   M    M   0        27  20
 2  36  15  26 -19  39   0 0.00  0.0    0  6.1 14  20   M    M   0        17  20
 3  42  27  35 -10  30   0 0.00  0.0    0  5.4 12 290   M    M   3        16 290
 4  39  21  30 -15  35   0 0.00  0.0    0  7.2 16 290   M    M   0        22 320
 5  45  17  31 -14  34   0 0.00  0.0    0  3.1  8 300   M    M   0        11 300
 6  49  21  35  -9  30   0 0.00  0.0    0  4.1 10  40   M    M   0        13  60
 7  52  24  38  -6  27   0    T  0.0    0  6.0 15 140   M    M   3        22 130
 8  52  38  45   1  20   0 0.84  0.0    0  6.7 13 110   M    M  10 1      21 120
 9  64  47  56  12   9   0 0.02  0.0    0  4.2  9  80   M    M   6 1      13  90
10  66  44  55  11  10   0 0.00  0.0    0  4.9 12 150   M    M   9 1      17 110
11  73  62  68  24   0   3 0.06  0.0    0  7.6 18 180   M    M  10 1      24 150
12  65  27  46   2  19   0 0.12  0.0    0 13.0 26 220   M    M   9 1      31 230
13  35  25  30 -14  35   0 0.00  0.0    0  9.8 18 340   M    M   6        25 350
14  44  21  33 -11  32   0 0.00  0.0    0  4.2 13  10   M    M   2        15  10
15  54  26  40  -4  25   0 0.00  0.0    0  2.0 10 180   M    M   2        15 240
16  36  21  29 -15  36   0    T    M    0  9.3 18  10   M    M   7 18     24 340
17  32  10  21 -23  44   0 0.00  0.0    M 10.0 17 350   M    M   1        22 310
18  43  15  29 -15  36   0 0.00  0.0    0  3.6  9 340   M    M   0        14 360
19  53  16  35  -9  30   0 0.00    M    M  1.4  7 160   M    M   3         9 140
================================================================================
SM  910  494       532   3  1.04     0.0 121.9          M       71
================================================================================
AV 47.9 26.0                               6.4 FASTST   M    M   4    MAX(MPH)
                                 MISC ---->  # 26 220               # 31  230
================================================================================
NOTES:
# LAST OF SEVERAL OCCURRENCES

COLUMN 17 PEAK WIND IN M.P.H.

PRELIMINARY LOCAL CLIMATOLOGICAL DATA (WS FORM: F-6) , PAGE 2

                                          STATION:  TUSCALOOSA
                                          MONTH:    JANUARY
                                          YEAR:     2018
                                          LATITUDE:   33 13 N
                                          LONGITUDE:  87 37 W

[TEMPERATURE DATA]      [PRECIPITATION DATA]       SYMBOLS USED IN COLUMN 16

AVERAGE MONTHLY: 37.0   TOTAL FOR MONTH:   1.04    1 = FOG OR MIST
DPTR FM NORMAL:  -7.3   DPTR FM NORMAL:   -2.04    2 = FOG REDUCING VISIBILITY
HIGHEST:    73 ON 11    GRTST 24HR  0.84 ON  8- 8      TO 1/4 MILE OR LESS
LOWEST:     10 ON 17                               3 = THUNDER
                        SNOW, ICE PELLETS, HAIL    4 = ICE PELLETS
                        TOTAL MONTH:   0.0 INCH    5 = HAIL
                        GRTST 24HR     0.0         6 = FREEZING RAIN OR DRIZZLE
                        GRTST DEPTH:   0           7 = DUSTSTORM OR SANDSTORM:
                                                       VSBY 1/2 MILE OR LESS
                                                   8 = SMOKE OR HAZE
[NO. OF DAYS WITH]      [WEATHER - DAYS WITH]      9 = BLOWING SNOW
                                                   X = TORNADO
MAX 32 OR BELOW:   2    0.01 INCH OR MORE:   4
MAX 90 OR ABOVE:   0    0.10 INCH OR MORE:   2
MIN 32 OR BELOW:  15    0.50 INCH OR MORE:   1
MIN  0 OR BELOW:   0    1.00 INCH OR MORE:   0

[HDD (BASE 65) ]
TOTAL THIS MO.   532    CLEAR  (SCALE 0-3)  11
DPTR FM NORMAL   138    PTCLDY (SCALE 4-7)   4
TOTAL FM JUL 1  1491    CLOUDY (SCALE 8-10)  4
DPTR FM NORMAL    96

[CDD (BASE 65) ]
TOTAL THIS MO.     3
DPTR FM NORMAL     3    [PRESSURE DATA]
TOTAL FM JAN 1     3    HIGHEST SLP M ON M
DPTR FM NORMAL     3    LOWEST  SLP 29.66 ON 12

[REMARKS]
