000
CXUS52 KMFL 291000
CF6TMB
PRELIMINARY LOCAL CLIMATOLOGICAL DATA (WS FORM: F-6)

                                          STATION:   KENDALL-TAMIAMI EXEC ARPT
                                          MONTH:     JULY
                                          YEAR:      2016
                                          LATITUDE:   25 38 N
                                          LONGITUDE:  80 26 W

  TEMPERATURE IN F:       :PCPN:    SNOW:  WIND      :SUNSHINE: SKY     :PK WND
================================================================================
1   2   3   4   5  6A  6B    7    8   9   10  11  12  13   14  15   16   17  18
                                     12Z  AVG MX 2MIN
DY MAX MIN AVG DEP HDD CDD  WTR  SNW DPTH SPD SPD DIR MIN PSBL S-S WX    SPD DR
================================================================================

 1  89  75  82   0   0  17    T  0.0    0  3.6 15 330   M    M   3        22 150
 2  90  76  83   1   0  18 0.01  0.0    0  3.5 17 180   M    M   2        25 140
 3   M   M   M   M   M   M 1.14    M    0  0.9  7 130   M    M   6 1       M  M
 4  92  80  86   4   0  21 0.03  0.0    0  8.1 14 120   M    M   2         M  M
 5  92  78  85   3   0  20 0.00  0.0    0  6.7 14 100   M    M   1        21  90
 6  92  78  85   3   0  20 0.00  0.0    0  7.5 14 120   M    M   1        20 110
 7  93  77  85   3   0  20 0.00  0.0    0  6.5 15 100   M    M   1        21 100
 8  92  75  84   2   0  19 0.00  0.0    0  4.9 15 100   M    M   2        18 100
 9  92  83  88   6   0  23 0.00  0.0    0  8.1 12 140   M    M   0        20 150
10  91  76  84   2   0  19 0.17  0.0    0  6.8 16 110   M    M   2 1      20 100
11  92  76  84   2   0  19 0.00  0.0    0  8.4 15 110   M    M   1        21  90
12  93  77  85   3   0  20    T  0.0    0  6.9 16 100   M    M   2        21  90
13  91  77  84   2   0  19 0.03  0.0    0  4.2 14  40   M    M   3        17  70
14  92  76  84   2   0  19 0.00  0.0    0  7.5 20 100   M    M   2 3      25 100
15  92  72  82   0   0  17 1.58  0.0    0  7.8 23  40   M    M   3 1      32 160
16  91  73  82   0   0  17 1.56  0.0    0  7.8 18 110   M    M   3 1      24 110
17  91  76  84   2   0  19 0.09  0.0    0 10.5 21  90   M    M   2        27 100
18  91  74  83   1   0  18 0.22  0.0    0 12.3 26 100   M    M   3 1      33 100
19  90  77  84   2   0  19 0.03  0.0    0 10.9 25  90   M    M   1        32  90
20  91  78  85   3   0  20    T  0.0    0 11.2 20  90   M    M   2        24  80
21  87  76  82   0   0  17 1.11  0.0    0  5.7 25 100   M    M   4 1      38 110
22  89  72  81  -1   0  16 0.46  0.0    0  3.6 21  40   M    M   2 1      28  60
23  89  70  80  -2   0  15 0.13  0.0    0  3.8 22  70   M    M   2 1      28  80
24  85  74  80  -2   0  15 0.04  0.0    0  3.9 18  90   M    M   1        23  90
25  90  74  82   0   0  17 0.00  0.0    0  7.4 18 110   M    M   2        22 100
26  91  77  84   2   0  19 0.02  0.0    0  7.6 20 120   M    M   2        26 140
27  91  77  84   1   0  19 0.13  0.0    0  9.7 20  80   M    M   2        24 100
28  92  78  85   2   0  20    T  0.0    0  7.9 16  90   M    M   2        19 110
================================================================================
SM 2451 2052         0 502  6.75     0.0 193.7          M       59
================================================================================
AV 90.8 76.0                               6.9 FASTST   M    M   2    MAX(MPH)
                                 MISC ---->  # 26 100               # 38  110
================================================================================
NOTES:
# LAST OF SEVERAL OCCURRENCES

COLUMN 17 PEAK WIND IN M.P.H.

PRELIMINARY LOCAL CLIMATOLOGICAL DATA (WS FORM: F-6) , PAGE 2

                                          STATION:  KENDALL-TAMIAMI EXEC ARPT
                                          MONTH:    JULY
                                          YEAR:     2016
                                          LATITUDE:   25 38 N
                                          LONGITUDE:  80 26 W

[TEMPERATURE DATA]      [PRECIPITATION DATA]       SYMBOLS USED IN COLUMN 16

AVERAGE MONTHLY: 83.4   TOTAL FOR MONTH:   6.75    1 = FOG OR MIST
DPTR FM NORMAL:   1.3   DPTR FM NORMAL:   -0.02    2 = FOG REDUCING VISIBILITY
HIGHEST:    93 ON 12, 7 GRTST 24HR  1.72 ON 15-16      TO 1/4 MILE OR LESS
LOWEST:     70 ON 23                               3 = THUNDER
                        SNOW, ICE PELLETS, HAIL    4 = ICE PELLETS
                        TOTAL MONTH:   0.0 INCH    5 = HAIL
                        GRTST 24HR     0.0         6 = FREEZING RAIN OR DRIZZLE
                        GRTST DEPTH:   0           7 = DUSTSTORM OR SANDSTORM:
                                                       VSBY 1/2 MILE OR LESS
                                                   8 = SMOKE OR HAZE
[NO. OF DAYS WITH]      [WEATHER - DAYS WITH]      9 = BLOWING SNOW
                                                   X = TORNADO
MAX 32 OR BELOW:   0    0.01 INCH OR MORE:  16
MAX 90 OR ABOVE:  22    0.10 INCH OR MORE:   9
MIN 32 OR BELOW:   0    0.50 INCH OR MORE:   4
MIN  0 OR BELOW:   0    1.00 INCH OR MORE:   4

[HDD (BASE 65) ]
TOTAL THIS MO.     0    CLEAR  (SCALE 0-3)  25
DPTR FM NORMAL     0    PTCLDY (SCALE 4-7)   3
TOTAL FM JUL 1     0    CLOUDY (SCALE 8-10)  0
DPTR FM NORMAL     0

[CDD (BASE 65) ]
TOTAL THIS MO.   502
DPTR FM NORMAL    24    [PRESSURE DATA]
TOTAL FM JAN 1  2268    HIGHEST SLP M ON M
DPTR FM NORMAL   310    LOWEST  SLP 29.99 ON M

[REMARKS]
