000
CXUS54 KBMX 221216
CF6TOI
PRELIMINARY LOCAL CLIMATOLOGICAL DATA (WS FORM: F-6)

                                          STATION:   TROY
                                          MONTH:     OCTOBER
                                          YEAR:      2014
                                          LATITUDE:   31 51 N
                                          LONGITUDE:  86  1 W

  TEMPERATURE IN F:       :PCPN:    SNOW:  WIND      :SUNSHINE: SKY     :PK WND
================================================================================
1   2   3   4   5  6A  6B    7    8   9   10  11  12  13   14  15   16   17  18
                                     12Z  AVG MX 2MIN
DY MAX MIN AVG DEP HDD CDD  WTR  SNW DPTH SPD SPD DIR MIN PSBL S-S WX    SPD DR
================================================================================

 1  86  61  74   4   0   9 0.00  0.0    0  1.1  7 140   M    M   5 12     10 130
 2  87  61  74   4   0   9 0.00  0.0    0  2.7 12 190   M    M   4        20 180
 3  82  65  74   4   0   9 0.38  0.0    0  5.8 22 300   M    M   6 13     26 300
 4  69  44  57 -12   8   0 0.00  0.0    0  8.1 21 340   M    M   0        26 350
 5  75  39  57 -12   8   0 0.00  0.0    0  1.8 12 150   M    M   0        16 150
 6  82  45  64  -4   1   0 0.00  0.0    0  3.8 15 180   M    M   0        20 160
 7  86  56  71   3   0   6 0.00  0.0    0  3.6 14 180   M    M   0 1      21 180
 8  89  64  77   9   0  12 0.00  0.0    0  1.8 10 330   M    M   3 12     14 350
 9  90  61  76   9   0  11 0.00  0.0    0  1.5 12 210   M    M   1 12     14 170
10  89  61  75   8   0  10 0.00  0.0    0  3.6 14 220   M    M   3 12     20 210
11  88  66  77  10   0  12 0.00  0.0    0  2.8 10 190   M    M   3 12     13 190
12  89  62  76  10   0  11 0.00  0.0    0  3.3 14 230   M    M   3 12     19 160
13  86  65  76  10   0  11 1.12  0.0    0 11.2 23 130   M    M   7 138    34 140
14  75  55  65  -1   0   0 1.33  0.0    0  6.8 18 230   M    M   5 13     25 240
15  74  50  62  -3   3   0 0.00  0.0    0  3.9 17 260   M    M   1 1      24 270
16  78  46  62  -3   3   0 0.00  0.0    0  3.9 18 330   M    M   0        27 320
17  82  44  63  -2   2   0 0.00  0.0    0  2.2 12 220   M    M   0        15 230
18  84  52  68   4   0   3 0.00  0.0    0  5.9 17 330   M    M   0 1      23 330
19  76  48  62  -2   3   0 0.00  0.0    0  4.3 15  10   M    M   0        22 360
20  77  42  60  -4   5   0 0.00  0.0    0  1.4  8 240   M    M   0        12 250
21  80  45  63   0   2   0 0.00  0.0    0  2.7 12 330   M    M   0        17 310
================================================================================
SM 1724 1132        35 103  2.83     0.0  82.2          M       41
================================================================================
AV 82.1 53.9                               3.9 FASTST   M    M   2    MAX(MPH)
                                 MISC ---->  # 23 130               # 34  140
================================================================================
NOTES:
# LAST OF SEVERAL OCCURRENCES

COLUMN 17 PEAK WIND IN M.P.H.

PRELIMINARY LOCAL CLIMATOLOGICAL DATA (WS FORM: F-6) , PAGE 2

                                          STATION:  TROY
                                          MONTH:    OCTOBER
                                          YEAR:     2014
                                          LATITUDE:   31 51 N
                                          LONGITUDE:  86  1 W

[TEMPERATURE DATA]      [PRECIPITATION DATA]       SYMBOLS USED IN COLUMN 16

AVERAGE MONTHLY: 68.0   TOTAL FOR MONTH:   2.83    1 = FOG OR MIST
DPTR FM NORMAL:   1.3   DPTR FM NORMAL:    0.73    2 = FOG REDUCING VISIBILITY
HIGHEST:    90 ON  9    GRTST 24HR  2.45 ON 13-14      TO 1/4 MILE OR LESS
LOWEST:     39 ON  5                               3 = THUNDER
                        SNOW, ICE PELLETS, HAIL    4 = ICE PELLETS
                        TOTAL MONTH:   0.0 INCH    5 = HAIL
                        GRTST 24HR     0.0         6 = FREEZING RAIN OR DRIZZLE
                        GRTST DEPTH:   0           7 = DUSTSTORM OR SANDSTORM:
                                                       VSBY 1/2 MILE OR LESS
                                                   8 = SMOKE OR HAZE
[NO. OF DAYS WITH]      [WEATHER - DAYS WITH]      9 = BLOWING SNOW
                                                   X = TORNADO
MAX 32 OR BELOW:   0    0.01 INCH OR MORE:   3
MAX 90 OR ABOVE:   1    0.10 INCH OR MORE:   3
MIN 32 OR BELOW:   0    0.50 INCH OR MORE:   2
MIN  0 OR BELOW:   0    1.00 INCH OR MORE:   2

[HDD (BASE 65) ]
TOTAL THIS MO.    35    CLEAR  (SCALE 0-3)  16
DPTR FM NORMAL    -8    PTCLDY (SCALE 4-7)   5
TOTAL FM JUL 1    35    CLOUDY (SCALE 8-10)  0
DPTR FM NORMAL   -12

[CDD (BASE 65) ]
TOTAL THIS MO.   103
DPTR FM NORMAL    24    [PRESSURE DATA]
TOTAL FM JAN 1  2198    HIGHEST SLP M ON M
DPTR FM NORMAL   171    LOWEST  SLP 29.69 ON 14

[REMARKS]
