901
CXUS54 KBMX 221216
CF6TOI
PRELIMINARY LOCAL CLIMATOLOGICAL DATA (WS FORM: F-6)

                                          STATION:   TROY
                                          MONTH:     MARCH
                                          YEAR:      2017
                                          LATITUDE:   31 51 N
                                          LONGITUDE:  86  1 W

  TEMPERATURE IN F:       :PCPN:    SNOW:  WIND      :SUNSHINE: SKY     :PK WND
================================================================================
1   2   3   4   5  6A  6B    7    8   9   10  11  12  13   14  15   16   17  18
                                     12Z  AVG MX 2MIN
DY MAX MIN AVG DEP HDD CDD  WTR  SNW DPTH SPD SPD DIR MIN PSBL S-S WX    SPD DR
================================================================================

 1  82  61  72  19   0   7 0.32  0.0    0 10.7 25 210   M    M   7 13     34 210
 2  62  44  53   0  12   0 0.00  0.0    0 11.4 22 340   M    M   2        27 360
 3  65  33  49  -4  16   0 0.00  0.0    0  6.9 21  10   M    M   0        29  10
 4  67  32  50  -4  15   0 0.00  0.0    0  3.5 15 110   M    M   0        20  60
 5  69  39  54   0  11   0 0.00  0.0    0  5.0 12 160   M    M   4        15 160
 6  75  52  64  10   1   0    T  0.0    0  8.7 23 140   M    M   5        36 120
 7  71  49  60   6   5   0 0.48  0.0    0  9.0 24 310   M    M   5 1      29 330
 8  74  43  59   4   6   0    T  0.0    0  5.4 18 350   M    M   4 1      23 330
 9  79  39  59   4   6   0 0.00  0.0    0  2.3 10 170   M    M   0        18 140
10  72  51  62   7   3   0 0.36  0.0    0  7.7 25 340   M    M   3 13     32 350
11  71  41  56   1   9   0 0.00  0.0    0  6.1 13  30   M    M   1 8      19  20
12  50  43  47  -9  18   0 0.11    M    0  9.7 16 100   M    M  10 1      22  80
13  49  45  47  -9  18   0 0.19  0.0    0  6.9 16 320   M    M  10 1      20 320
14  52  38  45 -11  20   0 0.00  0.0    0 12.3 22 320   M    M   9        27 320
15  49  28  39 -17  26   0 0.00  0.0    0  7.7 20 320   M    M   1        27 310
16  56  25  41 -15  24   0 0.00  0.0    0  2.8 15  10   M    M   5        18  40
17  73  39  56  -1   9   0 0.00  0.0    0  3.6 13 200   M    M   4        16 200
18  72  47  60   3   5   0    T  0.0    0  6.4 15 240   M    M   5        21 260
19  74  40  57   0   8   0 0.00  0.0    0  6.6 20 340   M    M   0        27 360
20  81  42  62   5   3   0 0.00  0.0    0  2.9 12 260   M    M   2        15 120
21  86  55  71  13   0   6 0.00  0.0    0  4.6 14 220   M    M   1 1      19 230
================================================================================
SM 1429  886       215  13  1.46     0.0 140.2          M       78
================================================================================
AV 68.1 42.2                               6.7 FASTST   M    M   4    MAX(MPH)
                                 MISC ---->  # 25 210               # 36  120
================================================================================
NOTES:
# LAST OF SEVERAL OCCURRENCES

COLUMN 17 PEAK WIND IN M.P.H.

PRELIMINARY LOCAL CLIMATOLOGICAL DATA (WS FORM: F-6) , PAGE 2

                                          STATION:  TROY
                                          MONTH:    MARCH
                                          YEAR:     2017
                                          LATITUDE:   31 51 N
                                          LONGITUDE:  86  1 W

[TEMPERATURE DATA]      [PRECIPITATION DATA]       SYMBOLS USED IN COLUMN 16

AVERAGE MONTHLY: 55.1   TOTAL FOR MONTH:   1.46    1 = FOG OR MIST
DPTR FM NORMAL:  -0.2   DPTR FM NORMAL:   -2.34    2 = FOG REDUCING VISIBILITY
HIGHEST:    86 ON 21    GRTST 24HR  0.48 ON  7- 7      TO 1/4 MILE OR LESS
LOWEST:     25 ON 16                               3 = THUNDER
                        SNOW, ICE PELLETS, HAIL    4 = ICE PELLETS
                        TOTAL MONTH:   0.0 INCH    5 = HAIL
                        GRTST 24HR     0.0         6 = FREEZING RAIN OR DRIZZLE
                        GRTST DEPTH:   0           7 = DUSTSTORM OR SANDSTORM:
                                                       VSBY 1/2 MILE OR LESS
                                                   8 = SMOKE OR HAZE
[NO. OF DAYS WITH]      [WEATHER - DAYS WITH]      9 = BLOWING SNOW
                                                   X = TORNADO
MAX 32 OR BELOW:   0    0.01 INCH OR MORE:   5
MAX 90 OR ABOVE:   0    0.10 INCH OR MORE:   5
MIN 32 OR BELOW:   3    0.50 INCH OR MORE:   0
MIN  0 OR BELOW:   0    1.00 INCH OR MORE:   0

[HDD (BASE 65) ]
TOTAL THIS MO.   215    CLEAR  (SCALE 0-3)  10
DPTR FM NORMAL     3    PTCLDY (SCALE 4-7)   8
TOTAL FM JUL 1  1376    CLOUDY (SCALE 8-10)  3
DPTR FM NORMAL  -755

[CDD (BASE 65) ]
TOTAL THIS MO.    13
DPTR FM NORMAL    12    [PRESSURE DATA]
TOTAL FM JAN 1    35    HIGHEST SLP M ON M
DPTR FM NORMAL    29    LOWEST  SLP 29.87 ON  1

[REMARKS]
