000
CXUS51 KCLE 010800
CF6TOL
PRELIMINARY LOCAL CLIMATOLOGICAL DATA (WS FORM: F-6)

                                          STATION:   TOLEDO OH
                                          MONTH:     JUNE
                                          YEAR:      2015
                                          LATITUDE:   41 35 N
                                          LONGITUDE:  83 48 W

  TEMPERATURE IN F:       :PCPN:    SNOW:  WIND      :SUNSHINE: SKY     :PK WND
================================================================================
1   2   3   4   5  6A  6B    7    8   9   10  11  12  13   14  15   16   17  18
                                     12Z  AVG MX 2MIN
DY MAX MIN AVG DEP HDD CDD  WTR  SNW DPTH SPD SPD DIR MIN PSBL S-S WX    SPD DR
================================================================================

 1  61  47  54 -11  11   0 0.00  0.0    0  7.8 12  60   M    M   6        16  40
 2  68  45  57  -8   8   0 0.00  0.0    0  7.6 16  70   M    M   1        22  50
 3  73  46  60  -6   5   0 0.00  0.0    0  5.2 14  60   M    M   1        18  70
 4  81  54  68   2   0   3 0.00  0.0    0  3.2 12 210   M    M   5 1      15 200
 5  84  56  70   4   0   5 0.00  0.0    0  8.1 21 360   M    M   4 1      25 360
 6  71  52  62  -5   3   0 0.00  0.0    0 10.4 17  50   M    M   5        22  50
 7  82  49  66  -1   0   1 0.07  0.0    0  8.1 28 250   M    M   5 1      35 260
 8  78  60  69   2   0   4 1.17  0.0    0 11.5 23 290   M    M   6 18     30 290
 9  78  57  68   0   0   3 0.00  0.0    0  9.1 18 250   M    M   1 1      23 260
10  88  61  75   7   0  10 0.56  0.0    0 12.5 31 260   M    M   5 18     37 240
11  75  64  70   2   0   5    T  0.0    0  9.2 16  80   M    M   3 1      21  80
12  82  60  71   2   0   6 0.17  0.0    0  8.9 21 250   M    M   4 18     26 230
13  79  60  70   1   0   5 0.23  0.0    0  6.7 15  60   M    M   8 1      18  60
14  87  65  76   7   0  11    T  0.0    0 10.3 28 250   M    M   4 1      35 250
15  87  71  79   9   0  14 1.01  0.0    0  8.7 26 290   M    M   6 12     35 280
16  81  64  73   3   0   8 0.30  0.0    0  7.1 15 340   M    M   4 1      18 340
17  74  64  69  -1   0   4 0.00  0.0    0  5.9 12  60   M    M   6        17 130
18  86  67  77   7   0  12 0.02  0.0    0  8.9 28 260   M    M   7 8      33 240
19  73  60  67  -4   0   2 0.00  0.0    0  6.8 14 350   M    M   4        19 360
20  77  62  70  -1   0   5 0.10  0.0    0  6.3 12 230   M    M   9 18     15  80
21  83  64  74   3   0   9    T  0.0    0  9.5 20 280   M    M   3 1      25 270
22  85  62  74   2   0   9    T  0.0    0  8.0 20 220   M    M   3 1      29 210
23  80  64  72   0   0   7 0.02  0.0    0 10.6 20 210   M    M   4        28 210
24  78  58  68  -4   0   3 0.00  0.0    0  2.9  9 210   M    M   0        14 220
25  70  60  65  -7   0   0 0.12  0.0    0  3.2 13 210   M    M   7 1      16 200
26  73  61  67  -5   0   2 0.12  0.0    0  9.2 20  60   M    M   6 18     24  70
27  62  58  60 -13   5   0 3.33  0.0    0 18.4 35  30   M    M  10 1      47  30
28  76  57  67  -6   0   2 0.00  0.0    0  8.9 22 340   M    M   5        27 350
29  70  54  62 -11   3   0 0.00  0.0    0  4.6 15 170   M    M   7 1      21 130
30  76  60  68  -5   0   3 0.00  0.0    0  5.9 15 310   M    M   7 1      21 310
================================================================================
SM 2318 1762        35 133  7.22     0.0 243.5          M      146
================================================================================
AV 77.3 58.7                               8.1 FASTST   M    M   5    MAX(MPH)
                                 MISC ---->  # 35  30               # 47   30
================================================================================
NOTES:
# LAST OF SEVERAL OCCURRENCES

COLUMN 17 PEAK WIND IN M.P.H.

PRELIMINARY LOCAL CLIMATOLOGICAL DATA (WS FORM: F-6) , PAGE 2

                                          STATION:  TOLEDO OH
                                          MONTH:    JUNE
                                          YEAR:     2015
                                          LATITUDE:   41 35 N
                                          LONGITUDE:  83 48 W

[TEMPERATURE DATA]      [PRECIPITATION DATA]       SYMBOLS USED IN COLUMN 16

AVERAGE MONTHLY: 68.0   TOTAL FOR MONTH:   7.22    1 = FOG OR MIST
DPTR FM NORMAL:  -1.5   DPTR FM NORMAL:    3.65    2 = FOG REDUCING VISIBILITY
HIGHEST:    88 ON 10    GRTST 24HR  3.42 ON 26-27      TO 1/4 MILE OR LESS
LOWEST:     45 ON  2                               3 = THUNDER
                        SNOW, ICE PELLETS, HAIL    4 = ICE PELLETS
                        TOTAL MONTH:   0.0 INCH    5 = HAIL
                        GRTST 24HR     0.0         6 = FREEZING RAIN OR DRIZZLE
                        GRTST DEPTH:   0           7 = DUSTSTORM OR SANDSTORM:
                                                       VSBY 1/2 MILE OR LESS
                                                   8 = SMOKE OR HAZE
[NO. OF DAYS WITH]      [WEATHER - DAYS WITH]      9 = BLOWING SNOW
                                                   X = TORNADO
MAX 32 OR BELOW:   0    0.01 INCH OR MORE:  13
MAX 90 OR ABOVE:   0    0.10 INCH OR MORE:  10
MIN 32 OR BELOW:   0    0.50 INCH OR MORE:   4
MIN  0 OR BELOW:   0    1.00 INCH OR MORE:   3

[HDD (BASE 65) ]
TOTAL THIS MO.    35    CLEAR  (SCALE 0-3)   7
DPTR FM NORMAL     0    PTCLDY (SCALE 4-7)  21
TOTAL FM JUL 1  6896    CLOUDY (SCALE 8-10)  2
DPTR FM NORMAL   751

[CDD (BASE 65) ]
TOTAL THIS MO.   133
DPTR FM NORMAL   -37    [PRESSURE DATA]
TOTAL FM JAN 1   226    HIGHEST SLP 30.23 ON  1
DPTR FM NORMAL     3    LOWEST  SLP 29.61 ON  8

[REMARKS]
#FINAL-06-15#
