000
CXUS51 KCLE 200800
CF6TOL
PRELIMINARY LOCAL CLIMATOLOGICAL DATA (WS FORM: F-6)

                                          STATION:   TOLEDO OH
                                          MONTH:     FEBRUARY
                                          YEAR:      2018
                                          LATITUDE:   41 35 N
                                          LONGITUDE:  83 48 W

  TEMPERATURE IN F:       :PCPN:    SNOW:  WIND      :SUNSHINE: SKY     :PK WND
================================================================================
1   2   3   4   5  6A  6B    7    8   9   10  11  12  13   14  15   16   17  18
                                     12Z  AVG MX 2MIN
DY MAX MIN AVG DEP HDD CDD  WTR  SNW DPTH SPD SPD DIR MIN PSBL S-S WX    SPD DR
================================================================================

 1  39  12  26   0  39   0 0.00  0.0    0 15.4 25 280   M    M   6        31 300
 2  19   8  14 -12  51   0    T    T    0  9.8 20 250   M    M   5 18     25 280
 3  35  12  24  -2  41   0    T    T    T 11.5 23 220   M    M   9 1      30 210
 4  35  11  23  -3  42   0 0.26  2.7    1 11.2 25 220   M    M  10 1      33 230
 5  17   0   9 -17  56   0 0.05  0.6    3  7.0 18 240   M    M   6 1      23 250
 6  23   2  13 -13  52   0 0.04  1.0    4  4.7 12 270   M    M   5 1      14 260
 7  26  14  20  -7  45   0 0.11  1.1    4  8.5 14 260   M    M   9 1      18 290
 8  19   4  12 -15  53   0    T    T    4  9.0 21 250   M    M   7 18     25 250
 9  36  14  25  -2  40   0 0.32  3.8    7  4.2 10 240   M    M  10 128    13 110
10  26  23  25  -2  40   0    T    T    8  8.5 14  30   M    M  10 1      18 360
11  31  23  27   0  38   0 0.08  0.0    7 10.4 17 290   M    M   9 16     22 300
12  28   8  18 -10  47   0 0.00  0.0    6  4.7 13 280   M    M   0 1      17 270
13  32   5  19  -9  46   0    T  0.0    5  4.5 13  90   M    M   2        16 100
14  44  23  34   6  31   0 0.00  0.0    4  8.3 17 230   M    M   5 12     22 230
15  56  43  50  22  15   0 0.31  0.0    1  9.4 18 230   M    M  10 12     24 230
16  45  22  34   6  31   0 0.00  0.0    0  8.4 22 340   M    M   6 1      28 340
17  34  18  26  -3  39   0 0.06  1.1    0  4.0  9 200   M    M   5 1      12 250
18  38  28  33   4  32   0 0.00  0.0    1  7.6 15 200   M    M   6 1      20 190
19  61  33  47  18  18   0 1.06  0.0    0  7.6 20 230   M    M   7 1      27 200
================================================================================
SM  644  303       756   0  2.29    10.3 154.7          M      127
================================================================================
AV 33.9 16.0                               8.1 FASTST   M    M   7    MAX(MPH)
                                 MISC ---->  # 25 280               # 33  230
================================================================================
NOTES:
# LAST OF SEVERAL OCCURRENCES

COLUMN 17 PEAK WIND IN M.P.H.

PRELIMINARY LOCAL CLIMATOLOGICAL DATA (WS FORM: F-6) , PAGE 2

                                          STATION:  TOLEDO OH
                                          MONTH:    FEBRUARY
                                          YEAR:     2018
                                          LATITUDE:   41 35 N
                                          LONGITUDE:  83 48 W

[TEMPERATURE DATA]      [PRECIPITATION DATA]       SYMBOLS USED IN COLUMN 16

AVERAGE MONTHLY: 24.9   TOTAL FOR MONTH:   2.29    1 = FOG OR MIST
DPTR FM NORMAL:  -2.3   DPTR FM NORMAL:    0.93    2 = FOG REDUCING VISIBILITY
HIGHEST:    61 ON 19    GRTST 24HR  1.06 ON 19-19      TO 1/4 MILE OR LESS
LOWEST:      0 ON  5                               3 = THUNDER
                        SNOW, ICE PELLETS, HAIL    4 = ICE PELLETS
                        TOTAL MONTH:  10.3 INCHES  5 = HAIL
                        GRTST 24HR   3.8 ON  9- 9  6 = FREEZING RAIN OR DRIZZLE
                        GRTST DEPTH:   8 ON 10     7 = DUSTSTORM OR SANDSTORM:
                                                       VSBY 1/2 MILE OR LESS
                                                   8 = SMOKE OR HAZE
[NO. OF DAYS WITH]      [WEATHER - DAYS WITH]      9 = BLOWING SNOW
                                                   X = TORNADO
MAX 32 OR BELOW:   9    0.01 INCH OR MORE:   9
MAX 90 OR ABOVE:   0    0.10 INCH OR MORE:   5
MIN 32 OR BELOW:  17    0.50 INCH OR MORE:   1
MIN  0 OR BELOW:   1    1.00 INCH OR MORE:   1

[HDD (BASE 65) ]
TOTAL THIS MO.   756    CLEAR  (SCALE 0-3)   2
DPTR FM NORMAL    38    PTCLDY (SCALE 4-7)  10
TOTAL FM JUL 1  4227    CLOUDY (SCALE 8-10)  7
DPTR FM NORMAL   -40

[CDD (BASE 65) ]
TOTAL THIS MO.     0
DPTR FM NORMAL     0    [PRESSURE DATA]
TOTAL FM JAN 1     0    HIGHEST SLP M ON M
DPTR FM NORMAL     0    LOWEST  SLP 29.63 ON 15

[REMARKS]
