000
CXUS55 KTBW 231000
CF6TPA
PRELIMINARY LOCAL CLIMATOLOGICAL DATA (WS FORM: F-6)

                                          STATION:   Tampa
                                          MONTH:     JANUARY
                                          YEAR:      2017
                                          LATITUDE:   27 58 N
                                          LONGITUDE:  82 32 W

  TEMPERATURE IN F:       :PCPN:    SNOW:  WIND      :SUNSHINE: SKY     :PK WND
================================================================================
1   2   3   4   5  6A  6B    7    8   9   10  11  12  13   14  15   16   17  18
                                     12Z  AVG MX 2MIN
DY MAX MIN AVG DEP HDD CDD  WTR  SNW DPTH SPD SPD DIR MIN PSBL S-S WX    SPD DR
================================================================================

 1  81  59  70   9   0   5 0.00  0.0    0  4.9 14 140   M    M   3 8      20 140
 2  84  68  76  15   0  11 0.00  0.0    0  6.6 14 190   M    M   4        23 180
 3  80  70  75  14   0  10 0.02  0.0    0  7.8 14 170   M    M   7 1      19 180
 4  77  62  70   9   0   5 0.02  0.0    0  6.4 17 280   M    M   8 1      26 280
 5  73  61  67   7   0   2 0.00  0.0    0  3.2 10 260   M    M   5        14 270
 6  78  59  69   9   0   4 0.02  0.0    0  4.7 13 190   M    M   4 13     15 110
 7  74  40  57  -3   8   0 0.17  0.0    0 13.7 22 360   M    M   6 13     29 360
 8  54  34  44 -16  21   0 0.00  0.0    0 10.3 21  30   M    M   1        30  10
 9  68  41  55  -5  10   0 0.00  0.0    0  7.7 14  30   M    M   1        22  40
10  73  50  62   2   3   0 0.00  0.0    0  7.1 14 120   M    M   3        18 120
11  77  56  67   7   0   2 0.00  0.0    0  4.6  9 130   M    M   3        14 100
12  82  58  70  10   0   5 0.00  0.0    0  4.4 10  70   M    M   1        15 130
13  78  64  71  11   0   6    T  0.0    0  5.5 13  50   M    M   6        18  40
14  80  65  73  13   0   8 0.00  0.0    0  5.5 13  50   M    M   6 1      20  40
15  79  63  71  11   0   6 0.00  0.0    0  3.6 10 130   M    M   7        13 110
16  81  64  73  13   0   8 0.00  0.0    0  5.5 12 110   M    M   6        17 120
17  81  64  73  13   0   8 0.00  0.0    0  4.0 12 140   M    M   7        16 120
18  79  61  70   9   0   5 0.00  0.0    0  3.1 10 190   M    M   5        12 200
19  80  60  70   9   0   5 0.00  0.0    0  4.5 10 230   M    M   4 12     14 230
20  80  66  73  12   0   8 0.00  0.0    0  6.3 13 190   M    M   4        16 180
21  80  67  74  13   0   9 0.00  0.0    0  9.2 21 200   M    M   3        25 200
22  81  68  75  14   0  10 0.32  0.0    0 15.5 36 190   M    M   8 138    48 180
================================================================================
SM 1700 1300        42 117  0.55     0.0 144.1          M      102
================================================================================
AV 77.3 59.1                               6.5 FASTST   M    M   5    MAX(MPH)
                                 MISC ---->  # 36 190               # 48  180
================================================================================
NOTES:
# LAST OF SEVERAL OCCURRENCES

COLUMN 17 PEAK WIND IN M.P.H.

PRELIMINARY LOCAL CLIMATOLOGICAL DATA (WS FORM: F-6) , PAGE 2

                                          STATION:  Tampa
                                          MONTH:    JANUARY
                                          YEAR:     2017
                                          LATITUDE:   27 58 N
                                          LONGITUDE:  82 32 W

[TEMPERATURE DATA]      [PRECIPITATION DATA]       SYMBOLS USED IN COLUMN 16

AVERAGE MONTHLY: 68.2   TOTAL FOR MONTH:   0.55    1 = FOG OR MIST
DPTR FM NORMAL:   7.8   DPTR FM NORMAL:   -0.95    2 = FOG REDUCING VISIBILITY
HIGHEST:    84 ON  2    GRTST 24HR  0.32 ON 21-22      TO 1/4 MILE OR LESS
LOWEST:     34 ON  8                               3 = THUNDER
                        SNOW, ICE PELLETS, HAIL    4 = ICE PELLETS
                        TOTAL MONTH:   0.0 INCH    5 = HAIL
                        GRTST 24HR     0.0         6 = FREEZING RAIN OR DRIZZLE
                        GRTST DEPTH:   0           7 = DUSTSTORM OR SANDSTORM:
                                                       VSBY 1/2 MILE OR LESS
                                                   8 = SMOKE OR HAZE
[NO. OF DAYS WITH]      [WEATHER - DAYS WITH]      9 = BLOWING SNOW
                                                   X = TORNADO
MAX 32 OR BELOW:   0    0.01 INCH OR MORE:   5
MAX 90 OR ABOVE:   0    0.10 INCH OR MORE:   2
MIN 32 OR BELOW:   0    0.50 INCH OR MORE:   0
MIN  0 OR BELOW:   0    1.00 INCH OR MORE:   0

[HDD (BASE 65) ]
TOTAL THIS MO.    42    CLEAR  (SCALE 0-3)   6
DPTR FM NORMAL   -90    PTCLDY (SCALE 4-7)  16
TOTAL FM JUL 1    84    CLOUDY (SCALE 8-10)  0
DPTR FM NORMAL  -231

[CDD (BASE 65) ]
TOTAL THIS MO.   117
DPTR FM NORMAL    75    [PRESSURE DATA]
TOTAL FM JAN 1   117    HIGHEST SLP M ON M
DPTR FM NORMAL    75    LOWEST  SLP 29.51 ON 22

[REMARKS]
