000
CXUS54 KFWD 010730
CF6TRL
PRELIMINARY LOCAL CLIMATOLOGICAL DATA (WS FORM: F-6)

                                          STATION:   TERRELL
                                          MONTH:     JULY
                                          YEAR:      2015
                                          LATITUDE:   32 42 N
                                          LONGITUDE:  96 16 W

  TEMPERATURE IN F:       :PCPN:    SNOW:  WIND      :SUNSHINE: SKY     :PK WND
================================================================================
1   2   3   4   5  6A  6B    7    8   9   10  11  12  13   14  15   16   17  18
                                     12Z  AVG MX 2MIN
DY MAX MIN AVG DEP HDD CDD  WTR  SNW DPTH SPD SPD DIR MIN PSBL S-S WX    SPD DR
================================================================================

 1  91  73  82  -1   0  17 0.00  0.0    0 11.1 21 180   M    M   1        28 190
 2  90  71  81  -2   0  16 0.00  0.0    0 11.5 21 200   M    M   1        28 210
 3  89  78  84   1   0  19 0.00  0.0    0  9.2 21 230   M    M   3 18     27 220
 4  92  76  84   1   0  19 0.00  0.0    0  8.7 16 220   M    M   1 18     23 220
 5  92  76  84   1   0  19 0.00  0.0    0 10.7 21 180   M    M   3 1      26 170
 6  91  77  84   1   0  19 0.00  0.0    0 13.7 24 170   M    M   2 18     30 180
 7  91  76  84   1   0  19 0.07  0.0    0 11.5 26 180   M    M   4 138    32 190
 8  89  77  83   0   0  18 0.00  0.0    0 12.7 21 210   M    M   4 18     29 180
 9  93  76  85   2   0  20 0.00  0.0    0 10.0 20 180   M    M   1 18     26 200
10  92  74  83   0   0  18 0.00  0.0    0  7.0 17 190   M    M   0 8      23 210
11  93  74  84   1   0  19 0.00  0.0    0  7.3 15 150   M    M   1        20 140
12  95  74  85   1   0  20 0.00  0.0    0  7.6 15 180   M    M   0        19 180
13  97  74  86   2   0  21 0.00  0.0    0  7.7 17 170   M    M   0        23 160
14  97  74  86   2   0  21 0.00  0.0    0  7.4 16 170   M    M   0 8      19 170
15  95  73  84   0   0  19 0.00  0.0    0  7.5 15 210   M    M   0        19 170
16  96  73  85   1   0  20 0.00  0.0    0  7.9 18 170   M    M   0        24 170
17  96  76  86   2   0  21 0.00  0.0    0  9.4 17 160   M    M   1        23 180
18  98  76  87   3   0  22 0.00  0.0    0  9.6 20 180   M    M   1        23 190
19  97  75  86   2   0  21 0.00  0.0    0  6.9 15 150   M    M   0        20 220
20  99  76  88   4   0  23 0.00  0.0    0  6.3 16 180   M    M   0        20 170
21  96  75  86   2   0  21 0.00  0.0    0  6.5 14 160   M    M   0        18 150
22  96  76  86   2   0  21 0.00  0.0    0  9.0 17 170   M    M   1        26 180
23  98  76  87   3   0  22 0.00  0.0    0  8.9 17 170   M    M   0 18     25 210
24  98  74  86   2   0  21 0.00  0.0    0  8.1 15 170   M    M   0 8      20 200
25  98  75  87   2   0  22 0.00  0.0    0  4.4 13 210   M    M   0        16 220
26 100  73  87   2   0  22 0.00  0.0    0  3.6 15 160   M    M   0        19 180
27 100  76  88   3   0  23 0.00  0.0    0  5.7 18 160   M    M   0 8      23 160
28  99  76  88   3   0  23 0.00  0.0    0  7.7 18 170   M    M   0        28 140
29 100  75  88   3   0  23 0.00  0.0    0  4.2 13 140   M    M   0 8      17 170
30 103  75  89   4   0  24 0.00  0.0    0  4.1 15  60   M    M   0        20  60
31  96  78  87   2   0  22 0.00  0.0    0  7.9 17  70   M    M   0        23  50
================================================================================
SM 2957 2328         0 635  0.07     0.0 253.8          M       24
================================================================================
AV 95.4 75.1                               8.2 FASTST   M    M   1    MAX(MPH)
                                 MISC ---->  # 26 180               # 32  190
================================================================================
NOTES:
# LAST OF SEVERAL OCCURRENCES

COLUMN 17 PEAK WIND IN M.P.H.

PRELIMINARY LOCAL CLIMATOLOGICAL DATA (WS FORM: F-6) , PAGE 2

                                          STATION:  TERRELL
                                          MONTH:    JULY
                                          YEAR:     2015
                                          LATITUDE:   32 42 N
                                          LONGITUDE:  96 16 W

[TEMPERATURE DATA]      [PRECIPITATION DATA]       SYMBOLS USED IN COLUMN 16

AVERAGE MONTHLY: 85.2   TOTAL FOR MONTH:   0.07    1 = FOG OR MIST
DPTR FM NORMAL:   1.4   DPTR FM NORMAL:   -2.59    2 = FOG REDUCING VISIBILITY
HIGHEST:   103 ON 30    GRTST 24HR  0.29 ON 30- 1      TO 1/4 MILE OR LESS
LOWEST:     71 ON  2                               3 = THUNDER
                        SNOW, ICE PELLETS, HAIL    4 = ICE PELLETS
                        TOTAL MONTH:   0.0 INCH    5 = HAIL
                        GRTST 24HR     0.0         6 = FREEZING RAIN OR DRIZZLE
                        GRTST DEPTH:   0           7 = DUSTSTORM OR SANDSTORM:
                                                       VSBY 1/2 MILE OR LESS
                                                   8 = SMOKE OR HAZE
[NO. OF DAYS WITH]      [WEATHER - DAYS WITH]      9 = BLOWING SNOW
                                                   X = TORNADO
MAX 32 OR BELOW:   0    0.01 INCH OR MORE:   1
MAX 90 OR ABOVE:  29    0.10 INCH OR MORE:   0
MIN 32 OR BELOW:   0    0.50 INCH OR MORE:   0
MIN  0 OR BELOW:   0    1.00 INCH OR MORE:   0

[HDD (BASE 65) ]
TOTAL THIS MO.     0    CLEAR  (SCALE 0-3)  28
DPTR FM NORMAL     0    PTCLDY (SCALE 4-7)   3
TOTAL FM JUL 1     0    CLOUDY (SCALE 8-10)  0
DPTR FM NORMAL     0

[CDD (BASE 65) ]
TOTAL THIS MO.   635
DPTR FM NORMAL    51    [PRESSURE DATA]
TOTAL FM JAN 1  1564    HIGHEST SLP M ON M
DPTR FM NORMAL   142    LOWEST  SLP 29.75 ON 21

[REMARKS]
#FINAL-07-15#
