000
CXUS54 KFWD 300730
CF6TRL
PRELIMINARY LOCAL CLIMATOLOGICAL DATA (WS FORM: F-6)

                                          STATION:   TERRELL
                                          MONTH:     JUNE
                                          YEAR:      2015
                                          LATITUDE:   32 42 N
                                          LONGITUDE:  96 16 W

  TEMPERATURE IN F:       :PCPN:    SNOW:  WIND      :SUNSHINE: SKY     :PK WND
================================================================================
1   2   3   4   5  6A  6B    7    8   9   10  11  12  13   14  15   16   17  18
                                     12Z  AVG MX 2MIN
DY MAX MIN AVG DEP HDD CDD  WTR  SNW DPTH SPD SPD DIR MIN PSBL S-S WX    SPD DR
================================================================================

 1  83  58  71  -7   0   6 0.00  0.0    0  1.9 10  30   M    M   1        14 110
 2   M  64   M   M   M   M 0.00  0.0    0   M   M   M   M    M   M 18      M  M
 3  89   M   M   M   M   M 0.00  0.0    0  8.4 16 170   M    M   1 8      27 170
 4  90  70  80   2   0  15 0.00  0.0    0  5.0 13 140   M    M   0        17 150
 5  92  70  81   3   0  16 0.00  0.0    0  3.9 13 140   M    M   1 18     15 140
 6  92  70  81   2   0  16 0.00  0.0    0  3.0 10 140   M    M   1 18     13 140
 7  93  70  82   3   0  17 0.00  0.0    0  4.4 16 170   M    M   1 18     20 170
 8  94  71  83   4   0  18 0.00  0.0    0  5.7 14 240   M    M   1 18     21 240
 9  95  71  83   4   0  18 0.00  0.0    0  3.7 22 150   M    M   2 3      28 150
10  95  71  83   3   0  18 0.00  0.0    0  6.5 15 160   M    M   1 1      23 140
11  93  74  84   4   0  19 0.00  0.0    0  9.5 21 170   M    M   1        31 160
12  93  76  85   5   0  20    T  0.0    0 10.7 17 130   M    M   2        24 140
13  92  75  84   4   0  19    T  0.0    0 10.2 20 160   M    M   4        24 160
14  90  73  82   2   0  17 0.24  0.0    0 11.8 23 200   M    M   5 138    29 200
15  91  74  83   3   0  18 0.03  0.0    0  8.3 25 140   M    M   5 1      37 140
16  83  74  79  -2   0  14 0.62  0.0    0  7.2 17 190   M    M   7 138    23 200
17  80  74  77  -4   0  12 1.82  0.0    0 16.1 26 160   M    M   9 138    36 130
18  91  74  83   2   0  18 0.01  0.0    0 11.3 22 190   M    M   5 3      29 210
19  92  73  83   2   0  18 0.00  0.0    0  7.8 16 200   M    M   2 1      20 200
20  84  73  79  -2   0  14 0.02  0.0    0  7.5 23 170   M    M   2 1      27 170
21  88  71  80  -2   0  15 0.89  0.0    0  6.4 25 260   M    M   6 138    32 260
22  91  75  83   1   0  18 0.00  0.0    0  8.1 16 170   M    M   3 1      22 190
23  91  73  82   0   0  17 0.00  0.0    0  5.1 13 240   M    M   1 1      16 240
24  93  74  84   2   0  19 0.00  0.0    0  6.0 15 160   M    M   0 1      18 170
25  93  73  83   1   0  18 0.00  0.0    0  6.8 14 240   M    M   0        18 180
26  93  73  83   1   0  18 0.16  0.0    0  8.0 29 290   M    M   2 13     36 310
27  90  72  81  -1   0  16 0.79  0.0    0  6.4 16  10   M    M   3 13     24 350
28  90  69  80  -2   0  15 0.00  0.0    0  3.2  7 120   M    M   1        14 190
29  94  72  83   1   0  18 0.00  0.0    0  5.7 13 230   M    M   1 1      20 230
================================================================================
SM 2535 2007         0 447  4.58     0.0 198.6          M       68
================================================================================
AV 90.5 71.7                               7.1 FASTST   M    M   2    MAX(MPH)
                                 MISC ---->  # 29 290               # 37  140
================================================================================
NOTES:
# LAST OF SEVERAL OCCURRENCES

COLUMN 17 PEAK WIND IN M.P.H.

PRELIMINARY LOCAL CLIMATOLOGICAL DATA (WS FORM: F-6) , PAGE 2

                                          STATION:  TERRELL
                                          MONTH:    JUNE
                                          YEAR:     2015
                                          LATITUDE:   32 42 N
                                          LONGITUDE:  96 16 W

[TEMPERATURE DATA]      [PRECIPITATION DATA]       SYMBOLS USED IN COLUMN 16

AVERAGE MONTHLY: 81.1   TOTAL FOR MONTH:   4.58    1 = FOG OR MIST
DPTR FM NORMAL:   0.8   DPTR FM NORMAL:    0.57    2 = FOG REDUCING VISIBILITY
HIGHEST:    95 ON 10, 9 GRTST 24HR  1.82 ON 17-17      TO 1/4 MILE OR LESS
LOWEST:     58 ON  1                               3 = THUNDER
                        SNOW, ICE PELLETS, HAIL    4 = ICE PELLETS
                        TOTAL MONTH:   0.0 INCH    5 = HAIL
                        GRTST 24HR     0.0         6 = FREEZING RAIN OR DRIZZLE
                        GRTST DEPTH:   0           7 = DUSTSTORM OR SANDSTORM:
                                                       VSBY 1/2 MILE OR LESS
                                                   8 = SMOKE OR HAZE
[NO. OF DAYS WITH]      [WEATHER - DAYS WITH]      9 = BLOWING SNOW
                                                   X = TORNADO
MAX 32 OR BELOW:   0    0.01 INCH OR MORE:   9
MAX 90 OR ABOVE:  22    0.10 INCH OR MORE:   6
MIN 32 OR BELOW:   0    0.50 INCH OR MORE:   4
MIN  0 OR BELOW:   0    1.00 INCH OR MORE:   1

[HDD (BASE 65) ]
TOTAL THIS MO.     0    CLEAR  (SCALE 0-3)  19
DPTR FM NORMAL     0    PTCLDY (SCALE 4-7)   8
TOTAL FM JUL 1  2212    CLOUDY (SCALE 8-10)  1
DPTR FM NORMAL  -143

[CDD (BASE 65) ]
TOTAL THIS MO.   447
DPTR FM NORMAL     3    [PRESSURE DATA]
TOTAL FM JAN 1   913    HIGHEST SLP M ON M
DPTR FM NORMAL    93    LOWEST  SLP 29.59 ON 17

[REMARKS]
