935
CXUS56 KPQR 251200
CF6TTD
PRELIMINARY LOCAL CLIMATOLOGICAL DATA (WS FORM: F-6)

                                          STATION:   TROUTDALE OR
                                          MONTH:     SEPTEMBER
                                          YEAR:      2016
                                          LATITUDE:   45 33 N
                                          LONGITUDE: 122 25 W

  TEMPERATURE IN F:       :PCPN:    SNOW:  WIND      :SUNSHINE: SKY     :PK WND
================================================================================
1   2   3   4   5  6A  6B    7    8   9   10  11  12  13   14  15   16   17  18
                                     12Z  AVG MX 2MIN
DY MAX MIN AVG DEP HDD CDD  WTR  SNW DPTH SPD SPD DIR MIN PSBL S-S WX    SPD DR
================================================================================

 1  70  59  65  -1   0   0 0.02  0.0    0  4.1 14 210   M    M   8        19 200
 2  72  56  64  -2   1   0 0.30  0.0    0  4.5 20 230   M    M  10 18     28 230
 3  71  51  61  -5   4   0 0.01  0.0    0  2.0  7 300   M    M   5 12     14 300
 4  70  53  62  -3   3   0 0.00  0.0    0  2.9  8 250   M    M   7        12 320
 5  71  55  63  -2   2   0    T  0.0    0  2.1 10 230   M    M   6        12 240
 6  67  56  62  -3   3   0 0.29  0.0    0  3.4  8 200   M    M   9 1      11 200
 7  74  59  67   2   0   2 0.00  0.0    0  3.0  8 250   M    M   6        11 260
 8  76  56  66   1   0   1 0.00  0.0    0  4.1 10 320   M    M   4        16 320
 9  84  48  66   2   0   1 0.00  0.0    0  3.5 16 100   M    M   1 1      19  90
10  86  49  68   4   0   3 0.00  0.0    0  3.3 13 320   M    M   0        20 320
11  74  53  64   0   1   0 0.00  0.0    0  3.9 13 250   M    M   5        16 320
12  80  46  63  -1   2   0 0.00  0.0    0  5.4 17  80   M    M   0        24  70
13  81  44  63  -1   2   0 0.00  0.0    0  5.3 18  70   M    M   0        25  70
14  79  45  62  -1   3   0 0.00  0.0    0  1.9  8 310   M    M   0        13 340
15  80  49  65   2   0   0 0.00  0.0    0  1.6  8 240   M    M   3        12 320
16  83  48  66   3   0   1 0.00  0.0    0  1.6  6 330   M    M   0        10 330
17  63  56  60  -3   5   0 1.43  0.0    0  2.6 10  80   M    M   9 1      12  90
18  71  54  63   1   2   0 0.09  0.0    0  1.5  9 250   M    M   9 1      11 250
19  68  50  59  -3   6   0    T  0.0    0  1.3  9 230   M    M   5 1      11 200
20  72  51  62   0   3   0 0.00  0.0    0  3.0  9 250   M    M   3 1      14 280
21  74  49  62   0   3   0 0.00  0.0    0  3.3 12 360   M    M   4 3      18 360
22  67  45  56  -5   9   0 0.00  0.0    0  1.4  9  80   M    M   6        10 100
23  61  49  55  -6  10   0 0.03    M    0  3.1 13 190   M    M   9 12     17 200
24  70  49  60  -1   5   0 0.00  0.0    0  2.2  8 260   M    M   5 12     11 240
================================================================================
SM 1764 1230        64   8  2.17     0.0  71.0          M      114
================================================================================
AV 73.5 51.3                               3.0 FASTST   M    M   5    MAX(MPH)
                                 MISC ---->  # 20 230               # 28  230
================================================================================
NOTES:
# LAST OF SEVERAL OCCURRENCES

COLUMN 17 PEAK WIND IN M.P.H.

PRELIMINARY LOCAL CLIMATOLOGICAL DATA (WS FORM: F-6) , PAGE 2

                                          STATION:  TROUTDALE OR
                                          MONTH:    SEPTEMBER
                                          YEAR:     2016
                                          LATITUDE:   45 33 N
                                          LONGITUDE: 122 25 W

[TEMPERATURE DATA]      [PRECIPITATION DATA]       SYMBOLS USED IN COLUMN 16

AVERAGE MONTHLY: 62.4   TOTAL FOR MONTH:   2.17    1 = FOG OR MIST
DPTR FM NORMAL:  -1.2   DPTR FM NORMAL:    0.82    2 = FOG REDUCING VISIBILITY
HIGHEST:    86 ON 10    GRTST 24HR  1.44 ON 17-18      TO 1/4 MILE OR LESS
LOWEST:     44 ON 13                               3 = THUNDER
                        SNOW, ICE PELLETS, HAIL    4 = ICE PELLETS
                        TOTAL MONTH:   0.0 INCH    5 = HAIL
                        GRTST 24HR     0.0         6 = FREEZING RAIN OR DRIZZLE
                        GRTST DEPTH:   0           7 = DUSTSTORM OR SANDSTORM:
                                                       VSBY 1/2 MILE OR LESS
                                                   8 = SMOKE OR HAZE
[NO. OF DAYS WITH]      [WEATHER - DAYS WITH]      9 = BLOWING SNOW
                                                   X = TORNADO
MAX 32 OR BELOW:   0    0.01 INCH OR MORE:   7
MAX 90 OR ABOVE:   0    0.10 INCH OR MORE:   3
MIN 32 OR BELOW:   0    0.50 INCH OR MORE:   1
MIN  0 OR BELOW:   0    1.00 INCH OR MORE:   1

[HDD (BASE 65) ]
TOTAL THIS MO.    64    CLEAR  (SCALE 0-3)   8
DPTR FM NORMAL   -10    PTCLDY (SCALE 4-7)  11
TOTAL FM JUL 1    76    CLOUDY (SCALE 8-10)  5
DPTR FM NORMAL   -60

[CDD (BASE 65) ]
TOTAL THIS MO.     8
DPTR FM NORMAL   -30    [PRESSURE DATA]
TOTAL FM JAN 1   496    HIGHEST SLP M ON M
DPTR FM NORMAL   162    LOWEST  SLP 29.88 ON 13

[REMARKS]
