000
CXUS51 KPHI 210800
CF6TTN
PRELIMINARY LOCAL CLIMATOLOGICAL DATA (WS FORM: F-6)

                                          STATION:   TRENTON NJ
                                          MONTH:     JULY
                                          YEAR:      2017
                                          LATITUDE:   40 16 N
                                          LONGITUDE:  74 49 W

  TEMPERATURE IN F:       :PCPN:    SNOW:  WIND      :SUNSHINE: SKY     :PK WND
================================================================================
1   2   3   4   5  6A  6B    7    8   9   10  11  12  13   14  15   16   17  18
                                     12Z  AVG MX 2MIN
DY MAX MIN AVG DEP HDD CDD  WTR  SNW DPTH SPD SPD DIR MIN PSBL S-S WX    SPD DR
================================================================================

 1  88  71  80   6   0  15 0.36    M    M  8.4 24 260   M    M   8 13     36 260
 2  89  69  79   4   0  14 0.00    M    M  4.9 13 250   M    M   2 1      19 260
 3  90  68  79   4   0  14 0.00    M    M  5.2 13 290   M    M   1        24 300
 4  86  71  79   4   0  14 0.00    M    M  4.7 12 170   M    M   6        16 190
 5  83  69  76   1   0  11 0.00    M    M  6.4 14 150   M    M   8        18  90
 6  74  67  71  -4   0   6 0.04    M    M  5.6 12 100   M    M   8 1      14  90
 7  84  69  77   2   0  12 0.35    M    M  7.1 17 350   M    M   6 1      25 280
 8  85  67  76   0   0  11 0.01    M    M  6.5 17 350   M    M   4 1      24 300
 9  83  63  73  -3   0   8 0.00    M    M  4.8 14 260   M    M   0        19 290
10  86  60  73  -3   0   8 0.00    M    M  6.3 18 200   M    M   4        27 230
11  88  71  80   4   0  15    T    M    M  5.8 14 240   M    M   4 3      19 220
12  89  73  81   5   0  16 0.00    M    M  6.8 17 270   M    M   3        31 310
13  92  72  82   6   0  17 1.70    M    M  5.1 21 210   M    M   4 138    28 350
14  74  68  71  -5   0   6 0.21    M    M  6.0 13 360   M    M  10 13     16  10
15  85  70  78   2   0  13 0.00    M    M  4.6 13 300   M    M   7 12     19 290
16  86  65  76   0   0  11 0.00    M    M  3.6 10 350   M    M   1        15 300
17  88  68  78   2   0  13    T    M    M  4.0 16 180   M    M   3 3      20 190
18  89  70  80   4   0  15 0.00    M    M  4.0 12 220   M    M   3        15 200
19  94  72  83   7   0  18 0.00    M    M  4.2 13 280   M    M   1 1      19 280
20  95  72  84   8   0  19 0.46    M    M  4.4 24 330   M    M   1 138    35 350
================================================================================
SM 1728 1375         0 256  3.13    M    108.4          M       84
================================================================================
AV 86.4 68.8                               5.4 FASTST   M    M   4    MAX(MPH)
                                 MISC ---->  # 24 260               # 36  260
================================================================================
NOTES:
# LAST OF SEVERAL OCCURRENCES

COLUMN 17 PEAK WIND IN M.P.H.

PRELIMINARY LOCAL CLIMATOLOGICAL DATA (WS FORM: F-6) , PAGE 2

                                          STATION:  TRENTON NJ
                                          MONTH:    JULY
                                          YEAR:     2017
                                          LATITUDE:   40 16 N
                                          LONGITUDE:  74 49 W

[TEMPERATURE DATA]      [PRECIPITATION DATA]       SYMBOLS USED IN COLUMN 16

AVERAGE MONTHLY: 77.6   TOTAL FOR MONTH:   3.13    1 = FOG OR MIST
DPTR FM NORMAL:   2.0   DPTR FM NORMAL:   -0.07    2 = FOG REDUCING VISIBILITY
HIGHEST:    95 ON 20    GRTST 24HR  1.70 ON 13-13      TO 1/4 MILE OR LESS
LOWEST:     60 ON 10                               3 = THUNDER
                        SNOW, ICE PELLETS, HAIL    4 = ICE PELLETS
                        TOTAL MONTH:    M          5 = HAIL
                        GRTST 24HR    M  ON   M    6 = FREEZING RAIN OR DRIZZLE
                        GRTST DEPTH:  M  ON   M    7 = DUSTSTORM OR SANDSTORM:
                                                       VSBY 1/2 MILE OR LESS
                                                   8 = SMOKE OR HAZE
[NO. OF DAYS WITH]      [WEATHER - DAYS WITH]      9 = BLOWING SNOW
                                                   X = TORNADO
MAX 32 OR BELOW:   0    0.01 INCH OR MORE:   7
MAX 90 OR ABOVE:   4    0.10 INCH OR MORE:   5
MIN 32 OR BELOW:   0    0.50 INCH OR MORE:   1
MIN  0 OR BELOW:   0    1.00 INCH OR MORE:   1

[HDD (BASE 65) ]
TOTAL THIS MO.     0    CLEAR  (SCALE 0-3)   9
DPTR FM NORMAL     0    PTCLDY (SCALE 4-7)   8
TOTAL FM JUL 1     0    CLOUDY (SCALE 8-10)  3
DPTR FM NORMAL     0

[CDD (BASE 65) ]
TOTAL THIS MO.   256
DPTR FM NORMAL    45    [PRESSURE DATA]
TOTAL FM JAN 1   568    HIGHEST SLP M ON M
DPTR FM NORMAL   110    LOWEST  SLP 29.75 ON M

[REMARKS]
