544
CXUS54 KTSA 220840
CF6TUL
PRELIMINARY LOCAL CLIMATOLOGICAL DATA (WS FORM: F-6)

                                          STATION:   TULSA OKLAHOMA
                                          MONTH:     SEPTEMBER
                                          YEAR:      2017
                                          LATITUDE:   36 12 N
                                          LONGITUDE:  95 54 W

  TEMPERATURE IN F:       :PCPN:    SNOW:  WIND      :SUNSHINE: SKY     :PK WND
================================================================================
1   2   3   4   5  6A  6B    7    8   9   10  11  12  13   14  15   16   17  18
                                     12Z  AVG MX 2MIN
DY MAX MIN AVG DEP HDD CDD  WTR  SNW DPTH SPD SPD DIR MIN PSBL S-S WX    SPD DR
================================================================================

 1  87  59  73  -6   0   8 0.00  0.0    0  4.0  9  90   M    M   4 1      13 110
 2  87  68  78   0   0  13 0.01  0.0    0  3.2  8 190   M    M   6        11 190
 3  93  68  81   3   0  16 0.00  0.0    0  3.7 13 180   M    M   1        16 160
 4  95  74  85   7   0  20 0.00  0.0    0  9.9 17 190   M    M   0        25 190
 5  80  58  69  -8   0   4 0.00  0.0    0 10.7 21 350   M    M   6        27  40
 6  79  52  66 -11   0   1 0.00  0.0    0  6.5 17  20   M    M   1        24 330
 7  84  54  69  -8   0   4 0.00  0.0    0  5.8 13 160   M    M   2        16 180
 8  86  59  73  -3   0   8 0.00  0.0    0  7.3 16 190   M    M   2        20 160
 9  86  58  72  -4   0   7 0.00  0.0    0  4.7 14 120   M    M   2        18 150
10  84  61  73  -2   0   8 0.00  0.0    0  4.5 14 130   M    M   2        18 120
11  87  56  72  -3   0   7 0.00  0.0    0  5.8 15  10   M    M   1        19  20
12  80  53  67  -8   0   2 0.00  0.0    0  5.8 17 350   M    M   8        21 360
13  88  58  73  -1   0   8 0.00  0.0    0  3.4 10 170   M    M   6        13 340
14  91  57  74   0   0   9 0.00  0.0    0  7.7 16 140   M    M   1        19 150
15  91  71  81   8   0  16 0.00  0.0    0 12.9 24 150   M    M   3        31 170
16  93  73  83  10   0  18    T  0.0    0 12.5 23 170   M    M   6        28 150
17  81  68  75   3   0  10 0.48  0.0    0  8.9 16 170   M    M   9 13     20 170
18  86  66  76   4   0  11 0.02  0.0    0  5.8 15 150   M    M   6 1      19 180
19  93  70  82  10   0  17 0.06  0.0    0 12.8 24 170   M    M   5 13     30 150
20  95  77  86  15   0  21 0.00  0.0    0 15.2 24 170   M    M   4        31 180
21  94  77  86  15   0  21 0.00  0.0    0 13.8 23 150   M    M   4        30 140
================================================================================
SM 1840 1337         0 229  0.57     0.0 164.9          M       79
================================================================================
AV 87.6 63.7                               7.9 FASTST   M    M   4    MAX(MPH)
                                 MISC ---->  # 24 150               # 31  170
================================================================================
NOTES:
# LAST OF SEVERAL OCCURRENCES

COLUMN 17 PEAK WIND IN M.P.H.

PRELIMINARY LOCAL CLIMATOLOGICAL DATA (WS FORM: F-6) , PAGE 2

                                          STATION:  TULSA OKLAHOMA
                                          MONTH:    SEPTEMBER
                                          YEAR:     2017
                                          LATITUDE:   36 12 N
                                          LONGITUDE:  95 54 W

[TEMPERATURE DATA]      [PRECIPITATION DATA]       SYMBOLS USED IN COLUMN 16

AVERAGE MONTHLY: 75.6   TOTAL FOR MONTH:   0.57    1 = FOG OR MIST
DPTR FM NORMAL:   0.7   DPTR FM NORMAL:   -2.43    2 = FOG REDUCING VISIBILITY
HIGHEST:    95 ON 20, 4 GRTST 24HR  0.48 ON 17-17      TO 1/4 MILE OR LESS
LOWEST:     52 ON  6                               3 = THUNDER
                        SNOW, ICE PELLETS, HAIL    4 = ICE PELLETS
                        TOTAL MONTH:   0.0 INCH    5 = HAIL
                        GRTST 24HR     0.0         6 = FREEZING RAIN OR DRIZZLE
                        GRTST DEPTH:   0           7 = DUSTSTORM OR SANDSTORM:
                                                       VSBY 1/2 MILE OR LESS
                                                   8 = SMOKE OR HAZE
[NO. OF DAYS WITH]      [WEATHER - DAYS WITH]      9 = BLOWING SNOW
                                                   X = TORNADO
MAX 32 OR BELOW:   0    0.01 INCH OR MORE:   4
MAX 90 OR ABOVE:   8    0.10 INCH OR MORE:   1
MIN 32 OR BELOW:   0    0.50 INCH OR MORE:   0
MIN  0 OR BELOW:   0    1.00 INCH OR MORE:   0

[HDD (BASE 65) ]
TOTAL THIS MO.     0    CLEAR  (SCALE 0-3)  10
DPTR FM NORMAL    -7    PTCLDY (SCALE 4-7)  10
TOTAL FM JUL 1     0    CLOUDY (SCALE 8-10)  1
DPTR FM NORMAL    -7

[CDD (BASE 65) ]
TOTAL THIS MO.   229
DPTR FM NORMAL    14    [PRESSURE DATA]
TOTAL FM JAN 1  1930    HIGHEST SLP M ON M
DPTR FM NORMAL    14    LOWEST  SLP 29.69 ON 19

[REMARKS]
