000
CXUS54 KMEG 200746
CF6TUP
PRELIMINARY LOCAL CLIMATOLOGICAL DATA (WS FORM: F-6)

                                          STATION:   TUPELO
                                          MONTH:     JANUARY
                                          YEAR:      2018
                                          LATITUDE:   34 16 N
                                          LONGITUDE:  88 46 W

  TEMPERATURE IN F:       :PCPN:    SNOW:  WIND      :SUNSHINE: SKY     :PK WND
================================================================================
1   2   3   4   5  6A  6B    7    8   9   10  11  12  13   14  15   16   17  18
                                     12Z  AVG MX 2MIN
DY MAX MIN AVG DEP HDD CDD  WTR  SNW DPTH SPD SPD DIR MIN PSBL S-S WX    SPD DR
================================================================================

 1  25  12  19 -23  46   0 0.00  0.0    0 14.1 22 340   M    M   1        27 340
 2  29   9  19 -23  46   0 0.00  0.0    0  9.0 15 350   M    M   1        19  10
 3  39  20  30 -12  35   0 0.00  0.0    0  4.5 14 230   M    M   4        20 220
 4  34  18  26 -16  39   0 0.00  0.0    0  8.1 18 340   M    M   0        24 340
 5  41  14  28 -14  37   0 0.00  0.0    0  2.1  8 330   M    M   0        16 360
 6  42  17  30 -11  35   0 0.00  0.0    0  5.9 10  10   M    M   0        14  20
 7  49  22  36  -5  29   0 0.18  0.0    0  8.7 18 140   M    M   4        24 140
 8  46  38  42   1  23   0 0.50  0.0    0  7.3 17 110   M    M  10 1      26 120
 9  54  44  49   8  16   0 0.04  0.0    0  4.7  9 350   M    M   9 12     11  10
10  61  41  51  10  14   0 0.05  0.0    0  6.5 14 130   M    M  10 12     18 140
11  65  60  63  22   2   0 1.19  0.0    0  9.6 16 140   M    M  10 1      24 120
12  62  23  43   2  22   0 0.53    T    T 14.1 37 350   M    M  10 168    43 340
13  31  20  26 -15  39   0    T    T    T 13.2 22 330   M    M   6        27 330
14  38  19  29 -12  36   0 0.00  0.0    0  4.6 10  30   M    M   4        14  30
15  53  23  38  -3  27   0 0.00  0.0    0  6.1 20 340   M    M   2        24 340
16  35   8  22 -19  43   0 0.03  0.8    T 11.8 22 330   M    M   6 1      27 330
17  27   4  16 -25  49   0 0.00  0.0    0  7.1 15 350   M    M   0        19 350
18  39  11  25 -17  40   0 0.00  0.0    T  1.2  8 150   M    M   0        11 150
19  46  17  32 -10  33   0 0.00  0.0    0  4.6 10 150   M    M   5        16  60
================================================================================
SM  816  420       611   0  2.52     0.8 143.2          M       82
================================================================================
AV 43.0 22.1                               7.5 FASTST   M    M   4    MAX(MPH)
                                 MISC ---->  # 37 350               # 43  340
================================================================================
NOTES:
# LAST OF SEVERAL OCCURRENCES

COLUMN 17 PEAK WIND IN M.P.H.

PRELIMINARY LOCAL CLIMATOLOGICAL DATA (WS FORM: F-6) , PAGE 2

                                          STATION:  TUPELO
                                          MONTH:    JANUARY
                                          YEAR:     2018
                                          LATITUDE:   34 16 N
                                          LONGITUDE:  88 46 W

[TEMPERATURE DATA]      [PRECIPITATION DATA]       SYMBOLS USED IN COLUMN 16

AVERAGE MONTHLY: 32.5   TOTAL FOR MONTH:   2.52    1 = FOG OR MIST
DPTR FM NORMAL:  -8.8   DPTR FM NORMAL:   -0.23    2 = FOG REDUCING VISIBILITY
HIGHEST:    65 ON 11    GRTST 24HR  1.19 ON 11-11      TO 1/4 MILE OR LESS
LOWEST:      4 ON 17                               3 = THUNDER
                        SNOW, ICE PELLETS, HAIL    4 = ICE PELLETS
                        TOTAL MONTH:   0.8 INCH    5 = HAIL
                        GRTST 24HR   0.8 ON 16-16  6 = FREEZING RAIN OR DRIZZLE
                        GRTST DEPTH:   0           7 = DUSTSTORM OR SANDSTORM:
                                                       VSBY 1/2 MILE OR LESS
                                                   8 = SMOKE OR HAZE
[NO. OF DAYS WITH]      [WEATHER - DAYS WITH]      9 = BLOWING SNOW
                                                   X = TORNADO
MAX 32 OR BELOW:   4    0.01 INCH OR MORE:   7
MAX 90 OR ABOVE:   0    0.10 INCH OR MORE:   4
MIN 32 OR BELOW:  15    0.50 INCH OR MORE:   3
MIN  0 OR BELOW:   0    1.00 INCH OR MORE:   1

[HDD (BASE 65) ]
TOTAL THIS MO.   611    CLEAR  (SCALE 0-3)   8
DPTR FM NORMAL   160    PTCLDY (SCALE 4-7)   6
TOTAL FM JUL 1  1762    CLOUDY (SCALE 8-10)  5
DPTR FM NORMAL   138

[CDD (BASE 65) ]
TOTAL THIS MO.     0
DPTR FM NORMAL     0    [PRESSURE DATA]
TOTAL FM JAN 1     0    HIGHEST SLP M ON M
DPTR FM NORMAL     0    LOWEST  SLP 29.71 ON 11

[REMARKS]
