000
CXUS55 KTWC 240855
CF6TUS
PRELIMINARY LOCAL CLIMATOLOGICAL DATA (WS FORM: F-6)

                                          STATION:   TUCSON AZ
                                          MONTH:     JUNE
                                          YEAR:      2017
                                          LATITUDE:   32  7 N
                                          LONGITUDE: 110 56 W

  TEMPERATURE IN F:       :PCPN:    SNOW:  WIND      :SUNSHINE: SKY     :PK WND
================================================================================
1   2   3   4   5  6A  6B    7    8   9   10  11  12  13   14  15   16   17  18
                                     12Z  AVG MX 2MIN
DY MAX MIN AVG DEP HDD CDD  WTR  SNW DPTH SPD SPD DIR MIN PSBL S-S WX    SPD DR
================================================================================

 1  95  68  82   1   0  17 0.00  0.0    0  6.3 15 270   M    M   M        28 240
 2  98  63  81   0   0  16 0.00  0.0    0  5.9 16  20   M    M   M        18  20
 3 104  70  87   5   0  22 0.00  0.0    0  6.3 14 350   M    M   M        19 340
 4 104  71  88   6   0  23 0.00  0.0    0  6.7 18 340   M    M   M        23 340
 5 104  73  89   7   0  24 0.00  0.0    0  5.8 18 300   M    M   0 8      28 320
 6 105  75  90   8   0  25 0.00  0.0    M  6.1 21 290   M    M   1        30 320
 7 107  76  92   9   0  27 0.00  0.0    0  9.6 38 140   M    M   0 3      45 140
 8 102  77  90   7   0  25 0.00  0.0    0  9.1 21 310   M    M   0        29 320
 9 103  72  88   5   0  23 0.00  0.0    0  6.9 21 280   M    M   0        33 270
10 102  71  87   3   0  22 0.00  0.0    0  7.4 22 200   M    M   0        30 200
11  98  66  82  -2   0  17 0.00  0.0    0  9.3 24 200   M    M   0        32 190
12  96  69  83  -1   0  18 0.00  0.0    0  8.5 22 260   M    M   0        30 270
13  95  63  79  -5   0  14 0.00  0.0    0  5.4 17 340   M    M   0        22 300
14 103  61  82  -3   0  17 0.00  0.0    0  5.7 16 330   M    M   0        25 330
15 106  64  85   0   0  20 0.00  0.0    0  6.1 15 350   M    M   0        22 300
16 105  68  87   2   0  22 0.00  0.0    0  7.4 20 300   M    M   0        28 320
17 105  70  88   2   0  23 0.00  0.0    0  5.8 17 300   M    M   0        27 300
18 108  71  90   4   0  25 0.00  0.0    0  7.4 16 350   M    M   0        26 320
19 115  73  94   8   0  29 0.00  0.0    0  7.3 24  60   M    M   0        32  50
20 116  87 102  16   0  37 0.00  0.0    0  7.9 25 200   M    M   0 8      31 180
21 115  82  99  13   0  34 0.00  0.0    0  6.8 35 200   M    M   0 8      41 190
22 109  86  98  12   0  33 0.00  0.0    0  8.9 21 280   M    M   0        28 270
23 110  84  97  10   0  32 0.00  0.0    0  7.8 20 340   M    M   0        28 320
================================================================================
SM 2405 1660         0 545  0.00     0.0 164.4          M        1
================================================================================
AV104.6 72.2                               7.1 FASTST   M    M   0    MAX(MPH)
                                 MISC ---->  # 38 140               # 45  140
================================================================================
NOTES:
# LAST OF SEVERAL OCCURRENCES

COLUMN 17 PEAK WIND IN M.P.H.

PRELIMINARY LOCAL CLIMATOLOGICAL DATA (WS FORM: F-6) , PAGE 2

                                          STATION:  TUCSON AZ
                                          MONTH:    JUNE
                                          YEAR:     2017
                                          LATITUDE:   32  7 N
                                          LONGITUDE: 110 56 W

[TEMPERATURE DATA]      [PRECIPITATION DATA]       SYMBOLS USED IN COLUMN 16

AVERAGE MONTHLY: 88.4   TOTAL FOR MONTH:   0.00    1 = FOG OR MIST
DPTR FM NORMAL:   4.3   DPTR FM NORMAL:   -0.10    2 = FOG REDUCING VISIBILITY
HIGHEST:   116 ON 20    GRTST 24HR  0.00 ON 23-23      TO 1/4 MILE OR LESS
LOWEST:     61 ON 14                               3 = THUNDER
                        SNOW, ICE PELLETS, HAIL    4 = ICE PELLETS
                        TOTAL MONTH:   0.0 INCH    5 = HAIL
                        GRTST 24HR     0.0         6 = FREEZING RAIN OR DRIZZLE
                        GRTST DEPTH:   0           7 = DUSTSTORM OR SANDSTORM:
                                                       VSBY 1/2 MILE OR LESS
                                                   8 = SMOKE OR HAZE
[NO. OF DAYS WITH]      [WEATHER - DAYS WITH]      9 = BLOWING SNOW
                                                   X = TORNADO
MAX 32 OR BELOW:   0    0.01 INCH OR MORE:   0
MAX 90 OR ABOVE:  23    0.10 INCH OR MORE:   0
MIN 32 OR BELOW:   0    0.50 INCH OR MORE:   0
MIN  0 OR BELOW:   0    1.00 INCH OR MORE:   0

[HDD (BASE 65) ]
TOTAL THIS MO.     0    CLEAR  (SCALE 0-3)  19
DPTR FM NORMAL     0    PTCLDY (SCALE 4-7)   0
TOTAL FM JUL 1   952    CLOUDY (SCALE 8-10)  0
DPTR FM NORMAL  -559

[CDD (BASE 65) ]
TOTAL THIS MO.   545
DPTR FM NORMAL   108    [PRESSURE DATA]
TOTAL FM JAN 1  1278    HIGHEST SLP M ON M
DPTR FM NORMAL   339    LOWEST  SLP 27.09 ON 21

[REMARKS]
