000
CXUS53 KAPX 300631
CF6TVC
PRELIMINARY LOCAL CLIMATOLOGICAL DATA (WS FORM: F-6)

                                          STATION:   TRAVERSE CITY MI
                                          MONTH:     MAY
                                          YEAR:      2015
                                          LATITUDE:   44 44 N
                                          LONGITUDE:  85 34 W

  TEMPERATURE IN F:       :PCPN:    SNOW:  WIND      :SUNSHINE: SKY     :PK WND
================================================================================
1   2   3   4   5  6A  6B    7    8   9   10  11  12  13   14  15   16   17  18
                                     12Z  AVG MX 2MIN
DY MAX MIN AVG DEP HDD CDD  WTR  SNW DPTH SPD SPD DIR MIN PSBL S-S WX    SPD DR
================================================================================

 1  62  32  47  -2  18   0 0.00    M    M  2.6 10  40   M    M   2        14  30
 2  76  43  60  11   5   0 0.00    M    M  6.0 20 260   M    M   4        26 260
 3  81  58  70  21   0   5 0.00    M    M  7.7 17 230   M    M   5        27 200
 4  67  41  54   4  11   0 0.02    M    M  5.0 17 330   M    M   6 18     21 320
 5  68  35  52   2  13   0    M  0.0    M  2.1  9  30   M    M   5        11  30
 6  73  39  56   6   9   0    T    M    M  2.7 12  10   M    M   5        13  20
 7  89  52  71  20   0   6 0.00    M    M  6.5 17 240   M    M   4        26 220
 8  84  50  67  16   0   2    T    M    M  8.1 20  40   M    M   7        25  50
 9  55  44  50  -1  15   0 0.10    M    M  5.9 10 350   M    M   8 1      14 350
10  58  44  51  -1  14   0 0.01    M    M  6.7 15 100   M    M  10 1      19  90
11  68  48  58   6   7   0 0.21    M    M  6.4 17 240   M    M   9 1      27 220
12  54  40  47  -5  18   0 0.03    M    M 10.1 17 310   M    M  10 18     22 230
13  55  39  47  -6  18   0 0.00    M    M  5.8 15 330   M    M   4 18     19 340
14  68  33  51  -2  14   0 0.00    M    M  2.5 14  20   M    M   6        17  20
15  63  44  54   1  11   0 0.39    M    M  3.9 10 280   M    M  10 1      15 300
16  66  44  55   1  10   0 0.00    M    M  3.0  9  30   M    M   7 12     13  10
17  83  52  68  14   0   3 0.06    M    M  5.5 16 160   M    M   7 18     26 190
18  81  49  65  11   0   0 0.00    M    M 11.3 26 260   M    M   4        35 260
19  50  32  41 -14  24   0    T    M    M 11.5 24 330   M    M   9 1      30 330
20  59  29  44 -11  21   0 0.00    M    M  3.5 10 270   M    M   4        14 260
21  69  39  54  -1  11   0 0.00    M    M  7.2 21 290   M    M   4        28 300
22  57  31  44 -12  21   0 0.00    M    M  3.8 12  40   M    M   0        17  20
23  77  35  56   0   9   0 0.00    M    M  6.9 21 270   M    M   2        29 270
24  81  54  68  12   0   3 0.66    M    M  3.8 20 280   M    M   7 1      23 270
25  78  58  68  11   0   3 0.89    M    M  6.8 20 240   M    M   9 1      30 210
26  81  66  74  17   0   9 0.38    M    M  5.9 14 210   M    M   6 1      22 230
27  70  60  65   8   0   0 0.02    M    M  8.2 18 240   M    M   7 13     32 250
28  76  55  66   8   0   1 0.05    M    M  3.0 10  20   M    M   2 13     15 210
29  80  56  68  10   0   3 0.56    M    M  4.0 22 260   M    M   7 138    29 260
================================================================================
SM 2029 1302       249  35  3.38     0.0 166.4          M      170
================================================================================
AV 70.0 44.9                               5.7 FASTST   M    M   6    MAX(MPH)
                                 MISC ---->  # 26 260               # 35  260
================================================================================
NOTES:
# LAST OF SEVERAL OCCURRENCES

COLUMN 17 PEAK WIND IN M.P.H.

PRELIMINARY LOCAL CLIMATOLOGICAL DATA (WS FORM: F-6) , PAGE 2

                                          STATION:  TRAVERSE CITY MI
                                          MONTH:    MAY
                                          YEAR:     2015
                                          LATITUDE:   44 44 N
                                          LONGITUDE:  85 34 W

[TEMPERATURE DATA]      [PRECIPITATION DATA]       SYMBOLS USED IN COLUMN 16

AVERAGE MONTHLY: 57.4   TOTAL FOR MONTH:   3.38    1 = FOG OR MIST
DPTR FM NORMAL:   4.1   DPTR FM NORMAL:    0.96    2 = FOG REDUCING VISIBILITY
HIGHEST:    89 ON  7    GRTST 24HR  1.55 ON 24-25      TO 1/4 MILE OR LESS
LOWEST:     29 ON 20                               3 = THUNDER
                        SNOW, ICE PELLETS, HAIL    4 = ICE PELLETS
                        TOTAL MONTH:   0.0 INCH    5 = HAIL
                        GRTST 24HR     0.0         6 = FREEZING RAIN OR DRIZZLE
                        GRTST DEPTH:  M  ON   M    7 = DUSTSTORM OR SANDSTORM:
                                                       VSBY 1/2 MILE OR LESS
                                                   8 = SMOKE OR HAZE
[NO. OF DAYS WITH]      [WEATHER - DAYS WITH]      9 = BLOWING SNOW
                                                   X = TORNADO
MAX 32 OR BELOW:   0    0.01 INCH OR MORE:  13
MAX 90 OR ABOVE:   0    0.10 INCH OR MORE:   7
MIN 32 OR BELOW:   4    0.50 INCH OR MORE:   3
MIN  0 OR BELOW:   0    1.00 INCH OR MORE:   0

[HDD (BASE 65) ]
TOTAL THIS MO.   249    CLEAR  (SCALE 0-3)   4
DPTR FM NORMAL  -106    PTCLDY (SCALE 4-7)  19
TOTAL FM JUL 1  7714    CLOUDY (SCALE 8-10)  6
DPTR FM NORMAL   292

[CDD (BASE 65) ]
TOTAL THIS MO.    35
DPTR FM NORMAL    23    [PRESSURE DATA]
TOTAL FM JAN 1    35    HIGHEST SLP M ON M
DPTR FM NORMAL    20    LOWEST  SLP 29.67 ON M

[REMARKS]
