096
CXUS53 KAPX 180631
CF6TVC
PRELIMINARY LOCAL CLIMATOLOGICAL DATA (WS FORM: F-6)

                                          STATION:   TRAVERSE CITY MI
                                          MONTH:     DECEMBER
                                          YEAR:      2017
                                          LATITUDE:   44 44 N
                                          LONGITUDE:  85 34 W

  TEMPERATURE IN F:       :PCPN:    SNOW:  WIND      :SUNSHINE: SKY     :PK WND
================================================================================
1   2   3   4   5  6A  6B    7    8   9   10  11  12  13   14  15   16   17  18
                                     12Z  AVG MX 2MIN
DY MAX MIN AVG DEP HDD CDD  WTR  SNW DPTH SPD SPD DIR MIN PSBL S-S WX    SPD DR
================================================================================

 1  47  24  36   5  29   0 0.00    M    M  3.3 13 250   M    M   5        20 260
 2  53  29  41  10  24   0 0.00    M    M  5.4 14 250   M    M   6        21 230
 3  44  26  35   4  30   0 0.00    M    M  1.0  7 220   M    M   6 128     9 220
 4  59  43  51  21  14   0 0.64    M    M  9.3 17 190   M    M   8 13     29 210
 5  60  25  43  13  22   0 0.03    M    M 17.6 27 260   M    M   9        44 230
 6  26  22  24  -6  41   0 0.01    M    M 10.6 23 260   M    M  10 18     35 260
 7  26  22  24  -5  41   0 0.04    M    M  7.9 18 290   M    M   9 18     24 290
 8  27  24  26  -3  39   0 0.02    M    M  6.4 18 280   M    M  10 1      24 280
 9  30  23  27  -1  38   0 0.04    M    M  7.8 18 330   M    M  10 18     25 360
10  29  22  26  -2  39   0    T    M    M  8.0 20 330   M    M  10 1      26 320
11  30  21  26  -2  39   0 0.02    M    M  7.1 28 330   M    M   9 168    36 340
12  26  16  21  -7  44   0 0.06    M    M 13.8 29 320   M    M   9 1289   40 310
13  20  16  18  -9  47   0 0.10    M    M  7.9 16  60   M    M  10 1      23  30
14  23  14  19  -8  46   0 0.02    M    M  4.9 14  60   M    M  10 1      17  60
15  25  20  23  -4  42   0 0.06    M    M  6.8 18 270   M    M  10 18     24 270
16  23  14  19  -7  46   0 0.00    M    M  5.4 13 100   M    M  10        15 100
17  29  18  24  -2  41   0 0.00    M    M  5.2 10 100   M    M  10 1      14 140
================================================================================
SM  577  379       622   0  1.04    M    128.4          M      151
================================================================================
AV 33.9 22.3                               7.6 FASTST   M    M   9    MAX(MPH)
                                 MISC ---->  # 29 320               # 44  230
================================================================================
NOTES:
# LAST OF SEVERAL OCCURRENCES

COLUMN 17 PEAK WIND IN M.P.H.

PRELIMINARY LOCAL CLIMATOLOGICAL DATA (WS FORM: F-6) , PAGE 2

                                          STATION:  TRAVERSE CITY MI
                                          MONTH:    DECEMBER
                                          YEAR:     2017
                                          LATITUDE:   44 44 N
                                          LONGITUDE:  85 34 W

[TEMPERATURE DATA]      [PRECIPITATION DATA]       SYMBOLS USED IN COLUMN 16

AVERAGE MONTHLY: 28.1   TOTAL FOR MONTH:   1.04    1 = FOG OR MIST
DPTR FM NORMAL:  -0.5   DPTR FM NORMAL:   -0.32    2 = FOG REDUCING VISIBILITY
HIGHEST:    60 ON  5    GRTST 24HR  0.64 ON  4- 4      TO 1/4 MILE OR LESS
LOWEST:     14 ON 16,14                            3 = THUNDER
                        SNOW, ICE PELLETS, HAIL    4 = ICE PELLETS
                        TOTAL MONTH:    M          5 = HAIL
                        GRTST 24HR    M  ON   M    6 = FREEZING RAIN OR DRIZZLE
                        GRTST DEPTH:  M  ON   M    7 = DUSTSTORM OR SANDSTORM:
                                                       VSBY 1/2 MILE OR LESS
                                                   8 = SMOKE OR HAZE
[NO. OF DAYS WITH]      [WEATHER - DAYS WITH]      9 = BLOWING SNOW
                                                   X = TORNADO
MAX 32 OR BELOW:  12    0.01 INCH OR MORE:  11
MAX 90 OR ABOVE:   0    0.10 INCH OR MORE:   2
MIN 32 OR BELOW:  16    0.50 INCH OR MORE:   1
MIN  0 OR BELOW:   0    1.00 INCH OR MORE:   0

[HDD (BASE 65) ]
TOTAL THIS MO.   622    CLEAR  (SCALE 0-3)   0
DPTR FM NORMAL     3    PTCLDY (SCALE 4-7)   4
TOTAL FM JUL 1  1916    CLOUDY (SCALE 8-10) 13
DPTR FM NORMAL  -322

[CDD (BASE 65) ]
TOTAL THIS MO.     0
DPTR FM NORMAL     0    [PRESSURE DATA]
TOTAL FM JAN 1   528    HIGHEST SLP M ON M
DPTR FM NORMAL   117    LOWEST  SLP 29.48 ON  4

[REMARKS]
