000
CXUS54 KJAN 011200
CF6TVR
PRELIMINARY LOCAL CLIMATOLOGICAL DATA (WS FORM: F-6)

                                          STATION:   VICKSBURG
                                          MONTH:     APRIL
                                          YEAR:      2016
                                          LATITUDE:   32 20 N
                                          LONGITUDE:  91  2 W

  TEMPERATURE IN F:       :PCPN:    SNOW:  WIND      :SUNSHINE: SKY     :PK WND
================================================================================
1   2   3   4   5  6A  6B    7    8   9   10  11  12  13   14  15   16   17  18
                                     12Z  AVG MX 2MIN
DY MAX MIN AVG DEP HDD CDD  WTR  SNW DPTH SPD SPD DIR MIN PSBL S-S WX    SPD DR
================================================================================

 1  70  55  63   2   2   0 0.04  0.0    0  8.6 26  10   M    M   4        33  10
 2  66  50  58  -3   7   0 0.00  0.0    0  6.1 16 360   M    M   0        23 300
 3  75  47  61   0   4   0 0.00  0.0    0  1.8  9 270   M    M   0        12 260
 4  81  52  67   5   0   2 0.00  0.0    0  4.8 12 260   M    M   0        16 250
 5  82  56  69   7   0   4 0.00  0.0    0  5.4 14  90   M    M   1        18 110
 6  76  60  68   6   0   3    T  0.0    0  7.5 20 180   M    M   3        29 230
 7  82  50  66   4   0   1 0.00  0.0    0  5.3 16 260   M    M   0        23 270
 8  72  52  62  -1   3   0 0.00  0.0    0  6.7 20  10   M    M   0        24  10
 9  78  47  63   0   2   0    T  0.0    0  3.3 13 160   M    M   1 1      20 160
10  83  59  71   8   0   6 0.00  0.0    0 11.2 23 180   M    M   2        30 170
11  75  63  69   6   0   4 5.37  0.0    0  9.5 18 110   M    M   8 13     26 360
12  67  60  64   0   1   0    T  0.0    0  8.8 16  20   M    M   7 1      19  20
13  70  59  65   1   0   0 0.05  0.0    0  6.6 20 100   M    M   7 1      23  90
14  67  59  63  -1   2   0 0.99  0.0    0  6.3 22  50   M    M   9 13     28  50
15  66  63  65   1   0   0 2.69  0.0    0 11.7 17 110   M    M  10 13     22 130
16  71  62  67   2   0   2 0.00  0.0    0 10.8 17 120   M    M  10 1      22 110
17  81  64  73   8   0   8 0.00  0.0    0 11.6 21 130   M    M   2        26 120
18  79  63  71   6   0   6 0.00  0.0    0  8.6 15 130   M    M   1        28  40
19  72  63  68   3   0   3    T  0.0    0  6.2 12 110   M    M   8        14 140
20  78  67  73   7   0   8 0.57  0.0    0  6.8 15 140   M    M   7 13     22 270
21  76  66  71   5   0   6 0.05  0.0    0  2.8 10 180   M    M   8 1      12 170
22  80  64  72   6   0   7 0.00  0.0    0  4.7 14 360   M    M   4        19 360
23  82  61  72   5   0   7 0.00  0.0    0  3.5 14  20   M    M   1        18  10
24  83  60  72   5   0   7 0.00  0.0    0  4.4 15 150   M    M   1        19 140
25  85  63  74   7   0   9 0.00  0.0    0  7.1 14 170   M    M   0        23 170
26  86  67  77  10   0  12 0.00  0.0    0  9.4 16 160   M    M   2 1      22 170
27  83  66  75   7   0  10 0.64  0.0    0  6.8 20 290   M    M   4 13     27 290
28  91  66  79  11   0  14 0.00  0.0    0  2.4  9 140   M    M   2 12     14 170
29  83  73  78  10   0  13 0.00  0.0    0 11.1 25 170   M    M   4        33 180
30  80  68  74   6   0   9 0.04  0.0    0  9.7 22 140   M    M   4 13     30  90
================================================================================
SM 2320 1805        21 141 10.44     0.0 209.5          M      110
================================================================================
AV 77.3 60.2                               7.0 FASTST   M    M   4    MAX(MPH)
                                 MISC ---->  # 26  10               # 33   10
================================================================================
NOTES:
# LAST OF SEVERAL OCCURRENCES

COLUMN 17 PEAK WIND IN M.P.H.

PRELIMINARY LOCAL CLIMATOLOGICAL DATA (WS FORM: F-6) , PAGE 2

                                          STATION:  VICKSBURG
                                          MONTH:    APRIL
                                          YEAR:     2016
                                          LATITUDE:   32 20 N
                                          LONGITUDE:  91  2 W

[TEMPERATURE DATA]      [PRECIPITATION DATA]       SYMBOLS USED IN COLUMN 16

AVERAGE MONTHLY: 68.8   TOTAL FOR MONTH:  10.44    1 = FOG OR MIST
DPTR FM NORMAL:   4.2   DPTR FM NORMAL:    5.47    2 = FOG REDUCING VISIBILITY
HIGHEST:    91 ON 28    GRTST 24HR  5.37 ON 10-11      TO 1/4 MILE OR LESS
LOWEST:     47 ON  9, 3                            3 = THUNDER
                        SNOW, ICE PELLETS, HAIL    4 = ICE PELLETS
                        TOTAL MONTH:   0.0 INCH    5 = HAIL
                        GRTST 24HR     0.0         6 = FREEZING RAIN OR DRIZZLE
                        GRTST DEPTH:   0           7 = DUSTSTORM OR SANDSTORM:
                                                       VSBY 1/2 MILE OR LESS
                                                   8 = SMOKE OR HAZE
[NO. OF DAYS WITH]      [WEATHER - DAYS WITH]      9 = BLOWING SNOW
                                                   X = TORNADO
MAX 32 OR BELOW:   0    0.01 INCH OR MORE:   9
MAX 90 OR ABOVE:   1    0.10 INCH OR MORE:   5
MIN 32 OR BELOW:   0    0.50 INCH OR MORE:   5
MIN  0 OR BELOW:   0    1.00 INCH OR MORE:   2

[HDD (BASE 65) ]
TOTAL THIS MO.    21    CLEAR  (SCALE 0-3)  16
DPTR FM NORMAL   -79    PTCLDY (SCALE 4-7)  10
TOTAL FM JUL 1  1507    CLOUDY (SCALE 8-10)  4
DPTR FM NORMAL  -834

[CDD (BASE 65) ]
TOTAL THIS MO.   141
DPTR FM NORMAL    55    [PRESSURE DATA]
TOTAL FM JAN 1   228    HIGHEST SLP 30.27 ON  3
DPTR FM NORMAL   110    LOWEST  SLP 29.70 ON 27

[REMARKS]
