000
CXUS54 KJAN 231000
CF6TVR
PRELIMINARY LOCAL CLIMATOLOGICAL DATA (WS FORM: F-6)

                                          STATION:   VICKSBURG
                                          MONTH:     MAY
                                          YEAR:      2015
                                          LATITUDE:   32 20 N
                                          LONGITUDE:  91  2 W

  TEMPERATURE IN F:       :PCPN:    SNOW:  WIND      :SUNSHINE: SKY     :PK WND
================================================================================
1   2   3   4   5  6A  6B    7    8   9   10  11  12  13   14  15   16   17  18
                                     12Z  AVG MX 2MIN
DY MAX MIN AVG DEP HDD CDD  WTR  SNW DPTH SPD SPD DIR MIN PSBL S-S WX    SPD DR
================================================================================

 1  78  49  64  -5   1   0 0.00  0.0    0  5.5 13  20   M    M   0 1      16  30
 2  79  46  63  -6   2   0 0.00  0.0    0  3.4 10  80   M    M   0 1      13  10
 3  83  53  68  -1   0   3 0.00  0.0    0  5.0 14 170   M    M   1        18 170
 4  83  58  71   1   0   6 0.00  0.0    0  6.0 13 140   M    M   2        18 110
 5  85  61  73   3   0   8 0.00  0.0    0  7.3 18 130   M    M   1        24 140
 6  85  56  71   1   0   6 0.00  0.0    0  5.0 16 140   M    M   0 1      23 130
 7  87  64  76   6   0  11 0.00  0.0    0  7.0 16 160   M    M   4 1      19 140
 8  85  65  75   4   0  10 0.00  0.0    0  6.8 17 140   M    M   3        22 140
 9  87  67  77   6   0  12    T  0.0    0  7.6 18 140   M    M   1        22 150
10  88  70  79   8   0  14 0.00  0.0    0  9.7 17 160   M    M   2        23 160
11  83  66  75   3   0  10 0.06  0.0    0  4.7 18 290   M    M   3 1      27 290
12  78  67  73   1   0   8 0.05  0.0    0  5.4 21  20   M    M   4        26  30
13  84  65  75   3   0  10 0.00  0.0    0  6.0 13  80   M    M   1        16  90
14  90  68  79   7   0  14 0.00  0.0    0  6.7 16 140   M    M   1        20 170
15  90  69  80   7   0  15 0.23  0.0    0  7.8 36 150   M    M   5 13     43 150
16  89  71  80   7   0  15 0.01  0.0    0 10.0 18 180   M    M   4 3      23 180
17  91  70  81   8   0  16 0.04  0.0    0  8.7 20 160   M    M   4 138    27 210
18  72  66  69  -4   0   4 6.24  0.0    0  5.9 18 150   M    M   7 13     24 140
19  86  63  75   1   0  10 0.00  0.0    0  1.1  6  50   M    M   3 12      8  60
20  88  68  78   4   0  13 0.05  0.0    0  4.0 16 330   M    M   2 13     27 320
21  74  56  65  -9   0   0    T  0.0    0  9.6 22  10   M    M   8 1      27  30
22  79  54  67  -7   0   2 0.00  0.0    0  6.0 15  50   M    M   2        20  40
================================================================================
SM 1844 1372         3 187  6.68     0.0 139.2          M       58
================================================================================
AV 83.8 62.4                               6.3 FASTST   M    M   3    MAX(MPH)
                                 MISC ---->  # 36 150               # 43  150
================================================================================
NOTES:
# LAST OF SEVERAL OCCURRENCES

COLUMN 17 PEAK WIND IN M.P.H.

PRELIMINARY LOCAL CLIMATOLOGICAL DATA (WS FORM: F-6) , PAGE 2

                                          STATION:  VICKSBURG
                                          MONTH:    MAY
                                          YEAR:     2015
                                          LATITUDE:   32 20 N
                                          LONGITUDE:  91  2 W

[TEMPERATURE DATA]      [PRECIPITATION DATA]       SYMBOLS USED IN COLUMN 16

AVERAGE MONTHLY: 73.1   TOTAL FOR MONTH:   6.68    1 = FOG OR MIST
DPTR FM NORMAL:   1.5   DPTR FM NORMAL:    2.98    2 = FOG REDUCING VISIBILITY
HIGHEST:    91 ON 17    GRTST 24HR  6.27 ON 17-18      TO 1/4 MILE OR LESS
LOWEST:     46 ON  2                               3 = THUNDER
                        SNOW, ICE PELLETS, HAIL    4 = ICE PELLETS
                        TOTAL MONTH:   0.0 INCH    5 = HAIL
                        GRTST 24HR     0.0         6 = FREEZING RAIN OR DRIZZLE
                        GRTST DEPTH:   0           7 = DUSTSTORM OR SANDSTORM:
                                                       VSBY 1/2 MILE OR LESS
                                                   8 = SMOKE OR HAZE
[NO. OF DAYS WITH]      [WEATHER - DAYS WITH]      9 = BLOWING SNOW
                                                   X = TORNADO
MAX 32 OR BELOW:   0    0.01 INCH OR MORE:   7
MAX 90 OR ABOVE:   3    0.10 INCH OR MORE:   2
MIN 32 OR BELOW:   0    0.50 INCH OR MORE:   1
MIN  0 OR BELOW:   0    1.00 INCH OR MORE:   1

[HDD (BASE 65) ]
TOTAL THIS MO.     3    CLEAR  (SCALE 0-3)  14
DPTR FM NORMAL    -6    PTCLDY (SCALE 4-7)   8
TOTAL FM JUL 1  2522    CLOUDY (SCALE 8-10)  0
DPTR FM NORMAL   172

[CDD (BASE 65) ]
TOTAL THIS MO.   187
DPTR FM NORMAL    30    [PRESSURE DATA]
TOTAL FM JAN 1   341    HIGHEST SLP M ON M
DPTR FM NORMAL    66    LOWEST  SLP 29.91 ON 20

[REMARKS]
