000
CXUS55 KBOI 181002
CF6TWF
PRELIMINARY LOCAL CLIMATOLOGICAL DATA (WS FORM: F-6)

                                          STATION:   TWIN FALLS ID
                                          MONTH:     NOVEMBER
                                          YEAR:      2017
                                          LATITUDE:   42 28 N
                                          LONGITUDE: 114 29 W

  TEMPERATURE IN F:       :PCPN:    SNOW:  WIND      :SUNSHINE: SKY     :PK WND
================================================================================
1   2   3   4   5  6A  6B    7    8   9   10  11  12  13   14  15   16   17  18
                                     12Z  AVG MX 2MIN
DY MAX MIN AVG DEP HDD CDD  WTR  SNW DPTH SPD SPD DIR MIN PSBL S-S WX    SPD DR
================================================================================

 1  65  42  54  10  11   0 0.00    M    M 16.2 32 260   M    M   1        40 240
 2  58  34  46   2  19   0 0.00    M    M  9.0 18 200   M    M   3        24 210
 3  54  37  46   3  19   0    T    M    M 10.0 20 260   M    M   9        26 170
 4  37  29  33 -10  32   0 0.25    M    M  8.7 18 230   M    M  10 1      22 230
 5  47  30  39  -3  26   0 0.02    M    M  6.0 24 230   M    M  10 8      31 240
 6  36  25  31 -11  34   0 0.02    M    M  8.9 17 280   M    M   7 1      21 270
 7  39  20  30 -12  35   0 0.00    M    M  8.1 15  70   M    M   0        19  80
 8  42  19  31 -10  34   0 0.00    M    M  5.8 16  70   M    M   2        21  70
 9  63  31  47   6  18   0 0.02    M    M  9.0 23 250   M    M   7        30 210
10  55  31  43   3  22   0 0.04    M    M  9.5 22 260   M    M   4 1      28 260
11  50  29  40   0  25   0    T    M    M  7.7 14 190   M    M   2        17 220
12  55  23  39   0  26   0 0.00    M    M  5.5 13 100   M    M   0        15  90
13  58  32  45   6  20   0 0.00    M    M  9.8 20 180   M    M   1        28 190
14  52  27  40   2  25   0    T    M    M 11.6 28 280   M    M   5        36 200
15  44  25  35  -3  30   0 0.13    M    M  5.8 14 100   M    M   6 1      16 100
16  53  38  46   9  19   0 0.36    M    M 12.0 31 200   M    M   8 1      40 190
17  39  26  33  -4  32   0 0.06    M    M 14.3 29 270   M    M   6 1      35 280
================================================================================
SM  847  498       427   0  0.90    M    157.9          M       81
================================================================================
AV 49.8 29.3                               9.3 FASTST   M    M   5    MAX(MPH)
                                 MISC ---->  # 32 260               # 40  240
================================================================================
NOTES:
# LAST OF SEVERAL OCCURRENCES

COLUMN 17 PEAK WIND IN M.P.H.

PRELIMINARY LOCAL CLIMATOLOGICAL DATA (WS FORM: F-6) , PAGE 2

                                          STATION:  TWIN FALLS ID
                                          MONTH:    NOVEMBER
                                          YEAR:     2017
                                          LATITUDE:   42 28 N
                                          LONGITUDE: 114 29 W

[TEMPERATURE DATA]      [PRECIPITATION DATA]       SYMBOLS USED IN COLUMN 16

AVERAGE MONTHLY: 39.6   TOTAL FOR MONTH:   0.90    1 = FOG OR MIST
DPTR FM NORMAL:  -1.0   DPTR FM NORMAL:    0.29    2 = FOG REDUCING VISIBILITY
HIGHEST:    65 ON  1    GRTST 24HR  0.36 ON 16-16      TO 1/4 MILE OR LESS
LOWEST:     19 ON  8                               3 = THUNDER
                        SNOW, ICE PELLETS, HAIL    4 = ICE PELLETS
                        TOTAL MONTH:    M          5 = HAIL
                        GRTST 24HR    M  ON   M    6 = FREEZING RAIN OR DRIZZLE
                        GRTST DEPTH:  M  ON   M    7 = DUSTSTORM OR SANDSTORM:
                                                       VSBY 1/2 MILE OR LESS
                                                   8 = SMOKE OR HAZE
[NO. OF DAYS WITH]      [WEATHER - DAYS WITH]      9 = BLOWING SNOW
                                                   X = TORNADO
MAX 32 OR BELOW:   0    0.01 INCH OR MORE:   8
MAX 90 OR ABOVE:   0    0.10 INCH OR MORE:   3
MIN 32 OR BELOW:  13    0.50 INCH OR MORE:   0
MIN  0 OR BELOW:   0    1.00 INCH OR MORE:   0

[HDD (BASE 65) ]
TOTAL THIS MO.   427    CLEAR  (SCALE 0-3)   6
DPTR FM NORMAL    12    PTCLDY (SCALE 4-7)   7
TOTAL FM JUL 1  1229    CLOUDY (SCALE 8-10)  4
DPTR FM NORMAL   195

[CDD (BASE 65) ]
TOTAL THIS MO.     0
DPTR FM NORMAL     0    [PRESSURE DATA]
TOTAL FM JAN 1   871    HIGHEST SLP M ON M
DPTR FM NORMAL   191    LOWEST  SLP 29.62 ON 16

[REMARKS]
