000
CXUS55 KBOI 251002
CF6TWF
PRELIMINARY LOCAL CLIMATOLOGICAL DATA (WS FORM: F-6)

                                          STATION:   TWIN FALLS ID
                                          MONTH:     SEPTEMBER
                                          YEAR:      2017
                                          LATITUDE:   42 28 N
                                          LONGITUDE: 114 29 W

  TEMPERATURE IN F:       :PCPN:    SNOW:  WIND      :SUNSHINE: SKY     :PK WND
================================================================================
1   2   3   4   5  6A  6B    7    8   9   10  11  12  13   14  15   16   17  18
                                     12Z  AVG MX 2MIN
DY MAX MIN AVG DEP HDD CDD  WTR  SNW DPTH SPD SPD DIR MIN PSBL S-S WX    SPD DR
================================================================================

 1  86  59  73   5   0   8 0.00    M    M 11.4 20 260   M    M   0        24 250
 2  95  55  75   8   0  10 0.00    M    M  7.2 14 190   M    M   0        16 190
 3  97  58  78  11   0  13 0.00    M    M  7.9 14 190   M    M   0        17 190
 4  95  60  78  11   0  13 0.00    M    M  7.4 15 190   M    M   0 8      19 180
 5  84  59  72   6   0   7 0.00    M    M  9.8 20  80   M    M   7 8      25 100
 6  88  49  69   3   0   4 0.00    M    M  7.2 16 200   M    M   6 8      20 200
 7  90  58  74   8   0   9    T    M    M  7.6 28 150   M    M   6 38     36 150
 8  90  61  76  11   0  11    T    M    M  8.5 20 160   M    M   1 3      27 160
 9  88  64  76  11   0  11    T    M    M  9.3 18 200   M    M   2 3      24 200
10  85  64  75  10   0  10    T    M    M  8.7 15 190   M    M   3        19 190
11  87  57  72   8   0   7 0.00    M    M  7.1 14 190   M    M   0        17 190
12  89  56  73   9   0   8 0.00    M    M  8.0 16 300   M    M   1        21 280
13  82  61  72   8   0   7 0.01    M    M 10.1 24 210   M    M   3 3      32 210
14  79  52  66   3   0   1 0.03    M    M  9.6 21 270   M    M   2 1      26 210
15  63  45  54  -9  11   0 0.04    M    M 18.8 35 270   M    M   5 18     43 260
16  62  38  50 -12  15   0 0.00    M    M  9.2 18 230   M    M   0        23 230
17  72  30  51 -11  14   0 0.00    M    M  6.6 15 180   M    M   0        18 170
18  72  42  57  -5   8   0 0.02    M    M 10.5 33 280   M    M   4 1      44 280
19  55  39  47 -14  18   0 0.13    M    M 11.3 28 280   M    M   5 13     37 270
20  67  40  54  -7  11   0 0.17    M    M 13.0 30 270   M    M   8        39 270
21  46  39  43 -17  22   0 0.25    M    M  7.5 14 250   M    M  10 1      16 210
22  52  36  44 -16  21   0 0.00    M    M  9.7 16 310   M    M   3        20 230
23  54  34  44 -15  21   0 0.00    M    M  8.8 15 300   M    M   5        22 310
24  58  36  47 -12  18   0 0.00    M    M 12.0 18 280   M    M   2        24 280
================================================================================
SM 1836 1192       159 119  0.65    M    227.2          M       73
================================================================================
AV 76.5 49.7                               9.5 FASTST   M    M   3    MAX(MPH)
                                 MISC ---->  # 35 270               # 44  280
================================================================================
NOTES:
# LAST OF SEVERAL OCCURRENCES

COLUMN 17 PEAK WIND IN M.P.H.

PRELIMINARY LOCAL CLIMATOLOGICAL DATA (WS FORM: F-6) , PAGE 2

                                          STATION:  TWIN FALLS ID
                                          MONTH:    SEPTEMBER
                                          YEAR:     2017
                                          LATITUDE:   42 28 N
                                          LONGITUDE: 114 29 W

[TEMPERATURE DATA]      [PRECIPITATION DATA]       SYMBOLS USED IN COLUMN 16

AVERAGE MONTHLY: 63.1   TOTAL FOR MONTH:   0.65    1 = FOG OR MIST
DPTR FM NORMAL:  -0.5   DPTR FM NORMAL:    0.21    2 = FOG REDUCING VISIBILITY
HIGHEST:    97 ON  3    GRTST 24HR  0.25 ON 21-21      TO 1/4 MILE OR LESS
LOWEST:     30 ON 17                               3 = THUNDER
                        SNOW, ICE PELLETS, HAIL    4 = ICE PELLETS
                        TOTAL MONTH:    M          5 = HAIL
                        GRTST 24HR    M  ON   M    6 = FREEZING RAIN OR DRIZZLE
                        GRTST DEPTH:  M  ON   M    7 = DUSTSTORM OR SANDSTORM:
                                                       VSBY 1/2 MILE OR LESS
                                                   8 = SMOKE OR HAZE
[NO. OF DAYS WITH]      [WEATHER - DAYS WITH]      9 = BLOWING SNOW
                                                   X = TORNADO
MAX 32 OR BELOW:   0    0.01 INCH OR MORE:   7
MAX 90 OR ABOVE:   5    0.10 INCH OR MORE:   3
MIN 32 OR BELOW:   1    0.50 INCH OR MORE:   0
MIN  0 OR BELOW:   0    1.00 INCH OR MORE:   0

[HDD (BASE 65) ]
TOTAL THIS MO.   159    CLEAR  (SCALE 0-3)  14
DPTR FM NORMAL    67    PTCLDY (SCALE 4-7)   9
TOTAL FM JUL 1   161    CLOUDY (SCALE 8-10)  1
DPTR FM NORMAL    48

[CDD (BASE 65) ]
TOTAL THIS MO.   119
DPTR FM NORMAL    61    [PRESSURE DATA]
TOTAL FM JAN 1   871    HIGHEST SLP M ON M
DPTR FM NORMAL   196    LOWEST  SLP 29.61 ON M

[REMARKS]
