000
CXUS54 KMRX 011000
CF6TYS
PRELIMINARY LOCAL CLIMATOLOGICAL DATA (WS FORM: F-6)

                                          STATION:   KNOXVILLE    ASOS
                                          MONTH:     APRIL
                                          YEAR:      2016
                                          LATITUDE:   35 49 N
                                          LONGITUDE:  83 59 W

  TEMPERATURE IN F:       :PCPN:    SNOW:  WIND      :SUNSHINE: SKY     :PK WND
================================================================================
1   2   3   4   5  6A  6B    7    8   9   10  11  12  13   14  15   16   17  18
                                     12Z  AVG MX 2MIN
DY MAX MIN AVG DEP HDD CDD  WTR  SNW DPTH SPD SPD DIR MIN PSBL S-S WX    SPD DR
================================================================================

 1  72  56  64   9   1   0 0.32  0.0    0  8.7 23 280   M    M   8 13     33 280
 2  60  51  56   1   9   0 0.00  0.0    0 13.3 26 240   M    M   6        33 240
 3  62  38  50  -5  15   0 0.00  0.0    0  6.3 18 330   M    M   0        26 330
 4  75  43  59   3   6   0 0.00  0.0    0 11.5 24 220   M    M   2        30 210
 5  58  39  49  -7  16   0 0.00  0.0    0  8.9 21  10   M    M   1        26 360
 6  68  34  51  -5  14   0 0.68  0.0    0 10.8 28 260   M    M   7 13     35 210
 7  64  45  55  -1  10   0 0.03  0.0    0 15.0 31 270   M    M   5 1      43 270
 8  57  43  50  -7  15   0    T  0.0    0 10.2 24 230   M    M   9        33 290
 9  53  38  46 -11  19   0 0.00  0.0    0  8.6 21 260   M    M   2        29 260
10  62  30  46 -11  19   0 0.00  0.0    0  4.7 16 250   M    M   5        19 250
11  72  43  58   0   7   0 0.01  0.0    0  9.1 28 240   M    M   8        34 250
12  65  49  57  -1   8   0 0.25  0.0    0  6.5 17 360   M    M   6 18     21  10
13  71  43  57  -1   8   0 0.00  0.0    0  4.9 14  30   M    M   6        17  40
14  76  55  66   8   0   1    T  0.0    0  5.6 17 220   M    M   8        21 210
15  74  54  64   5   1   0 0.00  0.0    0  6.0 15  40   M    M   7 8      18  30
16  75  43  59   0   6   0 0.00  0.0    0  4.2 15  30   M    M   1 8      19  20
17  79  43  61   2   4   0 0.00  0.0    0  4.6 14  30   M    M   0        22  40
18  84  49  67   7   0   2 0.00  0.0    0  3.0 14 330   M    M   3        17 330
19  85  53  69   9   0   4 0.00  0.0    0  2.3  9 220   M    M   9 8      15  20
20  86  62  74  14   0   9 0.00  0.0    0  5.2 16 190   M    M   7        22 190
21  79  62  71  11   0   6 0.12  0.0    0 11.3 29 200   M    M   8 1      35 200
22  73  55  64   3   1   0 0.37  0.0    0  5.8 20 230   M    M   6 123    23 220
23  72  50  61   0   4   0 0.00  0.0    0  6.2 16 360   M    M   4 12     20 350
24  79  48  64   3   1   0 0.00  0.0    0  5.0 14 270   M    M   0        19 270
25  82  55  69   7   0   4 0.00  0.0    0  5.7 16 220   M    M   6        24 250
26  84  59  72  10   0   7 0.00  0.0    0  8.2 16 220   M    M   4        21 240
27  85  65  75  13   0  10 0.06  0.0    0  9.3 22 230   M    M   8 3      27 250
28  83  63  73  11   0   8 0.04  0.0    0  8.1 21 230   M    M   4 1      24 220
29  83  57  70   7   0   5 0.00  0.0    0  1.8 10  50   M    M   6        14  40
30  75  59  67   4   0   2 0.50  0.0    0  5.4 18 280   M    M   8 13     24 280
================================================================================
SM 2193 1484       164  58  2.38     0.0 216.2          M      154
================================================================================
AV 73.1 49.5                               7.2 FASTST   M    M   5    MAX(MPH)
                                 MISC ---->  # 31 270               # 43  270
================================================================================
NOTES:
# LAST OF SEVERAL OCCURRENCES

COLUMN 17 PEAK WIND IN M.P.H.

PRELIMINARY LOCAL CLIMATOLOGICAL DATA (WS FORM: F-6) , PAGE 2

                                          STATION:  KNOXVILLE    ASOS
                                          MONTH:    APRIL
                                          YEAR:     2016
                                          LATITUDE:   35 49 N
                                          LONGITUDE:  83 59 W

[TEMPERATURE DATA]      [PRECIPITATION DATA]       SYMBOLS USED IN COLUMN 16

AVERAGE MONTHLY: 61.3   TOTAL FOR MONTH:   2.38    1 = FOG OR MIST
DPTR FM NORMAL:   2.5   DPTR FM NORMAL:   -1.63    2 = FOG REDUCING VISIBILITY
HIGHEST:    86 ON 20    GRTST 24HR  0.80 ON 31- 1      TO 1/4 MILE OR LESS
LOWEST:     30 ON 10                               3 = THUNDER
                        SNOW, ICE PELLETS, HAIL    4 = ICE PELLETS
                        TOTAL MONTH:   0.0 INCH    5 = HAIL
                        GRTST 24HR     0.0         6 = FREEZING RAIN OR DRIZZLE
                        GRTST DEPTH:   0           7 = DUSTSTORM OR SANDSTORM:
                                                       VSBY 1/2 MILE OR LESS
                                                   8 = SMOKE OR HAZE
[NO. OF DAYS WITH]      [WEATHER - DAYS WITH]      9 = BLOWING SNOW
                                                   X = TORNADO
MAX 32 OR BELOW:   0    0.01 INCH OR MORE:  10
MAX 90 OR ABOVE:   0    0.10 INCH OR MORE:   6
MIN 32 OR BELOW:   1    0.50 INCH OR MORE:   2
MIN  0 OR BELOW:   0    1.00 INCH OR MORE:   0

[HDD (BASE 65) ]
TOTAL THIS MO.   164    CLEAR  (SCALE 0-3)   8
DPTR FM NORMAL   -54    PTCLDY (SCALE 4-7)  18
TOTAL FM JUL 1  2903    CLOUDY (SCALE 8-10)  4
DPTR FM NORMAL  -672

[CDD (BASE 65) ]
TOTAL THIS MO.    58
DPTR FM NORMAL    26    [PRESSURE DATA]
TOTAL FM JAN 1    73    HIGHEST SLP 30.41 ON 17
DPTR FM NORMAL    36    LOWEST  SLP 29.67 ON  1

[REMARKS]
#FINAL-04-16#
