000
CXUS56 KPQR 221230
CF6UAO
PRELIMINARY LOCAL CLIMATOLOGICAL DATA (WS FORM: F-6)

                                          STATION:   AURORA STATE OR
                                          MONTH:     OCTOBER
                                          YEAR:      2014
                                          LATITUDE:   45 15 N
                                          LONGITUDE: 122 46 W

  TEMPERATURE IN F:       :PCPN:    SNOW:  WIND      :SUNSHINE: SKY     :PK WND
================================================================================
1   2   3   4   5  6A  6B    7    8   9   10  11  12  13   14  15   16   17  18
                                     12Z  AVG MX 2MIN
DY MAX MIN AVG DEP HDD CDD  WTR  SNW DPTH SPD SPD DIR MIN PSBL S-S WX    SPD DR
================================================================================

 1  68  44  56  -3   9   0 0.00  0.0    0  2.1 13  30   M    M   5 12     16  30
 2  72  45  59   1   6   0 0.00  0.0    0  4.0 12 360   M    M   1 1      15 350
 3  82  46  64   6   1   0 0.00  0.0    0  2.7 12  10   M    M   0        14 360
 4  84  48  66   8   0   1 0.00  0.0    0  1.7  8  60   M    M   0        13 360
 5  86  51  69  12   0   4 0.00  0.0    0  3.8 10  40   M    M   0        14 360
 6  86  54  70  13   0   5 0.00  0.0    0  2.7  9  40   M    M   0        12  50
 7  82  54  68  12   0   3 0.00  0.0    0  1.2  8  60   M    M   0        11  50
 8  77  51  64   8   1   0 0.00  0.0    0  1.7  8 360   M    M   0        11 350
 9  76  49  63   7   2   0 0.00  0.0    0  1.0  7  50   M    M   2 12      9 360
10  71  47  59   3   6   0 0.00  0.0    0  2.6  8 250   M    M   4 128    11 270
11  71  50  61   6   4   0 0.15  0.0    0  5.9 14 250   M    M   6 1      20 230
12  67  45  56   1   9   0 0.00  0.0    0  2.5 12  10   M    M   4 12     13  10
13  73  46  60   6   5   0 0.18    M    0  5.9 17 190   M    M   5 12     25 180
14  60  53  57   3   8   0 0.22  0.0    0  3.3 12 220   M    M   8 1      20 230
15  58  52  55   1  10   0 0.82  0.0    0 11.4 24 190   M    M   9 1      36 200
16  69  47  58   4   7   0 0.00  0.0    0  1.2  7 160   M    M   1         9 190
17  59  52  56   3   9   0 0.43  0.0    0  2.7 10  60   M    M  10 1      13  60
18  74  56  65  12   0   0    T  0.0    0  2.8 14 190   M    M   5 1      20 180
19  73  53  63  10   2   0 0.00  0.0    0  3.0  9 250   M    M   6 12     13 260
20  65  53  59   7   6   0 0.14  0.0    0  7.7 22 180   M    M   7 1      27 190
21  61  52  57   5   8   0 0.01  0.0    0 10.4 22 180   M    M   9        29 170
================================================================================
SM 1514 1048        93  13  1.95     0.0  80.3          M       82
================================================================================
AV 72.1 49.9                               3.8 FASTST   M    M   4    MAX(MPH)
                                 MISC ---->  # 24 190               # 36  200
================================================================================
NOTES:
# LAST OF SEVERAL OCCURRENCES

COLUMN 17 PEAK WIND IN M.P.H.

PRELIMINARY LOCAL CLIMATOLOGICAL DATA (WS FORM: F-6) , PAGE 2

                                          STATION:  AURORA STATE OR
                                          MONTH:    OCTOBER
                                          YEAR:     2014
                                          LATITUDE:   45 15 N
                                          LONGITUDE: 122 46 W

[TEMPERATURE DATA]      [PRECIPITATION DATA]       SYMBOLS USED IN COLUMN 16

AVERAGE MONTHLY: 61.0   TOTAL FOR MONTH:   1.95    1 = FOG OR MIST
DPTR FM NORMAL:   5.8   DPTR FM NORMAL:   -0.08    2 = FOG REDUCING VISIBILITY
HIGHEST:    86 ON  6, 5 GRTST 24HR  0.91 ON 14-15      TO 1/4 MILE OR LESS
LOWEST:     44 ON  1                               3 = THUNDER
                        SNOW, ICE PELLETS, HAIL    4 = ICE PELLETS
                        TOTAL MONTH:   0.0 INCH    5 = HAIL
                        GRTST 24HR     0.0         6 = FREEZING RAIN OR DRIZZLE
                        GRTST DEPTH:   0           7 = DUSTSTORM OR SANDSTORM:
                                                       VSBY 1/2 MILE OR LESS
                                                   8 = SMOKE OR HAZE
[NO. OF DAYS WITH]      [WEATHER - DAYS WITH]      9 = BLOWING SNOW
                                                   X = TORNADO
MAX 32 OR BELOW:   0    0.01 INCH OR MORE:   7
MAX 90 OR ABOVE:   0    0.10 INCH OR MORE:   6
MIN 32 OR BELOW:   0    0.50 INCH OR MORE:   1
MIN  0 OR BELOW:   0    1.00 INCH OR MORE:   0

[HDD (BASE 65) ]
TOTAL THIS MO.    93    CLEAR  (SCALE 0-3)   9
DPTR FM NORMAL  -116    PTCLDY (SCALE 4-7)   9
TOTAL FM JUL 1   132    CLOUDY (SCALE 8-10)  3
DPTR FM NORMAL  -223

[CDD (BASE 65) ]
TOTAL THIS MO.    13
DPTR FM NORMAL    13    [PRESSURE DATA]
TOTAL FM JAN 1   538    HIGHEST SLP M ON M
DPTR FM NORMAL   204    LOWEST  SLP 29.54 ON 15

[REMARKS]
