697
CXUS53 KSGF 220800
CF6UNO
PRELIMINARY LOCAL CLIMATOLOGICAL DATA (WS FORM: F-6)

                                          STATION:   WEST PLAINS MO
                                          MONTH:     OCTOBER
                                          YEAR:      2017
                                          LATITUDE:   36 52 N
                                          LONGITUDE:  91 55 W

  TEMPERATURE IN F:       :PCPN:    SNOW:  WIND      :SUNSHINE: SKY     :PK WND
================================================================================
1   2   3   4   5  6A  6B    7    8   9   10  11  12  13   14  15   16   17  18
                                     12Z  AVG MX 2MIN
DY MAX MIN AVG DEP HDD CDD  WTR  SNW DPTH SPD SPD DIR MIN PSBL S-S WX    SPD DR
================================================================================

 1  81  48  65   3   0   0 0.00    M    M  6.6 14 150   M    M   1        18 150
 2  82  64  73  11   0   8 0.00    M    M 11.1 18 140   M    M   5 18     28 140
 3  73  66  70   8   0   5 0.13    M    M  6.8 14 160   M    M   8 13     21 160
 4  81  67  74  13   0   9    T    M    M  3.1 12 200   M    M   4 1      16 170
 5  84  65  75  14   0  10 0.00    M    M  4.1 12 170   M    M   2 1      15 200
 6  84  67  76  16   0  11 0.00    M    M  8.0 16 180   M    M   0        23 170
 7  81  55  68   8   0   3 0.02    M    M  7.5 25 200   M    M   3 18     35 190
 8  80  54  67   7   0   2 0.00    M    M  5.1 13 100   M    M   2 1      17 150
 9  87  60  74  15   0   9 0.42    M    M  3.9 12 320   M    M   6 12     16 150
10  80  49  65   6   0   0    T    M    M  8.5 22 280   M    M   8 12     31 250
11  64  44  54  -5  11   0 0.00    M    M  5.5 16 320   M    M   7 1      20 320
12  75  41  58   0   7   0 0.00    M    M  3.3 10 170   M    M   4 128    14 170
13  84  53  69  11   0   4 0.00    M    M  6.2 14 170   M    M   1 1      19 180
14  88  59  74  16   0   9 0.00    M    M  7.6 17 190   M    M   1        25 180
15  75  46  61   3   4   0 0.29    M    M  8.8 21 320   M    M   4 1      28 320
16  69  40  55  -2  10   0 0.00    M    M  3.2 13  20   M    M   0        19  20
17  69  37  53  -4  12   0 0.00    M    M  4.7 13 180   M    M   0        16 170
18  75  43  59   2   6   0 0.00    M    M  6.5 14 170   M    M   0        20 200
19  80  44  62   6   3   0 0.00    M    M  3.6 12 180   M    M   0 1      16 190
20  74  45  60   4   5   0 0.00    M    M  6.3 14 160   M    M   1 1      18 220
21  76  60  68  12   0   3 0.03    M    M 10.4 20 190   M    M   8 3      29 180
================================================================================
SM 1642 1107        58  73  0.89    M    130.8          M       65
================================================================================
AV 78.2 52.7                               6.2 FASTST   M    M   3    MAX(MPH)
                                 MISC ---->  # 25 200               # 35  190
================================================================================
NOTES:
# LAST OF SEVERAL OCCURRENCES

COLUMN 17 PEAK WIND IN M.P.H.

PRELIMINARY LOCAL CLIMATOLOGICAL DATA (WS FORM: F-6) , PAGE 2

                                          STATION:  WEST PLAINS MO
                                          MONTH:    OCTOBER
                                          YEAR:     2017
                                          LATITUDE:   36 52 N
                                          LONGITUDE:  91 55 W

[TEMPERATURE DATA]      [PRECIPITATION DATA]       SYMBOLS USED IN COLUMN 16

AVERAGE MONTHLY: 65.5   TOTAL FOR MONTH:   0.89    1 = FOG OR MIST
DPTR FM NORMAL:   6.6   DPTR FM NORMAL:   -1.73    2 = FOG REDUCING VISIBILITY
HIGHEST:    88 ON 14    GRTST 24HR  0.42 ON  9- 9      TO 1/4 MILE OR LESS
LOWEST:     37 ON 17                               3 = THUNDER
                        SNOW, ICE PELLETS, HAIL    4 = ICE PELLETS
                        TOTAL MONTH:    M          5 = HAIL
                        GRTST 24HR    M  ON   M    6 = FREEZING RAIN OR DRIZZLE
                        GRTST DEPTH:  M  ON   M    7 = DUSTSTORM OR SANDSTORM:
                                                       VSBY 1/2 MILE OR LESS
                                                   8 = SMOKE OR HAZE
[NO. OF DAYS WITH]      [WEATHER - DAYS WITH]      9 = BLOWING SNOW
                                                   X = TORNADO
MAX 32 OR BELOW:   0    0.01 INCH OR MORE:   5
MAX 90 OR ABOVE:   0    0.10 INCH OR MORE:   3
MIN 32 OR BELOW:   0    0.50 INCH OR MORE:   0
MIN  0 OR BELOW:   0    1.00 INCH OR MORE:   0

[HDD (BASE 65) ]
TOTAL THIS MO.    58    CLEAR  (SCALE 0-3)  12
DPTR FM NORMAL   -92    PTCLDY (SCALE 4-7)   8
TOTAL FM JUL 1    64    CLOUDY (SCALE 8-10)  1
DPTR FM NORMAL  -128

[CDD (BASE 65) ]
TOTAL THIS MO.    73
DPTR FM NORMAL    53    [PRESSURE DATA]
TOTAL FM JAN 1  1383    HIGHEST SLP M ON M
DPTR FM NORMAL    35    LOWEST  SLP 29.62 ON  8

[REMARKS]
