000
CXUS54 KHGX 201420
CF6UTS
PRELIMINARY LOCAL CLIMATOLOGICAL DATA (WS FORM: F-6)

                                          STATION:   HUNTSVILLE_(ASOS)
                                          MONTH:     NOVEMBER
                                          YEAR:      2014
                                          LATITUDE:   30 45 N
                                          LONGITUDE:  95 35 W

  TEMPERATURE IN F:       :PCPN:    SNOW:  WIND      :SUNSHINE: SKY     :PK WND
================================================================================
1   2   3   4   5  6A  6B    7    8   9   10  11  12  13   14  15   16   17  18
                                     12Z  AVG MX 2MIN
DY MAX MIN AVG DEP HDD CDD  WTR  SNW DPTH SPD SPD DIR MIN PSBL S-S WX    SPD DR
================================================================================

 1  65  39  52 -13  13   0 0.00  0.0    0  2.5  7 330   M    M   0        12 110
 2  70  42  56  -8   9   0 0.00  0.0    0  4.3 12 170   M    M   0        18 170
 3  78  55  67   3   0   2 0.00  0.0    0  5.6 18 180   M    M   1        25 160
 4  79  60  70   6   0   5 0.20  0.0    0  4.4 16 190   M    M   5 1      24 190
 5  62  59  61  -2   4   0 1.62  0.0    0  3.2 12 230   M    M  10 1      15 360
 6  67  52  60  -3   5   0 0.05  0.0    0  4.2 10 360   M    M   5 1      16 350
 7  65  42  54  -9  11   0 0.00  0.0    0  1.4  6 190   M    M   0        10  60
 8  73  47  60  -2   5   0    T    M    0  3.9 18 310   M    M   2        26 310
 9  71  40  56  -6   9   0 0.00  0.0    0  2.6 10 180   M    M   0 8      12 190
10  80  50  65   3   0   0 0.00  0.0    0 10.3 23 190   M    M   0        31 200
11  68  42  55  -6  10   0 0.00  0.0    0  8.2 18 310   M    M   5        26 320
12  53  36  45 -16  20   0 0.00    M    0  8.5 17 340   M    M   1        25 330
13  46  29  38 -22  27   0 0.00  0.0    0  9.0 18 330   M    M   8        25 340
14  48  26  37 -23  28   0 0.00  0.0    0  1.3  7  60   M    M   4        11  40
15  50  40  45 -15  20   0 0.04  0.0    0  3.1  7 110   M    M  10 1      12 130
16  48  38  43 -16  22   0 0.57    M    0  6.4 21 330   M    M  10 13     29 330
17  49  30  40 -19  25   0 0.00  0.0    0  8.3 20 330   M    M   3        29 320
18  54  30  42 -17  23   0 0.00  0.0    0  2.2  8 180   M    M   0        11 190
19  67  34  51  -7  14   0 0.00  0.0    0  7.3 20 190   M    M   2        26 180
================================================================================
SM 1193  791       245   7  2.48     0.0  96.7          M       66
================================================================================
AV 62.8 41.6                               5.1 FASTST   M    M   3    MAX(MPH)
                                 MISC ---->  # 23 190               # 31  200
================================================================================
NOTES:
# LAST OF SEVERAL OCCURRENCES

COLUMN 17 PEAK WIND IN M.P.H.

PRELIMINARY LOCAL CLIMATOLOGICAL DATA (WS FORM: F-6) , PAGE 2

                                          STATION:  HUNTSVILLE_(ASOS)
                                          MONTH:    NOVEMBER
                                          YEAR:     2014
                                          LATITUDE:   30 45 N
                                          LONGITUDE:  95 35 W

[TEMPERATURE DATA]      [PRECIPITATION DATA]       SYMBOLS USED IN COLUMN 16

AVERAGE MONTHLY: 52.2   TOTAL FOR MONTH:   2.48    1 = FOG OR MIST
DPTR FM NORMAL:  -9.3   DPTR FM NORMAL:   -0.60    2 = FOG REDUCING VISIBILITY
HIGHEST:    80 ON 10    GRTST 24HR  1.73 ON  4- 5      TO 1/4 MILE OR LESS
LOWEST:     26 ON 14                               3 = THUNDER
                        SNOW, ICE PELLETS, HAIL    4 = ICE PELLETS
                        TOTAL MONTH:   0.0 INCH    5 = HAIL
                        GRTST 24HR     0.0         6 = FREEZING RAIN OR DRIZZLE
                        GRTST DEPTH:   0           7 = DUSTSTORM OR SANDSTORM:
                                                       VSBY 1/2 MILE OR LESS
                                                   8 = SMOKE OR HAZE
[NO. OF DAYS WITH]      [WEATHER - DAYS WITH]      9 = BLOWING SNOW
                                                   X = TORNADO
MAX 32 OR BELOW:   0    0.01 INCH OR MORE:   5
MAX 90 OR ABOVE:   0    0.10 INCH OR MORE:   3
MIN 32 OR BELOW:   4    0.50 INCH OR MORE:   2
MIN  0 OR BELOW:   0    1.00 INCH OR MORE:   1

[HDD (BASE 65) ]
TOTAL THIS MO.   245    CLEAR  (SCALE 0-3)  11
DPTR FM NORMAL   141    PTCLDY (SCALE 4-7)   5
TOTAL FM JUL 1   249    CLOUDY (SCALE 8-10)  3
DPTR FM NORMAL    97

[CDD (BASE 65) ]
TOTAL THIS MO.     7
DPTR FM NORMAL   -30    [PRESSURE DATA]
TOTAL FM JAN 1  2791    HIGHEST SLP M ON M
DPTR FM NORMAL   -93    LOWEST  SLP 29.75 ON 10

[REMARKS]
