000
CXUS54 KEWX 190910
CF6UVA
PRELIMINARY LOCAL CLIMATOLOGICAL DATA (WS FORM: F-6)

                                          STATION:   UVALDE
                                          MONTH:     SEPTEMBER
                                          YEAR:      2017
                                          LATITUDE:   29 12 N
                                          LONGITUDE:  99 44 W

  TEMPERATURE IN F:       :PCPN:    SNOW:  WIND      :SUNSHINE: SKY     :PK WND
================================================================================
1   2   3   4   5  6A  6B    7    8   9   10  11  12  13   14  15   16   17  18
                                     12Z  AVG MX 2MIN
DY MAX MIN AVG DEP HDD CDD  WTR  SNW DPTH SPD SPD DIR MIN PSBL S-S WX    SPD DR
================================================================================

 1  96  68  82   M   0  17 0.00    M    M  6.1  9 110   M    M   2         9 120
 2  91  67  79   M   0  14 0.00    M    M  5.6  9 190   M    M   1        17 170
 3  95  67  81   M   0  16 0.00    M    M  6.4 12 130   M    M   1        16 150
 4  94  65  80   M   0  15 0.00    M    M  6.5 15 120   M    M   2         M  M
 5  97  70  84   M   0  19 0.00    M    M  4.3 15 310   M    M   2        16  30
 6  90  65  78   M   0  13 0.00    M    M  8.1 16  40   M    M   3        18  50
 7  89  60  75   M   0  10 0.00    M    M  6.9 13 110   M    M   1        16 110
 8  89  58  74   M   0   9 0.00    M    M  6.6 12 150   M    M   0        23 150
 9  90  62  76   M   0  11 0.00    M    M  5.7  9 120   M    M   0         M  M
10  91  60  76   M   0  11 0.00    M    M  6.3 13  90   M    M   0        16  90
11  92  59  76   M   0  11 0.00    M    M  3.7  8  70   M    M   0        20  30
12  96  57  77   M   0  12 0.00    M    M  3.0 12 280   M    M   0         M  M
13 100  61  81   M   0  16 0.00    M    M  6.1 10 120   M    M   0         M  M
14 103  67  85   M   0  20 0.00    M    M  9.8 18 120   M    M   0        25 120
15  98  69  84   M   0  19 0.00    M    M  7.9 12 110   M    M   2        20 170
16  95  72  84   M   0  19 0.00    M    M  5.9 12 120   M    M   2         M  M
17  96  69  83   M   0  18 0.00    M    M  7.1 13 150   M    M   4         M  M
18  98  73  86   M   0  21 0.00    M    M  7.0 13 120   M    M   4        20 120
================================================================================
SM 1700 1169         0 271  0.00    M    113.0          M       24
================================================================================
AV 94.4 64.9                               6.3 FASTST   M    M   1    MAX(MPH)
                                 MISC ---->  # 18 120               # 25  120
================================================================================
NOTES:
# LAST OF SEVERAL OCCURRENCES

COLUMN 17 PEAK WIND IN M.P.H.

PRELIMINARY LOCAL CLIMATOLOGICAL DATA (WS FORM: F-6) , PAGE 2

                                          STATION:  UVALDE
                                          MONTH:    SEPTEMBER
                                          YEAR:     2017
                                          LATITUDE:   29 12 N
                                          LONGITUDE:  99 44 W

[TEMPERATURE DATA]      [PRECIPITATION DATA]       SYMBOLS USED IN COLUMN 16

AVERAGE MONTHLY: 79.7   TOTAL FOR MONTH:   0.00    1 = FOG OR MIST
DPTR FM NORMAL:     M   DPTR FM NORMAL:       M    2 = FOG REDUCING VISIBILITY
HIGHEST:   103 ON 14    GRTST 24HR  0.00 ON 18-18      TO 1/4 MILE OR LESS
LOWEST:     57 ON 12                               3 = THUNDER
                        SNOW, ICE PELLETS, HAIL    4 = ICE PELLETS
                        TOTAL MONTH:    M          5 = HAIL
                        GRTST 24HR    M  ON   M    6 = FREEZING RAIN OR DRIZZLE
                        GRTST DEPTH:  M  ON   M    7 = DUSTSTORM OR SANDSTORM:
                                                       VSBY 1/2 MILE OR LESS
                                                   8 = SMOKE OR HAZE
[NO. OF DAYS WITH]      [WEATHER - DAYS WITH]      9 = BLOWING SNOW
                                                   X = TORNADO
MAX 32 OR BELOW:   0    0.01 INCH OR MORE:   0
MAX 90 OR ABOVE:  16    0.10 INCH OR MORE:   0
MIN 32 OR BELOW:   0    0.50 INCH OR MORE:   0
MIN  0 OR BELOW:   0    1.00 INCH OR MORE:   0

[HDD (BASE 65) ]
TOTAL THIS MO.     0    CLEAR  (SCALE 0-3)  16
DPTR FM NORMAL     M    PTCLDY (SCALE 4-7)   2
TOTAL FM JUL 1     0    CLOUDY (SCALE 8-10)  0
DPTR FM NORMAL     M

[CDD (BASE 65) ]
TOTAL THIS MO.   271
DPTR FM NORMAL     M    [PRESSURE DATA]
TOTAL FM JAN 1  2679    HIGHEST SLP M ON M
DPTR FM NORMAL     M    LOWEST  SLP M ON M

[REMARKS]
