000
CXUS55 KGJT 261000
CF6VEL
PRELIMINARY LOCAL CLIMATOLOGICAL DATA (WS FORM: F-6)

                                          STATION:   VERNAL UT
                                          MONTH:     MARCH
                                          YEAR:      2017
                                          LATITUDE:   40 27 N
                                          LONGITUDE: 109 31 W

  TEMPERATURE IN F:       :PCPN:    SNOW:  WIND      :SUNSHINE: SKY     :PK WND
================================================================================
1   2   3   4   5  6A  6B    7    8   9   10  11  12  13   14  15   16   17  18
                                     12Z  AVG MX 2MIN
DY MAX MIN AVG DEP HDD CDD  WTR  SNW DPTH SPD SPD DIR MIN PSBL S-S WX    SPD DR
================================================================================

 1  36  12  24  -8  41   0 0.00    M    M  4.2  9 290   M    M   0        11  70
 2  40  14  27  -6  38   0 0.00    M    M  2.7  8 280   M    M   0         9 290
 3  47  18  33   0  32   0 0.00    M    M  3.4  8 290   M    M   0         8 280
 4  54  24  39   5  26   0 0.00    M    M  4.1 12 220   M    M   0        14 220
 5  54  28  41   7  24   0    T    M    M 10.9 44 240   M    M   4        61 240
 6  41  24  33  -1  32   0 0.00    M    M 16.5 32 250   M    M   3        41 250
 7  46  18  32  -3  33   0 0.00    M    M  7.3 20 250   M    M   2        23 250
 8  58  26  42   7  23   0 0.00    M    M  4.0 12 240   M    M   0        15 230
 9  62  29  46  10  19   0 0.00    M    M  4.2 10  40   M    M   0        14  80
10  60  32  46  10  19   0 0.00    M    M  4.0 13  40   M    M   2        15  80
11  61  32  47  11  18   0 0.00    M    M  3.8 15 250   M    M   1        19 250
12  62  32  47  10  18   0 0.00    M    M  4.8 21  70   M    M   0        26  60
13  60  28  44   7  21   0 0.00    M    M  3.6  9 290   M    M   1        11 120
14  69  30  50  12  15   0 0.00    M    M  3.4  9 300   M    M   0        20 330
15  72  32  52  14  13   0 0.00    M    M  4.2 14 210   M    M   0        17 230
16  72  34  53  15  12   0 0.00    M    M  7.5 23 240   M    M   0        27 230
17  69  36  53  14  12   0 0.00    M    M  4.1 10 310   M    M   1        13  90
18  73  34  54  15  11   0 0.00    M    M  4.1 14 230   M    M   0        16 230
19  73  39  56  17   9   0 0.00    M    M  6.2 17 260   M    M   1        23 230
20  71  40  56  16   9   0    T    M    M  4.9 26 290   M    M   0 8      33 280
21  71  36  54  14  11   0 0.00    M    M  4.2 18 260   M    M   2        24 260
22  69  43  56  16   9   0 0.38    M    M  7.8 25 260   M    M   7 13     32 280
23  55  42  49   9  16   0 0.20    M    M  7.4 21 290   M    M   7 13     26 300
24  57  39  48   7  17   0    T    M    M  5.7 17  50   M    M   5        22  50
25  59  34  47   6  18   0 0.02    M    M  4.0 26 280   M    M   3        33 280
================================================================================
SM 1491  756       496   0  0.60    M    137.0          M       39
================================================================================
AV 59.6 30.2                               5.5 FASTST   M    M   2    MAX(MPH)
                                 MISC ---->  # 44 240               # 61  240
================================================================================
NOTES:
# LAST OF SEVERAL OCCURRENCES

COLUMN 17 PEAK WIND IN M.P.H.

PRELIMINARY LOCAL CLIMATOLOGICAL DATA (WS FORM: F-6) , PAGE 2

                                          STATION:  VERNAL UT
                                          MONTH:    MARCH
                                          YEAR:     2017
                                          LATITUDE:   40 27 N
                                          LONGITUDE: 109 31 W

[TEMPERATURE DATA]      [PRECIPITATION DATA]       SYMBOLS USED IN COLUMN 16

AVERAGE MONTHLY: 44.9   TOTAL FOR MONTH:   0.60    1 = FOG OR MIST
DPTR FM NORMAL:   7.9   DPTR FM NORMAL:    0.06    2 = FOG REDUCING VISIBILITY
HIGHEST:    73 ON 19,18 GRTST 24HR  0.38 ON 22-22      TO 1/4 MILE OR LESS
LOWEST:     12 ON  1                               3 = THUNDER
                        SNOW, ICE PELLETS, HAIL    4 = ICE PELLETS
                        TOTAL MONTH:    M          5 = HAIL
                        GRTST 24HR    M  ON   M    6 = FREEZING RAIN OR DRIZZLE
                        GRTST DEPTH:  M  ON   M    7 = DUSTSTORM OR SANDSTORM:
                                                       VSBY 1/2 MILE OR LESS
                                                   8 = SMOKE OR HAZE
[NO. OF DAYS WITH]      [WEATHER - DAYS WITH]      9 = BLOWING SNOW
                                                   X = TORNADO
MAX 32 OR BELOW:   0    0.01 INCH OR MORE:   3
MAX 90 OR ABOVE:   0    0.10 INCH OR MORE:   2
MIN 32 OR BELOW:  15    0.50 INCH OR MORE:   0
MIN  0 OR BELOW:   0    1.00 INCH OR MORE:   0

[HDD (BASE 65) ]
TOTAL THIS MO.   496    CLEAR  (SCALE 0-3)  20
DPTR FM NORMAL  -205    PTCLDY (SCALE 4-7)   5
TOTAL FM JUL 1  5553    CLOUDY (SCALE 8-10)  0
DPTR FM NORMAL  -639

[CDD (BASE 65) ]
TOTAL THIS MO.     0
DPTR FM NORMAL     0    [PRESSURE DATA]
TOTAL FM JAN 1     0    HIGHEST SLP M ON M
DPTR FM NORMAL     0    LOWEST  SLP 29.29 ON  6

[REMARKS]
