000
CXUS55 KVEF 160940
CF6VGT
PRELIMINARY LOCAL CLIMATOLOGICAL DATA (WS FORM: F-6)

                                          STATION:   NORTH_LAS_VEGAS NV
                                          MONTH:     APRIL
                                          YEAR:      2014
                                          LATITUDE:   36 12 N
                                          LONGITUDE: 115 12 W

  TEMPERATURE IN F:       :PCPN:    SNOW:  WIND      :SUNSHINE: SKY     :PK WND
================================================================================
1   2   3   4   5  6A  6B    7    8   9   10  11  12  13   14  15   16   17  18
                                     12Z  AVG MX 2MIN
DY MAX MIN AVG DEP HDD CDD  WTR  SNW DPTH SPD SPD DIR MIN PSBL S-S WX    SPD DR
================================================================================

 1  66  50  58  -4   7   0 0.00  0.0    0 13.7 28 240   M    M   1        33 230
 2  58  42  50 -13  15   0    T  0.0    0  8.6 33  20   M    M   4        41  20
 3  66  41  54  -9  11   0 0.00  0.0    0  3.5 13 150   M    M   0        21 160
 4  68  48  58  -5   7   0 0.00  0.0    0  5.8 20 160   M    M   1        23 160
 5  74  51  63  -1   2   0 0.00  0.0    0 10.1 24 320   M    M   2        32 320
 6  77  53  65   1   0   0 0.00  0.0    0 13.7 24 330   M    M   0        33 320
 7  83  61  72   8   0   7 0.00  0.0    0  6.8 20  20   M    M   0        25  20
 8  86  55  71   7   0   6 0.00  0.0    0  3.5 12 160   M    M   0        17 150
 9  88  58  73   9   0   8 0.00  0.0    0  4.2 18 280   M    M   0        21 290
10  90  56  73   8   0   8 0.00  0.0    0  5.8 13 150   M    M   0        16 170
11  91  62  77  12   0  12    T  0.0    0  6.8 22 180   M    M   0        26 190
12  87  59  73   8   0   8 0.00  0.0    0  5.6 16 260   M    M   0        22 170
13  82  63  73   7   0   8 0.00  0.0    0 13.8 32 350   M    M   0        40 340
14  74  57  66   0   0   1 0.00  0.0    0  7.6 21  90   M    M   0        26  90
15  81  52  67   1   0   2 0.00  0.0    0  2.3  8 320   M    M   0        10 160
================================================================================
SM 1171  808        42  60    T      0.0 111.8          M        8
================================================================================
AV 78.1 53.9                               7.5 FASTST   M    M   1    MAX(MPH)
                                 MISC ---->  # 33  20               # 41   20
================================================================================
NOTES:
# LAST OF SEVERAL OCCURRENCES

COLUMN 17 PEAK WIND IN M.P.H.

PRELIMINARY LOCAL CLIMATOLOGICAL DATA (WS FORM: F-6) , PAGE 2

                                          STATION:  NORTH_LAS_VEGAS NV
                                          MONTH:    APRIL
                                          YEAR:     2014
                                          LATITUDE:   36 12 N
                                          LONGITUDE: 115 12 W

[TEMPERATURE DATA]      [PRECIPITATION DATA]       SYMBOLS USED IN COLUMN 16

AVERAGE MONTHLY: 66.0   TOTAL FOR MONTH:      T    1 = FOG OR MIST
DPTR FM NORMAL:   1.7   DPTR FM NORMAL:   -0.21    2 = FOG REDUCING VISIBILITY
HIGHEST:    91 ON 11    GRTST 24HR    T  ON 11-11      TO 1/4 MILE OR LESS
LOWEST:     41 ON  3                               3 = THUNDER
                        SNOW, ICE PELLETS, HAIL    4 = ICE PELLETS
                        TOTAL MONTH:   0.0 INCH    5 = HAIL
                        GRTST 24HR     0.0         6 = FREEZING RAIN OR DRIZZLE
                        GRTST DEPTH:   0           7 = DUSTSTORM OR SANDSTORM:
                                                       VSBY 1/2 MILE OR LESS
                                                   8 = SMOKE OR HAZE
[NO. OF DAYS WITH]      [WEATHER - DAYS WITH]      9 = BLOWING SNOW
                                                   X = TORNADO
MAX 32 OR BELOW:   0    0.01 INCH OR MORE:   0
MAX 90 OR ABOVE:   2    0.10 INCH OR MORE:   0
MIN 32 OR BELOW:   0    0.50 INCH OR MORE:   0
MIN  0 OR BELOW:   0    1.00 INCH OR MORE:   0

[HDD (BASE 65) ]
TOTAL THIS MO.    42    CLEAR  (SCALE 0-3)  14
DPTR FM NORMAL    -4    PTCLDY (SCALE 4-7)   1
TOTAL FM JUL 1  1708    CLOUDY (SCALE 8-10)  0
DPTR FM NORMAL  -314

[CDD (BASE 65) ]
TOTAL THIS MO.    60
DPTR FM NORMAL    25    [PRESSURE DATA]
TOTAL FM JAN 1    77    HIGHEST SLP M ON M
DPTR FM NORMAL    20    LOWEST  SLP 29.49 ON 12

[REMARKS]
