000
CXUS55 KVEF 230940
CF6VGT
PRELIMINARY LOCAL CLIMATOLOGICAL DATA (WS FORM: F-6)

                                          STATION:   NORTH_LAS_VEGAS NV
                                          MONTH:     JULY
                                          YEAR:      2016
                                          LATITUDE:   36 12 N
                                          LONGITUDE: 115 12 W

  TEMPERATURE IN F:       :PCPN:    SNOW:  WIND      :SUNSHINE: SKY     :PK WND
================================================================================
1   2   3   4   5  6A  6B    7    8   9   10  11  12  13   14  15   16   17  18
                                     12Z  AVG MX 2MIN
DY MAX MIN AVG DEP HDD CDD  WTR  SNW DPTH SPD SPD DIR MIN PSBL S-S WX    SPD DR
================================================================================

 1  96  70  83  -7   0  18    T  0.0    0  9.9 40 320   M    M   3        48 320
 2  95  70  83  -7   0  18    T  0.0    0  5.0 18 320   M    M   0        23 320
 3 104  79  92   2   0  27 0.00  0.0    0  5.9 16 270   M    M   0        22 190
 4 106  80  93   3   0  28 0.00  0.0    0  9.2 22 250   M    M   0        28 200
 5 104  78  91   1   0  26 0.00  0.0    0 11.7 25 180   M    M   0        31 190
 6 103  80  92   2   0  27 0.00  0.0    0 14.6 26 190   M    M   0        33 180
 7 103  79  91   0   0  26 0.00  0.0    0 12.1 21 170   M    M   0        26 150
 8 106  79  93   2   0  28 0.00  0.0    0 10.7 25 170   M    M   0        32 180
 9 102  82  92   1   0  27 0.00  0.0    0 13.8 24 180   M    M   0        31 220
10 102  82  92   1   0  27 0.00  0.0    0 15.5 25 220   M    M   0        33 200
11 100  81  91   0   0  26 0.00  0.0    0  7.0 22 340   M    M   0        27 340
12 105  74  90  -1   0  25 0.00  0.0    0  8.2 21 170   M    M   0        34 180
13 105  74  90  -2   0  25 0.00  0.0    0  7.2 21 140   M    M   0        28 140
14 108  76  92   0   0  27 0.00  0.0    0  7.7 20 150   M    M   0        24 160
15 111  77  94   2   0  29 0.00  0.0    0  9.1 23 220   M    M   0        31 220
16 106  80  93   1   0  28 0.00  0.0    0 11.7 25 210   M    M   0        34 210
17 106  85  96   4   0  31 0.00  0.0    0 13.2 24 210   M    M   0        30 200
18 105  84  95   3   0  30 0.00  0.0    0 11.4 24 160   M    M   0        28 160
19 107  82  95   3   0  30 0.00  0.0    0 10.2 24 180   M    M   0        29 180
20 108  81  95   3   0  30 0.00  0.0    0  8.5 21 190   M    M   0        26 220
21 109  82  96   4   0  31 0.00  0.0    0  5.4 23 150   M    M   0        29 150
22 112  83  98   6   0  33 0.00  0.0    0  7.3 21 210   M    M   0        28 220
================================================================================
SM 2303 1738         0 597    T      0.0 215.3          M        3
================================================================================
AV104.7 79.0                               9.8 FASTST   M    M   0    MAX(MPH)
                                 MISC ---->  # 40 320               # 48  320
================================================================================
NOTES:
# LAST OF SEVERAL OCCURRENCES

COLUMN 17 PEAK WIND IN M.P.H.

PRELIMINARY LOCAL CLIMATOLOGICAL DATA (WS FORM: F-6) , PAGE 2

                                          STATION:  NORTH_LAS_VEGAS NV
                                          MONTH:    JULY
                                          YEAR:     2016
                                          LATITUDE:   36 12 N
                                          LONGITUDE: 115 12 W

[TEMPERATURE DATA]      [PRECIPITATION DATA]       SYMBOLS USED IN COLUMN 16

AVERAGE MONTHLY: 91.8   TOTAL FOR MONTH:      T    1 = FOG OR MIST
DPTR FM NORMAL:   0.7   DPTR FM NORMAL:   -0.25    2 = FOG REDUCING VISIBILITY
HIGHEST:   112 ON 22    GRTST 24HR    T  ON  2- 2      TO 1/4 MILE OR LESS
LOWEST:     70 ON  2, 1                            3 = THUNDER
                        SNOW, ICE PELLETS, HAIL    4 = ICE PELLETS
                        TOTAL MONTH:   0.0 INCH    5 = HAIL
                        GRTST 24HR     0.0         6 = FREEZING RAIN OR DRIZZLE
                        GRTST DEPTH:   0           7 = DUSTSTORM OR SANDSTORM:
                                                       VSBY 1/2 MILE OR LESS
                                                   8 = SMOKE OR HAZE
[NO. OF DAYS WITH]      [WEATHER - DAYS WITH]      9 = BLOWING SNOW
                                                   X = TORNADO
MAX 32 OR BELOW:   0    0.01 INCH OR MORE:   0
MAX 90 OR ABOVE:  22    0.10 INCH OR MORE:   0
MIN 32 OR BELOW:   0    0.50 INCH OR MORE:   0
MIN  0 OR BELOW:   0    1.00 INCH OR MORE:   0

[HDD (BASE 65) ]
TOTAL THIS MO.     0    CLEAR  (SCALE 0-3)  22
DPTR FM NORMAL     0    PTCLDY (SCALE 4-7)   0
TOTAL FM JUL 1     0    CLOUDY (SCALE 8-10)  0
DPTR FM NORMAL     0

[CDD (BASE 65) ]
TOTAL THIS MO.   597
DPTR FM NORMAL    21    [PRESSURE DATA]
TOTAL FM JAN 1  1834    HIGHEST SLP M ON M
DPTR FM NORMAL   177    LOWEST  SLP 29.63 ON 16

[REMARKS]
