000
CXUS52 KTAE 190800
CF6VLD
PRELIMINARY LOCAL CLIMATOLOGICAL DATA (WS FORM: F-6)

                                          STATION:   VALDOSTA
                                          MONTH:     FEBRUARY
                                          YEAR:      2017
                                          LATITUDE:   30 46 N
                                          LONGITUDE:  83 17 W

  TEMPERATURE IN F:       :PCPN:    SNOW:  WIND      :SUNSHINE: SKY     :PK WND
================================================================================
1   2   3   4   5  6A  6B    7    8   9   10  11  12  13   14  15   16   17  18
                                     12Z  AVG MX 2MIN
DY MAX MIN AVG DEP HDD CDD  WTR  SNW DPTH SPD SPD DIR MIN PSBL S-S WX    SPD DR
================================================================================

 1  74  43  59   7   6   0 0.00  0.0    0  2.5 10 200   M    M   4 12     14 220
 2  75  43  59   7   6   0 0.00  0.0    0  1.2  8 350   M    M   4 12     12 360
 3  79  47  63  11   2   0 0.00  0.0    0  3.2  9 350   M    M   6 12     18 350
 4  58  40  49  -3  16   0 0.00  0.0    0  8.1 20  10   M    M   8        23  10
 5  70  37  54   2  11   0 0.00  0.0    0  1.9 10 360   M    M   3 12     13 350
 6  77  44  61   9   4   0 0.00  0.0    0  1.9 12 170   M    M   1 1      14 170
 7  79  50  65  13   0   0 1.01  0.0    0  7.3 17 190   M    M   3 13     31 280
 8  78  54  66  13   0   1 0.05  0.0    0  6.1 13 250   M    M   6 13     17 200
 9  70  44  57   4   8   0 0.00  0.0    0  6.6 22 360   M    M   2        27 360
10  65  34  50  -3  15   0 0.00  0.0    0  4.7 13  50   M    M   0        17  10
11  79  42  61   8   4   0 0.00  0.0    0  6.1 14 200   M    M   0        21 190
12  81  63  72  18   0   7 0.00  0.0    0  3.6 10 240   M    M   9 1      17 240
13  75  49  62   8   3   0 0.00  0.0    0  3.2 15  10   M    M   0 1      19  30
14  79  44  62   8   3   0 0.00  0.0    0  4.1 13 180   M    M   2        17 200
15  80  52  66  12   0   1 0.03  0.0    0  7.5 17 280   M    M   6 1      30 240
16  66  37  52  -2  13   0 0.00  0.0    0  2.2 13 360   M    M   0        20  10
17  75  33  54  -1  11   0 0.00    M    0  1.7  8 290   M    M   0 1      14 280
18  68  48  58   3   7   0 0.09    M    0  2.7 17 150   M    M   3 18     21 140
================================================================================
SM 1328  804       109   9  1.18     0.0  74.6          M       57
================================================================================
AV 73.8 44.7                               4.1 FASTST   M    M   3    MAX(MPH)
                                 MISC ---->  # 22 360               # 31  280
================================================================================
NOTES:
# LAST OF SEVERAL OCCURRENCES

COLUMN 17 PEAK WIND IN M.P.H.

PRELIMINARY LOCAL CLIMATOLOGICAL DATA (WS FORM: F-6) , PAGE 2

                                          STATION:  VALDOSTA
                                          MONTH:    FEBRUARY
                                          YEAR:     2017
                                          LATITUDE:   30 46 N
                                          LONGITUDE:  83 17 W

[TEMPERATURE DATA]      [PRECIPITATION DATA]       SYMBOLS USED IN COLUMN 16

AVERAGE MONTHLY: 59.2   TOTAL FOR MONTH:   1.18    1 = FOG OR MIST
DPTR FM NORMAL:   6.1   DPTR FM NORMAL:   -0.81    2 = FOG REDUCING VISIBILITY
HIGHEST:    81 ON 12    GRTST 24HR  1.06 ON  7- 8      TO 1/4 MILE OR LESS
LOWEST:     33 ON 17                               3 = THUNDER
                        SNOW, ICE PELLETS, HAIL    4 = ICE PELLETS
                        TOTAL MONTH:   0.0 INCH    5 = HAIL
                        GRTST 24HR     0.0         6 = FREEZING RAIN OR DRIZZLE
                        GRTST DEPTH:   0           7 = DUSTSTORM OR SANDSTORM:
                                                       VSBY 1/2 MILE OR LESS
                                                   8 = SMOKE OR HAZE
[NO. OF DAYS WITH]      [WEATHER - DAYS WITH]      9 = BLOWING SNOW
                                                   X = TORNADO
MAX 32 OR BELOW:   0    0.01 INCH OR MORE:   4
MAX 90 OR ABOVE:   0    0.10 INCH OR MORE:   1
MIN 32 OR BELOW:   0    0.50 INCH OR MORE:   1
MIN  0 OR BELOW:   0    1.00 INCH OR MORE:   1

[HDD (BASE 65) ]
TOTAL THIS MO.   109    CLEAR  (SCALE 0-3)  11
DPTR FM NORMAL  -108    PTCLDY (SCALE 4-7)   6
TOTAL FM JUL 1   768    CLOUDY (SCALE 8-10)  1
DPTR FM NORMAL  -518

[CDD (BASE 65) ]
TOTAL THIS MO.     9
DPTR FM NORMAL     9    [PRESSURE DATA]
TOTAL FM JAN 1    29    HIGHEST SLP M ON M
DPTR FM NORMAL    27    LOWEST  SLP 29.67 ON 15

[REMARKS]
