000
CXUS52 KTAE 270800
CF6VLD
PRELIMINARY LOCAL CLIMATOLOGICAL DATA (WS FORM: F-6)

                                          STATION:   VALDOSTA
                                          MONTH:     AUGUST
                                          YEAR:      2016
                                          LATITUDE:   30 46 N
                                          LONGITUDE:  83 17 W

  TEMPERATURE IN F:       :PCPN:    SNOW:  WIND      :SUNSHINE: SKY     :PK WND
================================================================================
1   2   3   4   5  6A  6B    7    8   9   10  11  12  13   14  15   16   17  18
                                     12Z  AVG MX 2MIN
DY MAX MIN AVG DEP HDD CDD  WTR  SNW DPTH SPD SPD DIR MIN PSBL S-S WX    SPD DR
================================================================================

 1  91  72  82   0   0  17    T  0.0    0  3.0  9 240   M    M   2 13     17 220
 2  93  73  83   1   0  18 0.00  0.0    0  0.6  8 200   M    M   3        12 200
 3  95  74  85   3   0  20 0.00  0.0    0  2.3 14 180   M    M   2 3      16 180
 4  92  73  83   1   0  18 0.02  0.0    0  2.3 14 180   M    M   5 3      18 180
 5  88  76  82   0   0  17 0.04  0.0    0  4.9 12 190   M    M   5        17 190
 6  91  75  83   1   0  18 0.00  0.0    0  4.7 15 180   M    M   5        20 160
 7  92  73  83   1   0  18 0.00  0.0    0  4.2 12 120   M    M   6 18     15 140
 8  88  76  82   0   0  17 0.09  0.0    0  5.6 15 170   M    M   9 1      19 170
 9  82  75  79  -3   0  14 0.15  0.0    0 10.3 21 170   M    M   9 1      27 160
10  94  74  84   2   0  19 0.14  0.0    0  7.3 20 160   M    M   5 13     24 170
11   M   M   M   M   M   M    M  0.0    0  2.7  8 180   M    M   5 1       M  M
12  92  73  83   2   0  18    T  0.0    0  4.4 15 180   M    M   4 3      18 180
13  94  74  84   3   0  19    T  0.0    0  2.7 13 190   M    M   2 13     18 180
14  94  72  83   2   0  18 0.67  0.0    0  3.4 29 170   M    M   1 13     39 190
15  95  69  82   1   0  17 0.17  0.0    0  2.8 24 170   M    M   2 13     32 170
16  94  76  85   4   0  20 0.00  0.0    0  3.2 16 110   M    M   3 123    24  90
17  94  74  84   3   0  19 0.00  0.0    0  2.7  9 140   M    M   2        12 140
18  95  72  84   3   0  19    T  0.0    0  2.6 10  30   M    M   2        14 180
19  95  72  84   3   0  19 0.00  0.0    0  1.4  8 200   M    M   1        13 210
20  95  73  84   3   0  19    T  0.0    0  1.2  9 190   M    M   1        15 250
21  96  72  84   3   0  19 0.00  0.0    0  2.5  8 240   M    M   1        13 200
22  97  73  85   4   0  20 0.56  0.0    0  1.8 20  20   M    M   2 13     25  10
23  96  74  85   4   0  20 0.06  0.0    0  2.9 23  10   M    M   2 13     28 360
24  93  75  84   3   0  19 0.00  0.0    0  5.0 16  40   M    M   3 1      20  40
25  91  68  80  -1   0  15 0.00  0.0    0  5.6 17  20   M    M   1        23  10
26  93  73  83   2   0  18 0.01  0.0    0  4.9 15 110   M    M   3        20  60
================================================================================
SM 2320 1831         0 455  1.91     0.0  95.0          M       86
================================================================================
AV 92.8 73.2                               3.7 FASTST   M    M   3    MAX(MPH)
                                 MISC ---->  # 29 170               # 39  190
================================================================================
NOTES:
# LAST OF SEVERAL OCCURRENCES

COLUMN 17 PEAK WIND IN M.P.H.

PRELIMINARY LOCAL CLIMATOLOGICAL DATA (WS FORM: F-6) , PAGE 2

                                          STATION:  VALDOSTA
                                          MONTH:    AUGUST
                                          YEAR:     2016
                                          LATITUDE:   30 46 N
                                          LONGITUDE:  83 17 W

[TEMPERATURE DATA]      [PRECIPITATION DATA]       SYMBOLS USED IN COLUMN 16

AVERAGE MONTHLY: 83.0   TOTAL FOR MONTH:   1.91    1 = FOG OR MIST
DPTR FM NORMAL:   1.6   DPTR FM NORMAL:   -2.65    2 = FOG REDUCING VISIBILITY
HIGHEST:    97 ON 22    GRTST 24HR  0.84 ON 14-15      TO 1/4 MILE OR LESS
LOWEST:     68 ON 25                               3 = THUNDER
                        SNOW, ICE PELLETS, HAIL    4 = ICE PELLETS
                        TOTAL MONTH:   0.0 INCH    5 = HAIL
                        GRTST 24HR     0.0         6 = FREEZING RAIN OR DRIZZLE
                        GRTST DEPTH:   0           7 = DUSTSTORM OR SANDSTORM:
                                                       VSBY 1/2 MILE OR LESS
                                                   8 = SMOKE OR HAZE
[NO. OF DAYS WITH]      [WEATHER - DAYS WITH]      9 = BLOWING SNOW
                                                   X = TORNADO
MAX 32 OR BELOW:   0    0.01 INCH OR MORE:  10
MAX 90 OR ABOVE:  22    0.10 INCH OR MORE:   5
MIN 32 OR BELOW:   0    0.50 INCH OR MORE:   2
MIN  0 OR BELOW:   0    1.00 INCH OR MORE:   0

[HDD (BASE 65) ]
TOTAL THIS MO.     0    CLEAR  (SCALE 0-3)  15
DPTR FM NORMAL     0    PTCLDY (SCALE 4-7)   9
TOTAL FM JUL 1     0    CLOUDY (SCALE 8-10)  2
DPTR FM NORMAL     0

[CDD (BASE 65) ]
TOTAL THIS MO.   455
DPTR FM NORMAL    32    [PRESSURE DATA]
TOTAL FM JAN 1  2040    HIGHEST SLP M ON M
DPTR FM NORMAL   265    LOWEST  SLP 29.81 ON  8

[REMARKS]
