000
CXUS52 KTAE 160800
CF6VLD
PRELIMINARY LOCAL CLIMATOLOGICAL DATA (WS FORM: F-6)

                                          STATION:   VALDOSTA
                                          MONTH:     JANUARY
                                          YEAR:      2018
                                          LATITUDE:   30 46 N
                                          LONGITUDE:  83 17 W

  TEMPERATURE IN F:       :PCPN:    SNOW:  WIND      :SUNSHINE: SKY     :PK WND
================================================================================
1   2   3   4   5  6A  6B    7    8   9   10  11  12  13   14  15   16   17  18
                                     12Z  AVG MX 2MIN
DY MAX MIN AVG DEP HDD CDD  WTR  SNW DPTH SPD SPD DIR MIN PSBL S-S WX    SPD DR
================================================================================

 1  42  29  36 -15  29   0 0.01  0.0    0 12.9 20  10   M    M   8 1      26  30
 2  40  24  32 -18  33   0 0.00  0.0    0 10.2 18  40   M    M   0        24  40
 3  40  25  33 -17  32   0 0.90  0.6    0  5.0 14  10   M    M   6 14     17 360
 4  46  22  34 -16  31   0 0.00  0.0    0  3.8 12 300   M    M   0        19 300
 5  47  21  34 -16  31   0 0.00  0.0    0  1.1  8  20   M    M   0        12 360
 6  49  23  36 -14  29   0 0.00  0.0    0  4.0 14 360   M    M   0        21  10
 7  53  24  39 -11  26   0 0.00  0.0    0  6.1 14  80   M    M   0 1      20  60
 8  64  34  49  -1  16   0 0.00  0.0    0  4.8 10  80   M    M   3        14  80
 9  68  55  62  12   3   0 0.03  0.0    0  6.9 14  50   M    M   9 1      18  40
10  75  56  66  16   0   1 0.02  0.0    0  7.9 16 120   M    M   9 18     26 130
11  75  62  69  19   0   4 0.02  0.0    0  3.4  9 130   M    M   9 12     13 140
12  67  52  60  10   5   0 0.47  0.0    0  7.1 16 170   M    M   9 12     22 170
13  52  30  41  -9  24   0 0.00  0.0    0  7.9 17 330   M    M   4        23 330
14  51  26  39 -11  26   0 0.00  0.0    0  6.3 13  30   M    M   0        16  50
15  56  27  42  -8  23   0 0.00  0.0    0  5.1 14  30   M    M   0        18  50
================================================================================
SM  825  510       308   5  1.45     0.6  92.5          M       57
================================================================================
AV 55.0 34.0                               6.2 FASTST   M    M   4    MAX(MPH)
                                 MISC ---->  # 20  10               # 26   30
================================================================================
NOTES:
# LAST OF SEVERAL OCCURRENCES

COLUMN 17 PEAK WIND IN M.P.H.

PRELIMINARY LOCAL CLIMATOLOGICAL DATA (WS FORM: F-6) , PAGE 2

                                          STATION:  VALDOSTA
                                          MONTH:    JANUARY
                                          YEAR:     2018
                                          LATITUDE:   30 46 N
                                          LONGITUDE:  83 17 W

[TEMPERATURE DATA]      [PRECIPITATION DATA]       SYMBOLS USED IN COLUMN 16

AVERAGE MONTHLY: 44.5   TOTAL FOR MONTH:   1.45    1 = FOG OR MIST
DPTR FM NORMAL:  -5.6   DPTR FM NORMAL:   -1.09    2 = FOG REDUCING VISIBILITY
HIGHEST:    75 ON 11,10 GRTST 24HR  0.90 ON  3- 3      TO 1/4 MILE OR LESS
LOWEST:     21 ON  5                               3 = THUNDER
                        SNOW, ICE PELLETS, HAIL    4 = ICE PELLETS
                        TOTAL MONTH:   0.6 INCH    5 = HAIL
                        GRTST 24HR   0.6 ON  3- 3  6 = FREEZING RAIN OR DRIZZLE
                        GRTST DEPTH:   0           7 = DUSTSTORM OR SANDSTORM:
                                                       VSBY 1/2 MILE OR LESS
                                                   8 = SMOKE OR HAZE
[NO. OF DAYS WITH]      [WEATHER - DAYS WITH]      9 = BLOWING SNOW
                                                   X = TORNADO
MAX 32 OR BELOW:   0    0.01 INCH OR MORE:   6
MAX 90 OR ABOVE:   0    0.10 INCH OR MORE:   2
MIN 32 OR BELOW:  10    0.50 INCH OR MORE:   1
MIN  0 OR BELOW:   0    1.00 INCH OR MORE:   0

[HDD (BASE 65) ]
TOTAL THIS MO.   308    CLEAR  (SCALE 0-3)   8
DPTR FM NORMAL    83    PTCLDY (SCALE 4-7)   3
TOTAL FM JUL 1   891    CLOUDY (SCALE 8-10)  4
DPTR FM NORMAL    53

[CDD (BASE 65) ]
TOTAL THIS MO.     5
DPTR FM NORMAL     5    [PRESSURE DATA]
TOTAL FM JAN 1     5    HIGHEST SLP M ON M
DPTR FM NORMAL     5    LOWEST  SLP 29.72 ON 12

[REMARKS]
