000
CXUS55 KLBF 261200
CF6VTN
PRELIMINARY LOCAL CLIMATOLOGICAL DATA (WS FORM: F-6)

                                          STATION:   VALENTINE
                                          MONTH:     JULY
                                          YEAR:      2017
                                          LATITUDE:   42 52 N
                                          LONGITUDE: 100 33 W

  TEMPERATURE IN F:       :PCPN:    SNOW:  WIND      :SUNSHINE: SKY     :PK WND
================================================================================
1   2   3   4   5  6A  6B    7    8   9   10  11  12  13   14  15   16   17  18
                                     12Z  AVG MX 2MIN
DY MAX MIN AVG DEP HDD CDD  WTR  SNW DPTH SPD SPD DIR MIN PSBL S-S WX    SPD DR
================================================================================

 1  92  48  70  -2   0   5 0.00  0.0    0  3.9 15 300   M    M   0        23 300
 2  96  53  75   2   0  10 0.00  0.0    0  8.3 23 150   M    M   0        29  60
 3  95  63  79   6   0  14 0.10  0.0    0  8.5 23 280   M    M   1 3      29 280
 4  98  63  81   8   0  16 0.00  0.0    0  6.3 22 160   M    M   1        28 160
 5 103  65  84  11   0  19 0.00  0.0    0 10.3 23 190   M    M   0        30 170
 6 104  73  89  15   0  24 0.00  0.0    0 13.1 24 180   M    M   0        31 180
 7  94  69  82   8   0  17    T  0.0    0  8.3 23 300   M    M   2 3      34 280
 8  97  62  80   6   0  15 0.00  0.0    0  7.9 18 220   M    M   0        23 220
 9 109  59  84  10   0  19 0.00  0.0    0  8.0 25 330   M    M   0        34 340
10  94  68  81   7   0  16 0.00  0.0    0 10.2 17 110   M    M   1        22 110
11 105  69  87  13   0  22 0.00  0.0    0  8.9 22 190   M    M   0        27 180
12  89  64  77   2   0  12    T  0.0    0  9.2 25 360   M    M   3        34  10
13  93  60  77   2   0  12 0.00  0.0    0  8.1 16 170   M    M   1        22 170
14 101  64  83   8   0  18 0.00  0.0    0 10.0 17 200   M    M   1        24 210
15 102  67  85  10   0  20 0.00  0.0    0  8.9 20 260   M    M   0        23 270
16 102  66  84   9   0  19 0.00  0.0    0 10.8 23 170   M    M   0        30 140
17 101  68  85  10   0  20 0.00  0.0    0 11.8 25 170   M    M   0 3      32 170
18  93  72  83   8   0  18    T  0.0    0 10.2 24 180   M    M   2 3      29 230
19 112  69  91  16   0  26 0.00  0.0    0 10.6 25 240   M    M   0 38     32 250
20 100  72  86  11   0  21 0.01  0.0    0  9.1 28 250   M    M   2 3      35 250
21 104  71  88  13   0  23    T  0.0    0  7.3 22 340   M    M   1        33 330
22  98  65  82   7   0  17 0.00  0.0    0  6.1 13 150   M    M   0        15 280
23  95  57  76   1   0  11 0.00  0.0    0  7.4 17  70   M    M   0        20  70
24 106  66  86  11   0  21 0.00  0.0    0 16.0 31 190   M    M   1 3      40 200
25 107  68  88  13   0  23 0.21  0.0    0 11.2 32 300   M    M   1 3      44 300
================================================================================
SM 2490 1621         0 438  0.32     0.0 230.4          M       17
================================================================================
AV 99.6 64.8                               9.2 FASTST   M    M   1    MAX(MPH)
                                 MISC ---->  # 32 300               # 44  300
================================================================================
NOTES:
# LAST OF SEVERAL OCCURRENCES

COLUMN 17 PEAK WIND IN M.P.H.

PRELIMINARY LOCAL CLIMATOLOGICAL DATA (WS FORM: F-6) , PAGE 2

                                          STATION:  VALENTINE
                                          MONTH:    JULY
                                          YEAR:     2017
                                          LATITUDE:   42 52 N
                                          LONGITUDE: 100 33 W

[TEMPERATURE DATA]      [PRECIPITATION DATA]       SYMBOLS USED IN COLUMN 16

AVERAGE MONTHLY: 82.2   TOTAL FOR MONTH:   0.32    1 = FOG OR MIST
DPTR FM NORMAL:   7.9   DPTR FM NORMAL:   -2.31    2 = FOG REDUCING VISIBILITY
HIGHEST:   112 ON 19    GRTST 24HR  0.24 ON 30- 1      TO 1/4 MILE OR LESS
LOWEST:     48 ON  1                               3 = THUNDER
                        SNOW, ICE PELLETS, HAIL    4 = ICE PELLETS
                        TOTAL MONTH:   0.0 INCH    5 = HAIL
                        GRTST 24HR     0.0         6 = FREEZING RAIN OR DRIZZLE
                        GRTST DEPTH:   0           7 = DUSTSTORM OR SANDSTORM:
                                                       VSBY 1/2 MILE OR LESS
                                                   8 = SMOKE OR HAZE
[NO. OF DAYS WITH]      [WEATHER - DAYS WITH]      9 = BLOWING SNOW
                                                   X = TORNADO
MAX 32 OR BELOW:   0    0.01 INCH OR MORE:   3
MAX 90 OR ABOVE:  24    0.10 INCH OR MORE:   2
MIN 32 OR BELOW:   0    0.50 INCH OR MORE:   0
MIN  0 OR BELOW:   0    1.00 INCH OR MORE:   0

[HDD (BASE 65) ]
TOTAL THIS MO.     0    CLEAR  (SCALE 0-3)  25
DPTR FM NORMAL    -2    PTCLDY (SCALE 4-7)   0
TOTAL FM JUL 1     0    CLOUDY (SCALE 8-10)  0
DPTR FM NORMAL    -2

[CDD (BASE 65) ]
TOTAL THIS MO.   438
DPTR FM NORMAL   197    [PRESSURE DATA]
TOTAL FM JAN 1   657    HIGHEST SLP M ON M
DPTR FM NORMAL   245    LOWEST  SLP 29.67 ON 11

[REMARKS]
