770
CXUS56 KPQR 231200
CF6VUO
PRELIMINARY LOCAL CLIMATOLOGICAL DATA (WS FORM: F-6)

                                          STATION:   VANCOUVER WA
                                          MONTH:     AUGUST
                                          YEAR:      2017
                                          LATITUDE:   45 37 N
                                          LONGITUDE: 122 39 W

  TEMPERATURE IN F:       :PCPN:    SNOW:  WIND      :SUNSHINE: SKY     :PK WND
================================================================================
1   2   3   4   5  6A  6B    7    8   9   10  11  12  13   14  15   16   17  18
                                     12Z  AVG MX 2MIN
DY MAX MIN AVG DEP HDD CDD  WTR  SNW DPTH SPD SPD DIR MIN PSBL S-S WX    SPD DR
================================================================================

 1  96  58  77   7   0  12 0.00  0.0    0  6.0 17 300   M    M   0        23 310
 2 102  62  82  12   0  17 0.00  0.0    0  5.5 14 310   M    M   1 8      19 320
 3 105  63  84  14   0  19 0.00  0.0    0  3.8 12 250   M    M   3 8      16 280
 4  96  61  79   9   0  14 0.00  0.0    0  3.5 13 330   M    M   1 18     21 320
 5  89  56  73   3   0   8 0.00  0.0    0  3.5 10 270   M    M   0        15 270
 6  88  60  74   4   0   9 0.00  0.0    0  4.7 13 300   M    M   2        16 310
 7  89  63  76   6   0  11 0.00  0.0    0  5.7 14 300   M    M   2        18 310
 8  92  61  77   7   0  12 0.00  0.0    0  4.6 13 310   M    M   3 18     19 300
 9  94  62  78   8   0  13 0.00  0.0    0  4.3 13 310   M    M   1 18     20 300
10  90  62  76   6   0  11 0.00  0.0    0  4.8 10 300   M    M   1 18     15 280
11  85  62  74   4   0   9 0.00  0.0    0  4.5 12 320   M    M   0        14 310
12  80  59  70   0   0   5    T  0.0    0  3.4 13 310   M    M   5        16 310
13  75  59  67  -3   0   2 0.10  0.0    0  5.4 14 300   M    M   7 1      21 270
14  75  51  63  -7   2   0 0.00  0.0    0  4.2 12 300   M    M   2        16 290
15  82  52  67  -3   0   2 0.00  0.0    0  4.5 14 300   M    M   0        22 290
16  84  54  69   0   0   4 0.00  0.0    0  6.1 14 310   M    M   0        19 320
17  80  62  71   2   0   6 0.00  0.0    0  6.4 12 320   M    M   5        17 250
18  82  57  70   1   0   5 0.00    M    M  5.8 15 310   M    M   0 8      21 310
19  79  59  69   0   0   4 0.00  0.0    0  8.1 15 300   M    M   2        24 290
20  80  56  68  -1   0   3 0.00  0.0    0  6.2 16 310   M    M   0        24 300
21  90  60  75   6   0  10 0.00  0.0    0  5.1 16 300   M    M   0        21 300
22  87  60  74   5   0   9 0.00  0.0    0  3.1 12 340   M    M   0        16 320
================================================================================
SM 1920 1299         2 185  0.10     0.0 109.2          M       35
================================================================================
AV 87.3 59.1                               5.0 FASTST   M    M   2    MAX(MPH)
                                 MISC ---->  # 17 300               # 24  290
================================================================================
NOTES:
# LAST OF SEVERAL OCCURRENCES

COLUMN 17 PEAK WIND IN M.P.H.

PRELIMINARY LOCAL CLIMATOLOGICAL DATA (WS FORM: F-6) , PAGE 2

                                          STATION:  VANCOUVER WA
                                          MONTH:    AUGUST
                                          YEAR:     2017
                                          LATITUDE:   45 37 N
                                          LONGITUDE: 122 39 W

[TEMPERATURE DATA]      [PRECIPITATION DATA]       SYMBOLS USED IN COLUMN 16

AVERAGE MONTHLY: 73.2   TOTAL FOR MONTH:   0.10    1 = FOG OR MIST
DPTR FM NORMAL:   3.5   DPTR FM NORMAL:   -0.35    2 = FOG REDUCING VISIBILITY
HIGHEST:   105 ON  3    GRTST 24HR  0.10 ON 13-13      TO 1/4 MILE OR LESS
LOWEST:     51 ON 14                               3 = THUNDER
                        SNOW, ICE PELLETS, HAIL    4 = ICE PELLETS
                        TOTAL MONTH:   0.0 INCH    5 = HAIL
                        GRTST 24HR     0.0         6 = FREEZING RAIN OR DRIZZLE
                        GRTST DEPTH:   0           7 = DUSTSTORM OR SANDSTORM:
                                                       VSBY 1/2 MILE OR LESS
                                                   8 = SMOKE OR HAZE
[NO. OF DAYS WITH]      [WEATHER - DAYS WITH]      9 = BLOWING SNOW
                                                   X = TORNADO
MAX 32 OR BELOW:   0    0.01 INCH OR MORE:   1
MAX 90 OR ABOVE:   8    0.10 INCH OR MORE:   1
MIN 32 OR BELOW:   0    0.50 INCH OR MORE:   0
MIN  0 OR BELOW:   0    1.00 INCH OR MORE:   0

[HDD (BASE 65) ]
TOTAL THIS MO.     2    CLEAR  (SCALE 0-3)  19
DPTR FM NORMAL     2    PTCLDY (SCALE 4-7)   3
TOTAL FM JUL 1     3    CLOUDY (SCALE 8-10)  0
DPTR FM NORMAL   -17

[CDD (BASE 65) ]
TOTAL THIS MO.   185
DPTR FM NORMAL    78    [PRESSURE DATA]
TOTAL FM JAN 1   453    HIGHEST SLP M ON M
DPTR FM NORMAL   164    LOWEST  SLP 29.78 ON  4

[REMARKS]
