000
CXUS51 KAKQ 311010
CF6WAL
PRELIMINARY LOCAL CLIMATOLOGICAL DATA (WS FORM: F-6)

                                          STATION:   WALLOPS ISLAND VA
                                          MONTH:     AUGUST
                                          YEAR:      2015
                                          LATITUDE:   37 55 N
                                          LONGITUDE:  75 28 W

  TEMPERATURE IN F:       :PCPN:    SNOW:  WIND      :SUNSHINE: SKY     :PK WND
================================================================================
1   2   3   4   5  6A  6B    7    8   9   10  11  12  13   14  15   16   17  18
                                     12Z  AVG MX 2MIN
DY MAX MIN AVG DEP HDD CDD  WTR  SNW DPTH SPD SPD DIR MIN PSBL S-S WX    SPD DR
================================================================================

 1  90  71  81   4   0  16 0.00  0.0    0  9.6 21 190   M    M   0        25 200
 2  85  71  78   1   0  13    T  0.0    0  4.5 12  30   M    M   2        14 220
 3  87  68  78   1   0  13 0.00  0.0    0 11.5 23 200   M    M   1 1      28 190
 4  92  71  82   5   0  17 0.54  0.0    0 12.5 21 190   M    M   2 13     27 190
 5  89  73  81   5   0  16 0.02  0.0    0  5.4 17 200   M    M   3        21 210
 6  83  71  77   1   0  12 0.04  0.0    0  6.2 14  60   M    M   4 13     18  60
 7  77  72  75  -1   0  10 0.01  0.0    0 15.2 23  50   M    M   9 1      28  50
 8  78  64  71  -5   0   6 0.00  0.0    0 13.1 25  50   M    M   4        33  40
 9  80  63  72  -4   0   7 0.00  0.0    0  7.7 15  70   M    M   1        18  70
10  79  66  73  -3   0   8    T  0.0    0  5.2 12 180   M    M   8        14 170
11  85  68  77   1   0  12 1.95  0.0    0  9.4 23 310   M    M   6 13     32 310
12  84  67  76   0   0  11 0.00  0.0    0  7.1 16 290   M    M   2        21 300
13  82  66  74  -2   0   9 0.00  0.0    0  4.9 12 150   M    M   2        16 110
14  83  63  73  -3   0   8 0.00  0.0    0  3.5 12 140   M    M   1        15 150
15  83  62  73  -3   0   8 0.00  0.0    0  3.3 10 130   M    M   0        16 140
16  82  65  74  -2   0   9 0.00  0.0    0  4.1 12 160   M    M   0        14 140
17  84  66  75  -1   0  10 0.00  0.0    0  7.9 13 170   M    M   0         M  M
18  83  73  78   3   0  13 0.00  0.0    0  9.9 18 180   M    M   3        22 160
19  85  76  81   6   0  16 0.00  0.0    0 10.2 18 140   M    M   4        23 140
20  85  77  81   6   0  16 0.02  0.0    0 10.5 20 170   M    M   4 1      24 160
21  85  73  79   4   0  14 0.09  0.0    0  7.6 17 360   M    M   5 1      22  10
22  82  66  74  -1   0   9 0.00  0.0    0 10.2 20  60   M    M   1        22  70
23  85  62  74  -1   0   9 0.00  0.0    0  5.1 14  20   M    M   0        26 270
24  84  64  74  -1   0   9 0.00  0.0    0  7.8 16 180   M    M   1        21 170
25  87  73  80   5   0  15 0.00  0.0    0  6.7 14 200   M    M   6        18 200
26  83  66  75   1   0  10 0.00  0.0    0  7.3 13  70   M    M   4        16 120
27  81  64  73  -1   0   8 0.00  0.0    0  5.5 12 360   M    M   4        15 350
28  81  62  72  -2   0   7 0.00  0.0    0  6.2 13  70   M    M   1        17  70
29  82  59  71  -3   0   6 0.00  0.0    0  4.7 13 140   M    M   0        18 140
30  86  64  75   1   0  10 0.00  0.0    0  5.6 13 200   M    M   0        20 170
================================================================================
SM 2512 2026         0 327  2.67     0.0 228.4          M       78
================================================================================
AV 83.7 67.5                               7.6 FASTST   M    M   3    MAX(MPH)
                                 MISC ---->  # 25  50               # 33   40
================================================================================
NOTES:
# LAST OF SEVERAL OCCURRENCES

COLUMN 17 PEAK WIND IN M.P.H.

PRELIMINARY LOCAL CLIMATOLOGICAL DATA (WS FORM: F-6) , PAGE 2

                                          STATION:  WALLOPS ISLAND VA
                                          MONTH:    AUGUST
                                          YEAR:     2015
                                          LATITUDE:   37 55 N
                                          LONGITUDE:  75 28 W

[TEMPERATURE DATA]      [PRECIPITATION DATA]       SYMBOLS USED IN COLUMN 16

AVERAGE MONTHLY: 75.6   TOTAL FOR MONTH:   2.67    1 = FOG OR MIST
DPTR FM NORMAL:   0.1   DPTR FM NORMAL:   -1.41    2 = FOG REDUCING VISIBILITY
HIGHEST:    92 ON  4    GRTST 24HR  1.95 ON 11-11      TO 1/4 MILE OR LESS
LOWEST:     59 ON 29                               3 = THUNDER
                        SNOW, ICE PELLETS, HAIL    4 = ICE PELLETS
                        TOTAL MONTH:   0.0 INCH    5 = HAIL
                        GRTST 24HR     0.0         6 = FREEZING RAIN OR DRIZZLE
                        GRTST DEPTH:   0           7 = DUSTSTORM OR SANDSTORM:
                                                       VSBY 1/2 MILE OR LESS
                                                   8 = SMOKE OR HAZE
[NO. OF DAYS WITH]      [WEATHER - DAYS WITH]      9 = BLOWING SNOW
                                                   X = TORNADO
MAX 32 OR BELOW:   0    0.01 INCH OR MORE:   7
MAX 90 OR ABOVE:   2    0.10 INCH OR MORE:   2
MIN 32 OR BELOW:   0    0.50 INCH OR MORE:   2
MIN  0 OR BELOW:   0    1.00 INCH OR MORE:   1

[HDD (BASE 65) ]
TOTAL THIS MO.     0    CLEAR  (SCALE 0-3)  18
DPTR FM NORMAL     0    PTCLDY (SCALE 4-7)  11
TOTAL FM JUL 1     0    CLOUDY (SCALE 8-10)  1
DPTR FM NORMAL     0

[CDD (BASE 65) ]
TOTAL THIS MO.   327
DPTR FM NORMAL     9    [PRESSURE DATA]
TOTAL FM JAN 1  1165    HIGHEST SLP M ON M
DPTR FM NORMAL   173    LOWEST  SLP 29.78 ON  7

[REMARKS]
