000
CXUS51 KAKQ 241010
CF6WAL
PRELIMINARY LOCAL CLIMATOLOGICAL DATA (WS FORM: F-6)

                                          STATION:   WALLOPS ISLAND VA
                                          MONTH:     MARCH
                                          YEAR:      2017
                                          LATITUDE:   37 55 N
                                          LONGITUDE:  75 28 W

  TEMPERATURE IN F:       :PCPN:    SNOW:  WIND      :SUNSHINE: SKY     :PK WND
================================================================================
1   2   3   4   5  6A  6B    7    8   9   10  11  12  13   14  15   16   17  18
                                     12Z  AVG MX 2MIN
DY MAX MIN AVG DEP HDD CDD  WTR  SNW DPTH SPD SPD DIR MIN PSBL S-S WX    SPD DR
================================================================================

 1  79  54  67  26   0   2 0.07  0.0    0 15.6 31 200   M    M   6 1      44 210
 2  65  37  51   9  14   0 0.00  0.0    0 15.0 29 300   M    M   3        43 290
 3  44  30  37  -5  28   0    T    T    0  9.5 24 310   M    M   2 8      34 300
 4  42  24  33  -9  32   0 0.00  0.0    0 10.5 23 290   M    M   0        32 290
 5  39  20  30 -12  35   0 0.00  0.0    0  6.7 15 360   M    M   0        20  20
 6  48  22  35  -7  30   0 0.00  0.0    0  7.0 16 190   M    M   1        20 190
 7  63  45  54  11  11   0    T  0.0    0 14.9 23 200   M    M   5        32 200
 8  62  46  54  11  11   0 0.04  0.0    0 12.9 23 320   M    M   5 1      32 310
 9  70  50  60  17   5   0 0.00  0.0    0 10.7 22 240   M    M   0        30 240
10  59  32  46   3  19   0 0.04  0.0    0 12.8 24 320   M    M   4 1      37 330
11  40  26  33 -11  32   0 0.00  0.0    0 10.4 22 280   M    M   0        32 300
12  39  24  32 -12  33   0 0.00  0.0    0  6.5 20 300   M    M   0        25 310
13  47  25  36  -8  29   0 0.32  0.0    0 12.3 24  60   M    M   4 1      30  60
14  55  30  43  -1  22   0 1.16    M    0 19.2 36 120   M    M   9 1      53 120
15  34  24  29 -16  36   0 0.00  0.0    0 19.9 30 290   M    M   7        44 300
16  42  27  35 -10  30   0 0.00  0.0    0 13.0 25 290   M    M   1        34 310
17  49  28  39  -6  26   0 0.01    M    0  7.8 15 220   M    M   4        23 290
18  55  41  48   2  17   0 0.03    M    0  7.9 17  20   M    M   7 1      22  20
19  51  35  43  -3  22   0 0.12    M    0 12.9 25  40   M    M   7 1      32  40
20  53  33  43  -3  22   0 0.00  0.0    0  7.4 15 290   M    M   2        22 250
21  59  42  51   5  14   0 0.00  0.0    0  5.1 13  60   M    M   6 18     15  60
22  51  31  41  -6  24   0    T    M    0 11.5 26 320   M    M   3        39 300
23  41  25  33 -14  32   0 0.00  0.0    0  6.3 14 150   M    M   0        19 140
================================================================================
SM 1187  751       524   2  1.79    T    255.8          M       76
================================================================================
AV 51.6 32.7                              11.1 FASTST   M    M   3    MAX(MPH)
                                 MISC ---->  # 36 120               # 53  120
================================================================================
NOTES:
# LAST OF SEVERAL OCCURRENCES

COLUMN 17 PEAK WIND IN M.P.H.

PRELIMINARY LOCAL CLIMATOLOGICAL DATA (WS FORM: F-6) , PAGE 2

                                          STATION:  WALLOPS ISLAND VA
                                          MONTH:    MARCH
                                          YEAR:     2017
                                          LATITUDE:   37 55 N
                                          LONGITUDE:  75 28 W

[TEMPERATURE DATA]      [PRECIPITATION DATA]       SYMBOLS USED IN COLUMN 16

AVERAGE MONTHLY: 42.1   TOTAL FOR MONTH:   1.79    1 = FOG OR MIST
DPTR FM NORMAL:  -1.9   DPTR FM NORMAL:   -1.15    2 = FOG REDUCING VISIBILITY
HIGHEST:    79 ON  1    GRTST 24HR  1.16 ON 14-14      TO 1/4 MILE OR LESS
LOWEST:     20 ON  5                               3 = THUNDER
                        SNOW, ICE PELLETS, HAIL    4 = ICE PELLETS
                        TOTAL MONTH:    T          5 = HAIL
                        GRTST 24HR    T  ON  3- 3  6 = FREEZING RAIN OR DRIZZLE
                        GRTST DEPTH:   0           7 = DUSTSTORM OR SANDSTORM:
                                                       VSBY 1/2 MILE OR LESS
                                                   8 = SMOKE OR HAZE
[NO. OF DAYS WITH]      [WEATHER - DAYS WITH]      9 = BLOWING SNOW
                                                   X = TORNADO
MAX 32 OR BELOW:   0    0.01 INCH OR MORE:   8
MAX 90 OR ABOVE:   0    0.10 INCH OR MORE:   3
MIN 32 OR BELOW:  14    0.50 INCH OR MORE:   1
MIN  0 OR BELOW:   0    1.00 INCH OR MORE:   1

[HDD (BASE 65) ]
TOTAL THIS MO.   524    CLEAR  (SCALE 0-3)  11
DPTR FM NORMAL    39    PTCLDY (SCALE 4-7)  11
TOTAL FM JUL 1  3100    CLOUDY (SCALE 8-10)  1
DPTR FM NORMAL  -465

[CDD (BASE 65) ]
TOTAL THIS MO.     2
DPTR FM NORMAL     2    [PRESSURE DATA]
TOTAL FM JAN 1     2    HIGHEST SLP M ON M
DPTR FM NORMAL     2    LOWEST  SLP 29.31 ON 14

[REMARKS]
