000
CXUS55 KLOX 301655
CF6WJF
PRELIMINARY LOCAL CLIMATOLOGICAL DATA (WS FORM: F-6)

                                          STATION:   LANCASTER FOX FIELD CA
                                          MONTH:     AUGUST
                                          YEAR:      2016
                                          LATITUDE:   34 43 N
                                          LONGITUDE: 118 13 W

  TEMPERATURE IN F:       :PCPN:    SNOW:  WIND      :SUNSHINE: SKY     :PK WND
================================================================================
1   2   3   4   5  6A  6B    7    8   9   10  11  12  13   14  15   16   17  18
                                     12Z  AVG MX 2MIN
DY MAX MIN AVG DEP HDD CDD  WTR  SNW DPTH SPD SPD DIR MIN PSBL S-S WX    SPD DR
================================================================================

 1 102  74  88   5   0  23 0.00  0.0    0 16.2 28 240   M    M   0        35 240
 2 103  73  88   5   0  23 0.00  0.0    0 13.8 32 250   M    M   1        37 240
 3 102  74  88   5   0  23 0.00  0.0    0 14.3 28 230   M    M   0        34 240
 4 101  74  88   6   0  23 0.00  0.0    0 12.1 26 250   M    M   1        31 250
 5  99  65  82   0   0  17 0.00  0.0    0 11.6 23 250   M    M   0 8      30 240
 6  99  62  81  -1   0  16 0.00  0.0    0 10.0 24 250   M    M   0        31 250
 7 100  65  83   1   0  18 0.00  0.0    0 14.2 25 260   M    M   1        35 260
 8  99  63  81  -1   0  16 0.00  0.0    0 13.5 26 250   M    M   0        31 250
 9  91  67  79  -3   0  14 0.00  0.0    0 18.1 28 220   M    M   0        35 240
10  94  63  79  -3   0  14 0.00  0.0    0 14.2 25 230   M    M   0        34 240
11  98  55  77  -5   0  12 0.00  0.0    0  7.8 23 250   M    M   0        26 240
12  99  63  81  -1   0  16 0.00  0.0    0  9.0 20 260   M    M   1        25 240
13 106  68  87   5   0  22 0.00  0.0    0  8.8 22 240   M    M   3        27 240
14 105  69  87   6   0  22 0.00  0.0    0 12.0 29 250   M    M   2        35 250
15 104  69  87   6   0  22 0.00  0.0    0 13.5 25 240   M    M   2        33 210
16 101  59  80  -1   0  15 0.00  0.0    0 11.4 26 210   M    M   2        32 220
17 100  59  80  -1   0  15 0.00  0.0    0  8.6 24 240   M    M   1        29 240
18 100  61  81   0   0  16 0.00  0.0    0  9.9 24 220   M    M   1        35 220
19  98  60  79  -2   0  14 0.00  0.0    0  8.9 24 250   M    M   0        34 240
20  98  69  84   4   0  19 0.00  0.0    0 14.4 25 250   M    M   0        34 230
21  97  71  84   4   0  19 0.00  0.0    0 15.2 28 230   M    M   0        34 240
22  95  69  82   2   0  17 0.00  0.0    0 14.6 26 240   M    M   0        31 240
23  98  61  80   0   0  15 0.00  0.0    0 12.1 31 260   M    M   0        35 270
24 100  74  87   7   0  22 0.00  0.0    0 15.6 30 260   M    M   1        37 260
25  97  65  81   1   0  16 0.00  0.0    0 14.2 26 240   M    M   0        35 210
26  91  68  80   1   0  15 0.00  0.0    0 13.5 23 240   M    M   0        29 240
27  95  57  76  -3   0  11 0.00  0.0    0  9.2 24 240   M    M   0        28 240
28 101  62  82   3   0  17 0.00  0.0    0  8.1 25 260   M    M   0        29 260
29 104  63  84   5   0  19 0.00  0.0    0  8.3 30 260   M    M   0 8      35 250
================================================================================
SM 2877 1902         0 511  0.00     0.0 353.0          M       16
================================================================================
AV 99.2 65.6                              12.2 FASTST   M    M   1    MAX(MPH)
                                 MISC ---->  # 32 250               # 37  240
================================================================================
NOTES:
# LAST OF SEVERAL OCCURRENCES

COLUMN 17 PEAK WIND IN M.P.H.

PRELIMINARY LOCAL CLIMATOLOGICAL DATA (WS FORM: F-6) , PAGE 2

                                          STATION:  LANCASTER FOX FIELD CA
                                          MONTH:    AUGUST
                                          YEAR:     2016
                                          LATITUDE:   34 43 N
                                          LONGITUDE: 118 13 W

[TEMPERATURE DATA]      [PRECIPITATION DATA]       SYMBOLS USED IN COLUMN 16

AVERAGE MONTHLY: 82.4   TOTAL FOR MONTH:   0.00    1 = FOG OR MIST
DPTR FM NORMAL:   1.3   DPTR FM NORMAL:   -0.09    2 = FOG REDUCING VISIBILITY
HIGHEST:   106 ON 13    GRTST 24HR  0.00 ON 29-29      TO 1/4 MILE OR LESS
LOWEST:     55 ON 11                               3 = THUNDER
                        SNOW, ICE PELLETS, HAIL    4 = ICE PELLETS
                        TOTAL MONTH:   0.0 INCH    5 = HAIL
                        GRTST 24HR     0.0         6 = FREEZING RAIN OR DRIZZLE
                        GRTST DEPTH:   0           7 = DUSTSTORM OR SANDSTORM:
                                                       VSBY 1/2 MILE OR LESS
                                                   8 = SMOKE OR HAZE
[NO. OF DAYS WITH]      [WEATHER - DAYS WITH]      9 = BLOWING SNOW
                                                   X = TORNADO
MAX 32 OR BELOW:   0    0.01 INCH OR MORE:   0
MAX 90 OR ABOVE:  29    0.10 INCH OR MORE:   0
MIN 32 OR BELOW:   0    0.50 INCH OR MORE:   0
MIN  0 OR BELOW:   0    1.00 INCH OR MORE:   0

[HDD (BASE 65) ]
TOTAL THIS MO.     0    CLEAR  (SCALE 0-3)  29
DPTR FM NORMAL     0    PTCLDY (SCALE 4-7)   0
TOTAL FM JUL 1     0    CLOUDY (SCALE 8-10)  0
DPTR FM NORMAL     0

[CDD (BASE 65) ]
TOTAL THIS MO.   511
DPTR FM NORMAL    46    [PRESSURE DATA]
TOTAL FM JAN 1  1825    HIGHEST SLP M ON M
DPTR FM NORMAL   294    LOWEST  SLP 29.72 ON  7

[REMARKS]
