000
CXUS55 KRIW 290945
CF6WRL
PRELIMINARY LOCAL CLIMATOLOGICAL DATA (WS FORM: F-6)

                                          STATION:   WORLAND WY
                                          MONTH:     JULY
                                          YEAR:      2016
                                          LATITUDE:   43 58 N
                                          LONGITUDE: 107 57 W

  TEMPERATURE IN F:       :PCPN:    SNOW:  WIND      :SUNSHINE: SKY     :PK WND
================================================================================
1   2   3   4   5  6A  6B    7    8   9   10  11  12  13   14  15   16   17  18
                                     12Z  AVG MX 2MIN
DY MAX MIN AVG DEP HDD CDD  WTR  SNW DPTH SPD SPD DIR MIN PSBL S-S WX    SPD DR
================================================================================

 1  89  53  71   2   0   6 0.00  0.0    0  4.8 25  50   M    M   1        35  50
 2  90  55  73   3   0   8 0.00  0.0    0  7.5 28 230   M    M   0        34 240
 3  94  56  75   5   0  10    T  0.0    0  6.8 30 350   M    M   1        38  10
 4  92  54  73   3   0   8 0.02  0.0    0  5.2 31 350   M    M   1 3      43 240
 5  89  60  75   5   0  10 0.00  0.0    0  6.8 17 320   M    M   0        20 290
 6  86  58  72   1   0   7 0.00  0.0    0  6.7 26 340   M    M   0        34 350
 7  85  50  68  -3   0   3 0.00  0.0    0  6.2 18  90   M    M   0        25  90
 8  97  50  74   3   0   9 0.01  0.0    0  7.7 25 300   M    M   0 3      37 300
 9  97  52  75   4   0  10 0.00  0.0    0  6.4 26 240   M    M   0        34 230
10  85  56  71  -1   0   6 0.02  0.0    0 10.6 29 330   M    M   0 3      35 320
11  75  48  62 -10   3   0 0.00  0.0    0 10.9 25 340   M    M   1        30 340
12  85  42  64  -8   1   0    T  0.0    0  7.3 30 340   M    M   0        38 330
13  81  49  65  -7   0   0 0.00  0.0    0  6.3 16  40   M    M   1        22  40
14  90  46  68  -4   0   3 0.00  0.0    0  6.4 13  50   M    M   0        16  50
15  92  50  71  -1   0   6 0.01  0.0    0  6.9 17 120   M    M   0 3      23 140
16  87  50  69  -3   0   4 0.00  0.0    0  7.2 25 330   M    M   0        32 330
17  92  50  71  -2   0   6    T  0.0    0  6.9 32 270   M    M   0 38     44 260
18 100  51  76   3   0  11 0.00  0.0    0 10.4 36 200   M    M   0        43 190
19 101  66  84  11   0  19 0.00  0.0    0  8.8 20 220   M    M   0        26 170
20 102  58  80   7   0  15 0.00  0.0    0  7.7 25 210   M    M   0        33 190
21 102  54  78   5   0  13 0.00  0.0    0  6.7 20 160   M    M   0        26 160
22 102  61  82   9   0  17 0.00  0.0    0  6.8 35 270   M    M   0 8      47 280
23  90  60  75   2   0  10 0.00  0.0    0  5.8 13 300   M    M   0 8      16 340
24  92  53  73   0   0   8 0.00  0.0    0  5.5 12  10   M    M   0        15  20
25  97  51  74   1   0   9 0.00  0.0    0  3.7 13 170   M    M   0 8      16 110
26  95  62  79   6   0  14    T  0.0    0  7.6 30 340   M    M   1 38     38 330
27  92  57  75   2   0  10 0.02  0.0    0  5.7 23  10   M    M   0 3      30  20
28  86  59  73   0   0   8 0.07  0.0    0  6.5 35 330   M    M   1 3      46 340
================================================================================
SM 2565 1511         4 230  0.15     0.0 195.8          M        7
================================================================================
AV 91.6 54.0                               7.0 FASTST   M    M   0    MAX(MPH)
                                 MISC ---->  # 36 200               # 47  280
================================================================================
NOTES:
# LAST OF SEVERAL OCCURRENCES

COLUMN 17 PEAK WIND IN M.P.H.

PRELIMINARY LOCAL CLIMATOLOGICAL DATA (WS FORM: F-6) , PAGE 2

                                          STATION:  WORLAND WY
                                          MONTH:    JULY
                                          YEAR:     2016
                                          LATITUDE:   43 58 N
                                          LONGITUDE: 107 57 W

[TEMPERATURE DATA]      [PRECIPITATION DATA]       SYMBOLS USED IN COLUMN 16

AVERAGE MONTHLY: 72.8   TOTAL FOR MONTH:   0.15    1 = FOG OR MIST
DPTR FM NORMAL:   0.9   DPTR FM NORMAL:   -0.49    2 = FOG REDUCING VISIBILITY
HIGHEST:   102 ON 22,21 GRTST 24HR  0.09 ON 27-28      TO 1/4 MILE OR LESS
LOWEST:     42 ON 12                               3 = THUNDER
                        SNOW, ICE PELLETS, HAIL    4 = ICE PELLETS
                        TOTAL MONTH:   0.0 INCH    5 = HAIL
                        GRTST 24HR     0.0         6 = FREEZING RAIN OR DRIZZLE
                        GRTST DEPTH:   0           7 = DUSTSTORM OR SANDSTORM:
                                                       VSBY 1/2 MILE OR LESS
                                                   8 = SMOKE OR HAZE
[NO. OF DAYS WITH]      [WEATHER - DAYS WITH]      9 = BLOWING SNOW
                                                   X = TORNADO
MAX 32 OR BELOW:   0    0.01 INCH OR MORE:   6
MAX 90 OR ABOVE:  18    0.10 INCH OR MORE:   0
MIN 32 OR BELOW:   0    0.50 INCH OR MORE:   0
MIN  0 OR BELOW:   0    1.00 INCH OR MORE:   0

[HDD (BASE 65) ]
TOTAL THIS MO.     4    CLEAR  (SCALE 0-3)  28
DPTR FM NORMAL    -6    PTCLDY (SCALE 4-7)   0
TOTAL FM JUL 1     4    CLOUDY (SCALE 8-10)  0
DPTR FM NORMAL    -6

[CDD (BASE 65) ]
TOTAL THIS MO.   230
DPTR FM NORMAL    26    [PRESSURE DATA]
TOTAL FM JAN 1   427    HIGHEST SLP M ON M
DPTR FM NORMAL   127    LOWEST  SLP 29.78 ON 10

[REMARKS]
