422
CXUS56 KMTR 261000
CF6WVI
PRELIMINARY LOCAL CLIMATOLOGICAL DATA (WS FORM: F-6)

                                          STATION:   WATSONVILLE AIRPORT
                                          MONTH:     MARCH
                                          YEAR:      2017
                                          LATITUDE:   36 55 N
                                          LONGITUDE: 121 47 W

  TEMPERATURE IN F:       :PCPN:    SNOW:  WIND      :SUNSHINE: SKY     :PK WND
================================================================================
1   2   3   4   5  6A  6B    7    8   9   10  11  12  13   14  15   16   17  18
                                     12Z  AVG MX 2MIN
DY MAX MIN AVG DEP HDD CDD  WTR  SNW DPTH SPD SPD DIR MIN PSBL S-S WX    SPD DR
================================================================================

 1  65  36  51  -2  14   0 0.00  0.0    0  4.0  9 240   M    M   0        15  90
 2  72  34  53   0  12   0 0.00  0.0    0  2.9 10  90   M    M   0        14  60
 3  64  46  55   2  10   0 0.00  0.0    0  3.5 10 130   M    M   0        14 240
 4  60  44  52  -1  13   0 0.41  0.0    0  6.8 23 230   M    M   6 1      32 230
 5  55  38  47  -6  18   0 0.11    M    0  7.8 24 240   M    M   6 1      31 250
 6  56  37  47  -6  18   0 0.03    M    0  3.9 14 180   M    M   4 1      17 180
 7  64  36  50  -3  15   0 0.00  0.0    0  3.2 14 250   M    M   0        22  90
 8  68  42  55   2  10   0 0.00  0.0    0  2.7 10 210   M    M   0        11 210
 9  73  46  60   7   5   0 0.00  0.0    0  2.6 12 260   M    M   0        14 260
10  74  50  62   9   3   0 0.00  0.0    0  1.8  8 170   M    M   0        11 170
11  70  49  60   7   5   0 0.00  0.0    0  3.6 10 180   M    M   0        12 190
12  75  46  61   8   4   0 0.00  0.0    0  3.1  9 220   M    M   0        12 190
13  85  44  65  12   0   0 0.00  0.0    0  3.4 12  90   M    M   0        18  60
14  76  49  63  10   2   0 0.00  0.0    0  3.4 16 240   M    M   1 12     18 230
15  63  50  57   4   8   0 0.00  0.0    0  4.0 13 240   M    M   8 12     15 240
16  66  51  59   6   6   0 0.00  0.0    0  2.6 10 190   M    M   5        13 180
17  75  48  62   9   3   0 0.00  0.0    0  3.2 12 240   M    M   0        13 240
18  68  48  58   5   7   0 0.00  0.0    0  3.0 14 230   M    M   1        19 230
19  62  48  55   2  10   0 0.00  0.0    0  3.2 10 220   M    M   1        13 210
20  64  49  57   4   8   0 0.81    M    0  3.6 13 240   M    M   8 1      20 240
21  62  54  58   5   7   0 0.76  0.0    0  7.6 23 190   M    M   7 18     29 190
22  62  45  54   1  11   0 0.99    M    0  7.0 20 240   M    M   5 1      26 240
23  59  41  50  -4  15   0 0.00  0.0    0  3.7 13 230   M    M   3        18 260
24  55  47  51  -3  14   0 0.60  0.0    0  1.6  9 150   M    M   9 1      12 160
25  63  49  56   2   9   0 0.20  0.0    0  4.1 12 210   M    M   4 1      16 220
================================================================================
SM 1656 1127       227   0  3.91     0.0  96.3          M       68
================================================================================
AV 66.2 45.1                               3.9 FASTST   M    M   3    MAX(MPH)
                                 MISC ---->  # 24 240               # 32  230
================================================================================
NOTES:
# LAST OF SEVERAL OCCURRENCES

COLUMN 17 PEAK WIND IN M.P.H.

PRELIMINARY LOCAL CLIMATOLOGICAL DATA (WS FORM: F-6) , PAGE 2

                                          STATION:  WATSONVILLE AIRPORT
                                          MONTH:    MARCH
                                          YEAR:     2017
                                          LATITUDE:   36 55 N
                                          LONGITUDE: 121 47 W

[TEMPERATURE DATA]      [PRECIPITATION DATA]       SYMBOLS USED IN COLUMN 16

AVERAGE MONTHLY: 55.7   TOTAL FOR MONTH:   3.91    1 = FOG OR MIST
DPTR FM NORMAL:   2.5   DPTR FM NORMAL:    1.52    2 = FOG REDUCING VISIBILITY
HIGHEST:    85 ON 13    GRTST 24HR  0.99 ON 22-22      TO 1/4 MILE OR LESS
LOWEST:     34 ON  2                               3 = THUNDER
                        SNOW, ICE PELLETS, HAIL    4 = ICE PELLETS
                        TOTAL MONTH:   0.0 INCH    5 = HAIL
                        GRTST 24HR     0.0         6 = FREEZING RAIN OR DRIZZLE
                        GRTST DEPTH:   0           7 = DUSTSTORM OR SANDSTORM:
                                                       VSBY 1/2 MILE OR LESS
                                                   8 = SMOKE OR HAZE
[NO. OF DAYS WITH]      [WEATHER - DAYS WITH]      9 = BLOWING SNOW
                                                   X = TORNADO
MAX 32 OR BELOW:   0    0.01 INCH OR MORE:   8
MAX 90 OR ABOVE:   0    0.10 INCH OR MORE:   7
MIN 32 OR BELOW:   0    0.50 INCH OR MORE:   4
MIN  0 OR BELOW:   0    1.00 INCH OR MORE:   0

[HDD (BASE 65) ]
TOTAL THIS MO.   227    CLEAR  (SCALE 0-3)  15
DPTR FM NORMAL   -71    PTCLDY (SCALE 4-7)   8
TOTAL FM JUL 1  2186    CLOUDY (SCALE 8-10)  2
DPTR FM NORMAL   -90

[CDD (BASE 65) ]
TOTAL THIS MO.     0
DPTR FM NORMAL     0    [PRESSURE DATA]
TOTAL FM JAN 1     0    HIGHEST SLP M ON M
DPTR FM NORMAL     0    LOWEST  SLP 29.82 ON  5

[REMARKS]
