000
CXAK56 PAJK 231230
CF6YAK
PRELIMINARY LOCAL CLIMATOLOGICAL DATA (WS FORM: F-6)

                                          STATION:   YAKUTAT
                                          MONTH:     OCTOBER
                                          YEAR:      2017
                                          LATITUDE:   59 31 N
                                          LONGITUDE: 139 40 W

  TEMPERATURE IN F:       :PCPN:    SNOW:  WIND      :SUNSHINE: SKY     :PK WND
================================================================================
1   2   3   4   5  6A  6B    7    8   9   10  11  12  13   14  15   16   17  18
                                     12Z  AVG MX 2MIN
DY MAX MIN AVG DEP HDD CDD  WTR  SNW DPTH SPD SPD DIR MIN PSBL S-S WX    SPD DR
================================================================================

 1  58  33  46   1  19   0 0.00  0.0    0  0.8  8 350   M    M   5 1      11 320
 2  49  39  44  -1  21   0 1.69  0.0    0  8.4 17  90   M    M   8 1      29 120
 3  53  47  50   5  15   0 4.21  0.0    0  9.2 20 120   M    M  10 1      30 120
 4  53  50  52   7  13   0 1.19  0.0    M 12.2 25 120   M    M  10 1      37 120
 5  53  47  50   5  15   0 1.24  0.0    0  8.4 23  90   M    M   M 1      35 100
 6  51  39  45   1  20   0 0.45  0.0    0  5.3 16 230   M    M   M 1      25 220
 7  55  33  44   0  21   0 0.00  0.0    0  2.3 10 100   M    M   M 18     15   0
 8  52  44  48   4  17   0 1.66  0.0    0  9.9 26 130   M    M   M 18    398 120
 9  53  34  44   1  21   0 0.47  0.0    0  4.2 13  60   M    M   M 1      18 100
10  51  31  41  -2  24   0 0.00  0.0    0  0.8  6 120   M    M   M 1       7 100
11  54  30  42  -1  23   0 0.00  0.0    0  1.1  8 250   M    M   M 1      10 240
12  53  28  41  -2  24   0    T  0.0    0  1.5  8 240   M    M   5         9 230
13   M   M   M   M   M   M 0.00  0.0    0  7.0  9  80   M    M  10 1       M  M
14  49  41  45   3  20   0 0.61  0.0    0  6.3  8  50   M    M  10 1      25 130
15  47  39  43   1  22   0 0.86  0.0    0  5.9 17  60   M    M   9 1      29  60
16  44  37  41   0  24   0 0.45  0.0    0  4.0 12  80   M    M   9 1      17 100
17  44  35  40  -1  25   0 0.23  0.0    0  7.2  7  30   M    M   8        14 100
18  51  38  45   4  20   0 0.00  0.0    0  3.3  7  40   M    M   9        13  60
19  49  37  43   3  22   0 0.00  0.0    0  3.6  9  70   M    M  10 1      16  30
20  42  34  38  -2  27   0 0.23  0.1    0  4.5 13  80   M    M   9 1      17 100
21  49  29  39  -1  26   0 0.00  0.0    0  4.0  7  60   M    M   4 1      16  60
22  43  27  35  -4  30   0 0.46  0.0    0  1.2 16  60   M    M   2 1      19  60
================================================================================
SM 1053  772       449   0 13.75     0.1 111.1          M      118
================================================================================
AV 50.1 36.8                               5.0 FASTST   M    M   8    MAX(MPH)
                                 MISC ---->  # 26 130               #398  120
================================================================================
NOTES:
# LAST OF SEVERAL OCCURRENCES

COLUMN 17 PEAK WIND IN M.P.H.

PRELIMINARY LOCAL CLIMATOLOGICAL DATA (WS FORM: F-6) , PAGE 2

                                          STATION:  YAKUTAT
                                          MONTH:    OCTOBER
                                          YEAR:     2017
                                          LATITUDE:   59 31 N
                                          LONGITUDE: 139 40 W

[TEMPERATURE DATA]      [PRECIPITATION DATA]       SYMBOLS USED IN COLUMN 16

AVERAGE MONTHLY: 43.5   TOTAL FOR MONTH:  13.75    1 = FOG OR MIST
DPTR FM NORMAL:   0.9   DPTR FM NORMAL:   -2.90    2 = FOG REDUCING VISIBILITY
HIGHEST:    58 ON  1    GRTST 24HR  4.21 ON  3- 3      TO 1/4 MILE OR LESS
LOWEST:     27 ON 22                               3 = THUNDER
                        SNOW, ICE PELLETS, HAIL    4 = ICE PELLETS
                        TOTAL MONTH:   0.1 INCH    5 = HAIL
                        GRTST 24HR   0.1 ON 20-20  6 = FREEZING RAIN OR DRIZZLE
                        GRTST DEPTH:   0           7 = DUSTSTORM OR SANDSTORM:
                                                       VSBY 1/2 MILE OR LESS
                                                   8 = SMOKE OR HAZE
[NO. OF DAYS WITH]      [WEATHER - DAYS WITH]      9 = BLOWING SNOW
                                                   X = TORNADO
MAX 32 OR BELOW:   0    0.01 INCH OR MORE:  13
MAX 90 OR ABOVE:   0    0.10 INCH OR MORE:  13
MIN 32 OR BELOW:   5    0.50 INCH OR MORE:   7
MIN  0 OR BELOW:   0    1.00 INCH OR MORE:   5

[HDD (BASE 65) ]
TOTAL THIS MO.   449    CLEAR  (SCALE 0-3)   1
DPTR FM NORMAL   -45    PTCLDY (SCALE 4-7)   3
TOTAL FM JUL 1  1420    CLOUDY (SCALE 8-10) 11
DPTR FM NORMAL  -248

[CDD (BASE 65) ]
TOTAL THIS MO.     0
DPTR FM NORMAL     0    [PRESSURE DATA]
TOTAL FM JAN 1     0    HIGHEST SLP M ON M
DPTR FM NORMAL     0    LOWEST  SLP 28.83 ON M

[REMARKS]
